NOAA-Style Climate Reports

Select a Year or Month report
2018: Jan Feb Mar Apr May Jun Jul Aug Sep Oct Nov Dec
2017: Jan Feb Mar Apr May Jun Jul Aug Sep Oct Nov Dec
2016: Jan Feb Mar Apr May Jun Jul Aug Sep Oct Nov Dec
2015: Jan Feb Mar Apr May Jun Jul Aug Sep Oct Nov Dec
2014: Jan Feb Mar Apr May Jun Jul Aug Sep Oct Nov Dec
2013: Jan Feb Mar Apr May Jun Jul Aug Sep Oct Nov Dec

Report for 2017 June
                   Monthly Climatological Summary for Jun 2017

Name: GainesvilleTXWX   City: Gainesville   State: Texas
Elevation: 876 ft  Lat: N 33° 41' 02"   Lon: W 097° 10' 25"

                  Temperature (°F), Rain (in), Wind Speed (mph)

                                      Heat  Cool        Avg
    Mean                              Deg   Deg         Wind                 Dom
Day Temp  High   Time   Low    Time   Days  Days  Rain  Speed High   Time    Dir
----------------------------------------------------------------------------------
 1  72.8  84.1  12:12p  65.6   1:19p   0.0   7.8  1.08   2.9  27.0  12:44p    NE
 2  70.4  76.6   1:07p  66.8   3:22a   0.0   5.4  1.07   3.9  21.0   7:11p   ENE
 3  72.4  82.7   5:28p  66.7   6:06a   0.0   7.4  0.06   1.9  18.0   2:26a    SE
 4  74.2  85.8   5:36p  66.1   6:08a   0.0   9.2  0.01   1.4  10.0   2:21p   NNW
 5  72.5  80.0  12:37p  67.8   4:25a   0.0   7.5  1.31   2.4  21.0   1:03p     N
 6  78.6  90.7   4:52p  66.9   6:14a   0.0  13.7  0.00   4.8  20.0   3:52p   NNW
 7  75.9  86.5   4:04p  65.5   5:43a   0.0  10.9  0.00   3.6  14.0   2:27p   NNW
 8  74.6  85.6   4:23p  63.0   6:21a   0.1   9.8  0.00   2.8  14.0  10:30a     E
 9  71.8  79.3   5:56p  64.6   8:30a   0.0   6.8  0.05   7.4  24.0  12:08p   ESE
10  77.4  87.1   4:33p  68.4   3:44a   0.0  12.4  0.00   9.3  27.0   9:55a    SE
11  79.1  87.1   4:52p  72.0   6:22a   0.0  14.1  0.00   9.8  24.0  10:31a   SSE
12  80.8  89.1   5:24p  72.2   2:01a   0.0  15.8  0.00   8.1  24.0   4:42p   SSE
13  82.6  90.9   4:38p  74.6   6:42a   0.0  17.5  0.00  10.0  23.0  10:32a   SSE
14  82.8  91.4   5:24p  75.2   6:49a   0.0  17.8  0.00   9.5  25.0  11:56a     S
15  83.2  92.2   5:08p  74.2   6:11a   0.0  18.2  0.00   6.6  19.0   4:21p     S
16  84.8  94.8   5:11p  74.0   6:30a   0.0  19.8  0.00   6.6  18.0   3:20p   SSE
17  83.7  91.6   4:23p  76.6   6:20a   0.0  18.7  0.00   9.7  24.0   3:16p   SSE
18  81.0  92.1   4:44p  72.5  11:49p   0.0  16.0  0.00   7.0  21.0   9:30a   ESE
19  74.7  82.5   3:01p  66.0   4:26a   0.0   9.7  1.48   4.6  22.0   3:42a    NE
20  80.1  92.5   5:56p  69.8   6:23a   0.0  15.1  0.00   2.1  13.0   1:55p     E
21  79.5  90.5   3:21p  67.6   6:12a   0.0  14.5  0.00   2.7  17.0   6:50p   ENE
22  78.8  93.6   6:12p  68.0   6:36a   0.0  13.8  0.00   1.9  11.0   9:24a   NNE
23  84.4  96.0   3:50p  72.5   5:40a   0.0  19.4  0.00   5.2  27.0  11:10p     E
24  73.6  80.8  12:00a  66.1   5:47a   0.0   8.6  3.20   9.0  41.0   6:33a     E
----------------------------------------------------------------------------------
    77.9  96.0    23    63.0     8     0.1 309.9  8.26   5.5  41.0    24      SE

Max >=  80.0: 22
Max <=  32.0:  0
Min <=  32.0:  0
Min <=   0.0:  0
Max Rain: 3.20 on day 24
Days of Rain: 8 (>= 0.01 in)  5 (>= 0.10 in)  5 (>= 1.00 in)
Heat Base: 65.0  Cool Base: 65.0  Method: Integration