NOAA-Style Climate Reports

Select a Year or Month report
2018: Jan Feb Mar Apr May Jun Jul Aug Sep Oct Nov Dec
2017: Jan Feb Mar Apr May Jun Jul Aug Sep Oct Nov Dec
2016: Jan Feb Mar Apr May Jun Jul Aug Sep Oct Nov Dec
2015: Jan Feb Mar Apr May Jun Jul Aug Sep Oct Nov Dec
2014: Jan Feb Mar Apr May Jun Jul Aug Sep Oct Nov Dec
2013: Jan Feb Mar Apr May Jun Jul Aug Sep Oct Nov Dec

Report for 2017 May
                   Monthly Climatological Summary for May 2017

Name: GainesvilleTXWX   City: Gainesville   State: Texas
Elevation: 876 ft  Lat: N 33° 41' 02"   Lon: W 097° 10' 25"

                  Temperature (°F), Rain (in), Wind Speed (mph)

                                      Heat  Cool        Avg
    Mean                              Deg   Deg         Wind                 Dom
Day Temp  High   Time   Low    Time   Days  Days  Rain  Speed High   Time    Dir
----------------------------------------------------------------------------------
 1  60.6  81.1   5:47p  37.7   6:42a   8.7   4.4  0.00   1.1  13.0  12:07a   WSW
 2  70.0  84.7   3:38p  54.7   4:05a   2.8   7.8  0.00   4.0  19.0  11:41p   ESE
 3  65.0  73.6  12:00a  52.7  10:45p   2.0   2.0  0.02   8.2  28.0   3:30p    NW
 4  59.8  71.4   5:15p  48.7   6:46a   6.6   1.4  0.00   6.0  25.0   5:00p    NW
 5  63.7  77.7   4:40p  49.3   2:45a   5.4   4.1  0.00   1.9  25.0  12:11p    NW
 6  68.4  86.4   5:25p  49.9   6:45a   4.1   7.5  0.00   1.3  16.0  10:07a     S
 7  71.7  85.8   3:53p  55.4   6:10a   2.0   8.8  0.00   4.2  18.0  11:47a   ESE
 8  71.2  82.3   5:08p  59.4   6:48a   0.7   6.9  0.00   5.4  19.0   1:18p   ESE
 9  72.6  82.0   3:08p  64.2   2:44a   0.0   7.6  0.00   5.0  20.0   4:33p   ESE
10  73.0  77.4   5:27p  69.2   4:07a   0.0   7.9  0.00   7.6  21.0  11:12a   ESE
11  74.4  85.0   5:50p  61.7  11:58p   0.1   9.5  0.03   8.3  42.0   5:52a     S
12  65.8  76.3   3:00p  56.5   2:30a   2.3   3.1  0.00   5.2  22.0  12:18p    NW
13  68.3  83.0   5:42p  52.3   6:30a   3.2   6.5  0.00   1.9  11.0   1:47p    NE
14  73.1  88.7   5:53p  55.6   6:18a   2.0  10.2  0.00   5.5  18.0   9:51a   ESE
15  77.1  87.7   3:38p  66.0   6:04a   0.0  12.1  0.00   7.7  24.0   1:00p    SE
16  75.0  80.6   3:51p  68.1   6:35a   0.0  10.0  0.00  11.6  29.0   8:01p    SE
17  75.9  87.2   4:57p  62.4   3:56a   0.3  11.1  0.33   9.5  36.0   3:23a   SSE
18  80.1  90.8   4:13p  70.2  11:47p   0.0  15.1  0.00  11.1  27.0   2:37p    SE
19  74.3  82.7   5:15p  66.0  11:23a   0.0   9.3  0.13   6.2  23.0  10:42a   ESE
20  68.4  76.6   6:28p  59.5  11:59p   0.5   4.0  0.00   4.5  17.0   9:37a    NW
21  65.9  77.6   3:27p  53.2   6:11a   2.9   3.8  0.00   3.1  17.0   2:57p   NNE
22  68.0  77.1   3:26p  56.3   6:13a   1.6   4.6  0.00   2.4  12.0   8:48a     E
23  63.5  69.9  11:00a  55.2  10:48p   2.2   0.7  0.09   3.1  17.0   1:41p   WNW
24  64.2  78.6   6:59p  48.7   6:15a   4.8   4.0  0.00   3.2  18.0   1:52p   WNW
25  74.8  91.5   4:58p  56.9   4:19a   2.0  11.8  0.00   9.9  30.0   2:11p    SE
26  83.5  98.1   4:12p  72.2   6:23a   0.0  18.6  0.00  10.5  31.0  12:01p   SSE
27  83.8  95.6   3:31p  75.5   1:52a   0.0  18.8  0.00   9.9  24.0   2:47p    SE
28  73.8  82.4  12:14a  66.0   2:28a   0.0   8.8  1.63   6.3  30.0   1:24a     N
29  74.3  86.5   4:41p  60.9   6:56a   0.5   9.7  0.00   1.9  14.0   2:27p   NNE
30  75.5  88.1   4:21p  62.1   3:52a   0.4  10.9  0.00   1.8  14.0  11:21a    NE
31  77.3  89.7   3:58p  63.0   6:42a   0.2  12.5  0.00   3.1  15.0   4:57p   ESE
----------------------------------------------------------------------------------
    71.4  98.1    26    37.7     1    55.3 253.5  2.23   5.5  42.0    11      SE

Max >=  80.0: 21
Max <=  32.0:  0
Min <=  32.0:  0
Min <=   0.0:  0
Max Rain: 1.63 on day 28
Days of Rain: 6 (>= 0.01 in)  3 (>= 0.10 in)  1 (>= 1.00 in)
Heat Base: 65.0  Cool Base: 65.0  Method: Integration