NOAA-Style Climate Reports

Select a Year or Month report
2018: Jan Feb Mar Apr May Jun Jul Aug Sep Oct Nov Dec
2017: Jan Feb Mar Apr May Jun Jul Aug Sep Oct Nov Dec
2016: Jan Feb Mar Apr May Jun Jul Aug Sep Oct Nov Dec
2015: Jan Feb Mar Apr May Jun Jul Aug Sep Oct Nov Dec
2014: Jan Feb Mar Apr May Jun Jul Aug Sep Oct Nov Dec
2013: Jan Feb Mar Apr May Jun Jul Aug Sep Oct Nov Dec

Report for 2017 April
                   Monthly Climatological Summary for Apr 2017

Name: GainesvilleTXWX   City: Gainesville   State: Texas
Elevation: 876 ft  Lat: N 33° 41' 02"   Lon: W 097° 10' 25"

                  Temperature (°F), Rain (in), Wind Speed (mph)

                                      Heat  Cool        Avg
    Mean                              Deg   Deg         Wind                 Dom
Day Temp  High   Time   Low    Time   Days  Days  Rain  Speed High   Time    Dir
----------------------------------------------------------------------------------
 1  64.2  76.2   3:11p  53.3   7:11a   3.2   2.4  0.06   6.3  25.0   2:47p     E
 2  60.1  66.7   4:38p  57.1   4:57a   5.0   0.1  1.59   5.4  26.0   1:58p     N
 3  62.1  77.5   6:12p  48.5   7:12a   5.5   2.6  0.01   3.3  20.0   3:40a   SSW
 4  66.9  83.1   3:43p  52.2  11:57p   2.7   4.6  0.00   6.5  30.0   1:46p     S
 5  56.9  69.1   4:32p  47.0  11:59p   8.7   0.5  0.00   7.4  28.0   2:07a     W
 6  58.8  74.9   5:33p  41.1   4:50a   8.7   2.4  0.00   1.4  12.0   3:54p   WNW
 7  63.0  77.1   5:30p  50.8   6:53a   5.2   3.2  0.00   5.2  18.0   3:30p   ESE
 8  68.4  80.7   5:00p  57.1   1:17a   2.4   5.8  0.00  11.4  31.0   1:40p   SSE
 9  72.2  81.2   4:15p  63.9   3:18a   0.1   7.2  0.00  14.6  32.0   3:18p   SSE
10  68.3  71.7   5:50p  62.8  11:58p   0.1   3.4  0.02   7.7  30.0  12:52a    SE
11  64.3  75.9   4:46p  52.3   7:11a   3.2   2.6  0.00   6.4  21.0   9:36a     N
12  65.9  73.5   5:27p  59.7  11:46p   1.4   2.3  0.00   4.0  17.0  12:11p     E
13  68.6  77.6   4:22p  58.4   3:56a   1.6   5.3  0.00   5.5  20.0   4:22p    SE
14  70.6  78.3   4:33p  60.4   7:39a   0.5   6.1  0.00   7.7  21.0   9:12a    SE
15  70.5  80.1   3:57p  60.3   3:02a   0.6   6.1  0.00   7.4  21.0  11:45a    SE
16  70.8  77.7   1:48p  64.6   5:14a   0.0   5.8  0.00   6.4  22.0   9:06a    SE
17  62.9  67.4   7:18a  59.0  11:57p   2.4   0.3  1.43   3.9  23.0   7:17a   ENE
18  67.2  80.9   4:54p  57.2   7:22a   2.4   4.6  0.01   2.4  14.0   5:25p    SE
19  70.2  79.8   6:07p  62.6   4:16a   0.3   5.5  0.00   6.9  21.0   4:32p    SE
20  73.1  81.4   6:02p  66.5   5:01a   0.0   8.1  0.00   6.2  19.0   1:08a    SE
21  70.1  81.2   5:28p  55.1  11:57p   1.0   6.0  0.76   7.4  26.0  11:14p   ESE
22  53.7  59.7   7:01p  47.2  11:26p  11.3   0.0  0.00   8.3  25.0   2:59p    NW
23  57.4  71.1   5:30p  42.9   6:13a   9.0   1.4  0.00   3.1  18.0   2:40p   NNW
24  61.7  74.7   6:10p  44.6   6:41a   6.4   3.0  0.00   6.1  21.0  12:38p    SE
25  72.0  83.1   3:10p  60.5   6:33a   0.7   7.8  0.00  12.6  29.0   1:59p    SE
26  58.8  73.9  12:17a  45.2  11:57p   8.0   1.8  0.01   5.9  22.0   2:09p   WNW
27  58.3  72.6   4:48p  43.0   4:31a   8.3   1.7  0.00   6.2  23.0   4:55p   ESE
28  72.1  82.6   3:10p  62.2   2:37a   0.5   7.6  0.00   6.4  24.0   4:58a   ESE
29  69.5  82.9   1:09p  52.0   8:34p   3.3   7.7  0.02  10.1  31.0   3:16a     S
30  52.2  60.3   1:47p  43.9   6:29a  12.8   0.0  0.00  14.8  43.0  12:29p    SW
----------------------------------------------------------------------------------
    65.0  83.1     4    41.1     6   115.3 115.9  3.91   6.9  43.0    30      SE

Max >=  80.0: 10
Max <=  32.0:  0
Min <=  32.0:  0
Min <=   0.0:  0
Max Rain: 1.59 on day 2
Days of Rain: 9 (>= 0.01 in)  3 (>= 0.10 in)  2 (>= 1.00 in)
Heat Base: 65.0  Cool Base: 65.0  Method: Integration