NOAA-Style Climate Reports

Select a Year or Month report
2018: Jan Feb Mar Apr May Jun Jul Aug Sep Oct Nov Dec
2017: Jan Feb Mar Apr May Jun Jul Aug Sep Oct Nov Dec
2016: Jan Feb Mar Apr May Jun Jul Aug Sep Oct Nov Dec
2015: Jan Feb Mar Apr May Jun Jul Aug Sep Oct Nov Dec
2014: Jan Feb Mar Apr May Jun Jul Aug Sep Oct Nov Dec
2013: Jan Feb Mar Apr May Jun Jul Aug Sep Oct Nov Dec

Report for 2017 March
                   Monthly Climatological Summary for Mar 2017

Name: GainesvilleTXWX   City: Gainesville   State: Texas
Elevation: 876 ft  Lat: N 33° 41' 02"   Lon: W 097° 10' 25"

                  Temperature (°F), Rain (in), Wind Speed (mph)

                                      Heat  Cool        Avg
    Mean                              Deg   Deg         Wind                 Dom
Day Temp  High   Time   Low    Time   Days  Days  Rain  Speed High   Time    Dir
----------------------------------------------------------------------------------
 1  56.1  70.9  12:00a  44.7  11:50p   9.6   0.7  0.00   8.6  30.0  12:57p    NW
 2  50.3  66.6   4:07p  31.7   6:44a  14.7   0.1  0.00   1.6  13.0  10:16a     E
 3  53.0  68.4   3:03p  35.8   7:00a  12.5   0.5  0.00   3.3  19.0   2:48p    SE
 4  51.8  59.6   1:12p  42.8   4:10a  13.2   0.0  0.00   6.8  25.0   4:04p    SE
 5  55.8  61.9  11:57p  51.9  12:30a   9.2   0.0  0.03   8.4  21.0  10:03p   ESE
 6  70.9  80.7   4:06p  61.9  12:00a   0.5   6.4  0.00  14.6  39.0  11:52a   SSE
 7  59.4  70.8  12:00a  45.7  11:59p   6.4   0.7  0.00   8.3  31.0   3:57a   NNW
 8  57.5  74.2   3:58p  38.0   7:01a   9.4   2.0  0.00   4.7  26.0  11:10a    SE
 9  66.6  78.8   3:03p  54.3   6:56a   2.6   4.2  0.00   6.9  22.0   2:35p   SSE
10  59.8  62.8   4:57p  54.5   8:24a   5.2   0.0  0.00   6.4  24.0   8:15a     N
11  54.8  65.8   1:06p  41.3  11:21p  10.2   0.0  0.05   7.9  28.0   5:22p   NNE
12  44.0  51.0   6:54p  39.5   6:06a  20.1   0.0  0.00   5.0  21.0   3:25a    NE
13  48.9  58.2   4:00p  36.7  11:58p  16.1   0.0  0.01   6.4  30.0   4:48p    NW
14  45.1  62.8   5:47p  30.1   7:47a  19.6   0.0  0.00   2.4  18.0  11:41p    NE
15  48.2  61.6   6:05p  37.2   7:43a  16.8   0.0  0.00   7.0  20.0   1:49p    NE
16  59.2  70.9   5:37p  47.2  12:48a   6.6   0.8  0.00   8.9  28.0   5:47p    SE
17  69.7  77.7   3:40p  62.4   1:59a   0.2   4.9  0.00  10.5  26.0   4:46a    SE
18  69.4  81.1   4:56p  59.9   7:33a   0.7   5.1  0.00   4.1  16.0   2:19p   ESE
19  70.0  82.4   4:40p  58.2   8:02a   1.7   6.8  0.01   6.9  24.0   2:17p    SE
20  73.7  89.1   4:49p  61.6   7:34a   0.5   9.2  0.00  10.7  29.0   2:49p   SSE
21  72.9  84.8   5:05p  61.2   7:11a   0.4   8.3  0.00   8.6  22.0  11:19a   SSE
22  65.9  72.5   3:02p  55.7   7:28a   1.7   2.6  0.00   6.4  19.0  10:27p   ENE
23  71.5  82.5   3:56p  61.0   7:00a   0.6   7.1  0.00  13.7  35.0  10:54p    SE
24  68.3  79.8   5:28p  59.3  10:44a   0.6   3.9  0.05  12.6  38.0  12:05a   SSE
25  57.6  67.3   5:29p  50.1   7:07a   7.6   0.2  0.00   6.1  27.0   3:11a   WSW
26  62.5  79.5   4:34p  46.5   7:12a   6.4   3.9  0.06   6.7  26.0  10:30a    SE
27  62.0  74.7   5:22p  50.8   6:41a   4.7   1.7  0.00   4.0  17.0  10:07a    NW
28  64.5  74.8  10:48p  53.8   1:47a   4.3   3.8  0.00   7.4  29.0  11:50p   ENE
29  63.8  76.2   3:19p  50.4  11:55p   4.4   3.2  0.29   9.1  34.0   2:49a     S
30  59.3  73.2   6:58p  48.0   7:33a   7.2   1.5  0.00   6.2  22.0  12:15p   WSW
31  64.2  82.0   5:27p  48.2   5:25a   5.7   4.9  0.00   5.4  20.0   6:22p   ENE
----------------------------------------------------------------------------------
    60.5  89.1    20    30.1    14   219.4  82.5  0.50   7.3  39.0     6     ESE

Max >=  80.0:  7
Max <=  32.0:  0
Min <=  32.0:  2
Min <=   0.0:  0
Max Rain: 0.29 on day 29
Days of Rain: 7 (>= 0.01 in)  1 (>= 0.10 in)  0 (>= 1.00 in)
Heat Base: 65.0  Cool Base: 65.0  Method: Integration