NOAA-Style Climate Reports

Select a Year or Month report
2018: Jan Feb Mar Apr May Jun Jul Aug Sep Oct Nov Dec
2017: Jan Feb Mar Apr May Jun Jul Aug Sep Oct Nov Dec
2016: Jan Feb Mar Apr May Jun Jul Aug Sep Oct Nov Dec
2015: Jan Feb Mar Apr May Jun Jul Aug Sep Oct Nov Dec
2014: Jan Feb Mar Apr May Jun Jul Aug Sep Oct Nov Dec
2013: Jan Feb Mar Apr May Jun Jul Aug Sep Oct Nov Dec

Report for 2017 February
                   Monthly Climatological Summary for Feb 2017

Name: GainesvilleTXWX   City: Gainesville   State: Texas
Elevation: 876 ft  Lat: N 33° 41' 02"   Lon: W 097° 10' 25"

                  Temperature (°F), Rain (in), Wind Speed (mph)

                                      Heat  Cool        Avg
    Mean                              Deg   Deg         Wind                 Dom
Day Temp  High   Time   Low    Time   Days  Days  Rain  Speed High   Time    Dir
----------------------------------------------------------------------------------
 1  56.8  75.1   4:35p  43.0   7:24a   9.7   1.5  0.00   5.0  19.0  10:57p     N
 2  40.4  48.0  12:00a  38.0  11:22p  24.6   0.0  0.00  10.9  29.0   1:12a   NNW
 3  40.4  49.9   4:16p  35.9   6:05a  24.6   0.0  0.00   5.9  17.0   3:45p     N
 4  46.0  51.4   5:01p  39.2  12:26a  19.0   0.0  0.00   6.8  23.0   1:34p    SE
 5  55.4  69.2   5:26p  47.9   2:22a  10.0   0.4  0.00   5.2  14.0  12:28a   ESE
 6  67.7  81.2   2:59p  52.7  12:05a   2.6   5.3  0.01   9.9  29.0  11:47a   SSE
 7  64.0  77.2   3:21p  52.0   7:36a   3.6   2.6  0.00   3.5  18.0   9:07a   SSW
 8  50.7  58.4   3:43p  38.0  11:18p  14.3   0.0  0.00   8.0  29.0  12:49p    NW
 9  42.6  57.4   3:41p  29.1   6:44a  22.4   0.0  0.00   5.1  16.0  12:33a    NE
10  58.3  75.2   3:43p  41.3   5:01a   8.8   2.1  0.00  10.8  31.0   2:54p   SSE
11  69.5  85.9   3:39p  56.5   7:03a   1.8   6.4  0.00  10.1  24.0  10:29a   SSE
12  61.1  68.4   2:41p  54.0  11:55p   4.2   0.3  0.00  12.6  35.0  11:15a     N
13  53.3  59.1   1:11p  44.9  11:48p  11.8   0.0  0.22   8.2  21.0   9:55p   NNE
14  42.1  44.9  12:00a  38.7   6:38p  22.9   0.0  0.97   6.7  25.0   5:45p   NNW
15  45.1  56.9   3:30p  35.8   6:57a  19.9   0.0  0.00   4.8  19.0  12:33p    NW
16  48.7  67.0   4:25p  31.4   5:18a  16.4   0.2  0.00   3.6  15.0   9:46a     S
17  54.8  68.5   3:44p  42.0   5:33a  10.6   0.4  0.00   6.6  24.0  12:23p    SE
18  61.5  72.7   3:26p  52.8  12:05a   5.0   1.5  0.00   4.8  13.0   9:48p     E
19  63.7  70.1   5:04p  54.5   2:01a   2.9   1.6  0.27   7.0  27.0  11:43p     E
20  57.9  66.3   5:00p  52.1  11:02p   7.1   0.1  0.48   5.5  29.0  12:41a   SSE
21  59.4  74.0   4:38p  47.8   6:54a   7.5   1.9  0.00   3.3  20.0  12:12p    NW
22  62.4  81.4   4:11p  43.9   7:19a   6.8   4.3  0.00   4.0  19.0   2:41p    SE
23  67.0  85.6   3:14p  49.6   7:06a   4.4   6.4  0.00   6.9  25.0   4:02p    SE
24  51.2  69.4  12:00a  40.1  11:58p  13.9   0.1  0.00   6.8  25.0   3:19a    NW
25  39.8  53.0   4:47p  28.8   7:05a  24.8   0.0  0.00   4.1  22.0   1:00a   NNW
26  50.0  63.3   3:22p  35.5  12:38a  15.0   0.0  0.00   5.5  25.0   9:13a    SE
27  62.8  75.2   4:40p  52.9  12:00a   4.3   2.1  0.01   5.0  23.0   3:09p    SE
28  69.6  75.7   3:34p  62.9  12:02a   0.2   4.8  0.00   9.3  25.0  11:41a   SSE
----------------------------------------------------------------------------------
    55.1  85.9    11    28.8    25   319.1  42.0  1.96   6.6  35.0    12       E

Max >=  80.0:  4
Max <=  32.0:  0
Min <=  32.0:  3
Min <=   0.0:  0
Max Rain: 0.97 on day 14
Days of Rain: 6 (>= 0.01 in)  4 (>= 0.10 in)  0 (>= 1.00 in)
Heat Base: 65.0  Cool Base: 65.0  Method: Integration