NOAA-Style Climate Reports

Select a Year or Month report
2018: Jan Feb Mar Apr May Jun Jul Aug Sep Oct Nov Dec
2017: Jan Feb Mar Apr May Jun Jul Aug Sep Oct Nov Dec
2016: Jan Feb Mar Apr May Jun Jul Aug Sep Oct Nov Dec
2015: Jan Feb Mar Apr May Jun Jul Aug Sep Oct Nov Dec
2014: Jan Feb Mar Apr May Jun Jul Aug Sep Oct Nov Dec
2013: Jan Feb Mar Apr May Jun Jul Aug Sep Oct Nov Dec

Report for 2017 January
                   Monthly Climatological Summary for Jan 2017

Name: GainesvilleTXWX   City: Gainesville   State: Texas
Elevation: 876 ft  Lat: N 33° 41' 02"   Lon: W 097° 10' 25"

                  Temperature (°F), Rain (in), Wind Speed (mph)

                                      Heat  Cool        Avg
    Mean                              Deg   Deg         Wind                 Dom
Day Temp  High   Time   Low    Time   Days  Days  Rain  Speed High   Time    Dir
----------------------------------------------------------------------------------
 1  52.0  64.8   3:02p  38.8   1:49a  13.0   0.0  0.03   3.3  11.0   8:10a     E
 2  59.6  70.0   3:11p  51.2  10:32p   6.0   0.6  0.23   4.1  17.0   5:38a     S
 3  43.3  56.4  12:12a  30.7  11:58p  21.7   0.0  0.00   6.5  21.0  11:23a    NW
 4  29.9  38.2   3:37p  26.1   6:29a  35.1   0.0  0.00   3.8  17.0   5:30a   NNW
 5  28.0  32.2  12:00p  22.5  11:49p  37.0   0.0  0.00   9.6  26.0  11:17a   NNW
 6  18.1  22.9   2:20a  10.1  11:55p  46.9   0.0  0.00   8.6  24.0   4:02a   NNW
 7  21.6  40.4   4:32p   4.2   6:31a  43.3   0.0  0.00   1.0   9.0   2:33p     W
 8  32.3  46.0   4:09p  18.9   6:50a  32.7   0.0  0.00   5.2  25.0   2:16p    SE
 9  49.3  65.4   3:55p  34.5   1:31a  15.7   0.0  0.00  12.5  31.0   1:28p   SSE
10  62.1  74.6   3:04p  48.5  11:59p   5.1   2.2  0.00   8.0  31.0  12:05a     S
11  62.6  77.1   4:05p  45.8   1:21a   5.5   3.1  0.00  10.3  31.0   1:46p   SSE
12  52.2  65.9  12:04a  41.0   8:43p  12.9   0.0  0.00   9.0  22.0  12:05a   NNW
13  39.1  43.3   2:20a  35.4  11:51p  25.9   0.0  0.23   7.2  18.0  11:21a   NNW
14  37.2  40.1   4:55p  34.3   5:36a  27.8   0.0  0.02   5.8  14.0  11:22a   NNW
15  45.2  61.6   8:44p  38.0   2:53a  19.8   0.0  1.90   5.4  31.0   9:04p     N
16  49.0  59.0   4:11p  42.3  11:01p  16.0   0.0  0.00   4.0  16.0  12:38p    SW
17  43.4  51.4   3:04p  34.2   7:28a  21.6   0.0  0.22   1.6  17.0   9:44a   NNW
18  47.8  55.1   3:31p  43.7   5:17a  17.2   0.0  0.04   2.3  14.0  12:28a   NNW
19  50.5  63.6   3:00p  40.9   2:25a  14.5   0.0  0.01   5.5  19.0  11:34a    SE
20  56.2  72.9   3:50p  40.4   7:32a  10.4   1.6  0.00   5.8  29.0  11:27a   SSW
21  54.7  68.7   3:35p  43.5   5:05a  10.6   0.2  0.00   2.9  15.0  11:15a    SE
22  52.5  62.3   2:21p  44.5   5:41a  12.5   0.0  0.00   6.3  30.0   4:34p   WNW
23  48.9  63.6   3:57p  33.7   6:45a  16.1   0.0  0.00   3.3  17.0   3:12p    SE
24  59.8  75.3   1:28p  46.0   5:10a   7.3   2.0  0.00   6.0  24.0  10:43a   SSE
25  44.1  57.8  12:00a  32.6  11:31p  20.9   0.0  0.00   4.2  20.0   9:34a   WNW
26  37.2  49.9   3:28p  26.8   7:33a  27.8   0.0  0.00   2.4  20.0  11:49a    NW
27  38.9  53.0   3:04p  25.7   6:09a  26.1   0.0  0.00   2.6  20.0   1:44p   WNW
28  41.5  55.1   3:24p  29.5   7:30a  23.5   0.0  0.00   4.2  24.0  12:57p   WSW
29  50.8  65.4   4:29p  37.6   7:09a  14.2   0.0  0.00   4.8  23.0   1:58p   WSW
30  56.4  74.6   2:57p  39.8   7:40a  10.6   2.0  0.00   1.8  15.0   3:54p    SW
31  56.8  78.4   3:05p  38.7   6:26a  11.1   2.9  0.00   4.9  20.0   2:27p     S
----------------------------------------------------------------------------------
    45.8  78.4    31     4.2     7   608.8  14.6  2.68   5.3  31.0     9       W

Max >=  80.0:  0
Max <=  32.0:  1
Min <=  32.0:  9
Min <=   0.0:  0
Max Rain: 1.90 on day 15
Days of Rain: 8 (>= 0.01 in)  4 (>= 0.10 in)  1 (>= 1.00 in)
Heat Base: 65.0  Cool Base: 65.0  Method: Integration