NOAA-Style Climate Reports

Select a Year or Month report
2018: Jan Feb Mar Apr May Jun Jul Aug Sep Oct Nov Dec
2017: Jan Feb Mar Apr May Jun Jul Aug Sep Oct Nov Dec
2016: Jan Feb Mar Apr May Jun Jul Aug Sep Oct Nov Dec
2015: Jan Feb Mar Apr May Jun Jul Aug Sep Oct Nov Dec
2014: Jan Feb Mar Apr May Jun Jul Aug Sep Oct Nov Dec
2013: Jan Feb Mar Apr May Jun Jul Aug Sep Oct Nov Dec

Report for 2017
                   Annual Climatological Summary for 2017

Name: GainesvilleTXWX   City: Gainesville   State: Texas
Elevation: 876 ft  Lat: N 33° 41' 02"   Lon: W 097° 10' 25"

                  Temperature (°F), Heat Base: 65.0  Cool Base: 65.0
                          Dep.  Heat  Cool                       Max  Max  Min  Min
        Mean  Mean        From  Deg   Deg                        >=   <=   <=   <=
 YR MO  Max   Min   Mean  Norm  Days  Days  Hi  Date  Low  Date 80.0 32.0 32.0   0.0
------------------------------------------------------------------------------------
 17  1  58.2  34.8  45.8   0.0   608    14  78.4  31   4.2    7    0    1    9    0
 17  2  67.2  44.3  55.1   0.0   319    41  85.9  11  28.8   25    4    0    3    0
 17  3  72.3  49.0  60.5   0.0   219    82  89.1  20  30.1   14    7    0    2    0
 17  4  75.8  54.4  65.0   0.0   115   115  83.1   4  41.1    6   10    0    0    0
 17  5  83.1  59.0  71.4   0.0    55   253  98.1  26  37.7    1   21    0    0    0
 17  6  87.6  69.3  78.1   0.0     0   392  96.0  23  63.0    8   28    0    0    0
 17  7  41.2  29.7  36.5   0.0     0   199 102.0  28   0.0   13   13   16   17   17
 17  8
 17  9
 17 10
 17 11
 17 12
------------------------------------------------------------------------------------
        69.3  48.7  58.9   0.0  1317  1099 102.0 Jul   0.0  Jul   83   17   31   17

                                Precipitation (in)

              Dep.   Max        Days of Rain
              From   Obs.           >=
 YR MO Total  Norm   Day Date 0.01 0.10 1.00
---------------------------------------------
 17  1  2.68   0.0  1.90  15     8    4    1
 17  2  1.96   0.0  0.97  14     6    4    0
 17  3  0.50   0.0  0.29  29     7    1    0
 17  4  3.91   0.0  1.59   2     9    3    2
 17  5  2.23   0.0  1.63  28     6    3    1
 17  6  8.63   0.0  3.20  24     9    6    5
 17  7  2.40   0.0  0.58  23     7    6    0
 17  8
 17  9
 17 10
 17 11
 17 12
---------------------------------------------
       22.31   0.0  3.20  Jun   52   27    9

                                Wind Speed (mph)
                          Dom
 YR MO   Avg.  Hi   Date  Dir
------------------------------
 17  1   5.3  31.0    9   WSW
 17  2   6.6  35.0   12   ESE
 17  3   7.3  39.0    6    SE
 17  4   6.9  43.0   30    SE
 17  5   5.5  42.0   11    SE
 17  6   6.0  58.0   30   SSE
 17  7   5.7  39.0    4   SSE
 17  8
 17  9
 17 10
 17 11
 17 12
------------------------------
         6.2  58.0  Jun    SE