NOAA-Style Climate Reports

Select a Year or Month report
2018: Jan Feb Mar Apr May Jun Jul Aug Sep Oct Nov Dec
2017: Jan Feb Mar Apr May Jun Jul Aug Sep Oct Nov Dec
2016: Jan Feb Mar Apr May Jun Jul Aug Sep Oct Nov Dec
2015: Jan Feb Mar Apr May Jun Jul Aug Sep Oct Nov Dec
2014: Jan Feb Mar Apr May Jun Jul Aug Sep Oct Nov Dec
2013: Jan Feb Mar Apr May Jun Jul Aug Sep Oct Nov Dec

Report for 2016 December
                   Monthly Climatological Summary for Dec 2016

Name: GainesvilleTXWX   City: Gainesville   State: Texas
Elevation: 876 ft  Lat: N 33° 41' 02"   Lon: W 097° 10' 25"

                  Temperature (°F), Rain (in), Wind Speed (mph)

                                      Heat  Cool        Avg
    Mean                              Deg   Deg         Wind                 Dom
Day Temp  High   Time   Low    Time   Days  Days  Rain  Speed High   Time    Dir
----------------------------------------------------------------------------------
 1  46.9  63.5   2:57p  33.6   5:00a  18.1   0.0  0.00   3.3  20.0  11:54a    SE
 2  51.0  63.2   2:09p  41.8   7:41a  14.0   0.0  0.12   2.8  14.0   6:20p   ENE
 3  46.1  48.4   4:25a  44.7   8:22p  18.9   0.0  0.41   5.4  18.0   9:25a   NNE
 4  45.8  50.1   2:37p  40.9  11:58p  19.2   0.0  0.05   2.7  12.0  10:08a   NNW
 5  44.1  49.6   1:56p  35.2   6:20a  20.9   0.0  0.01   1.7  12.0   9:54a   ESE
 6  45.4  49.5   2:59p  35.6  11:35p  19.6   0.0  0.01   4.7  21.0  10:53a   NNW
 7  39.7  49.7   1:00p  31.0   5:35a  25.3   0.0  0.00   4.1  26.0  11:26p   NNW
 8  30.4  35.6   3:38p  22.8  11:49p  34.6   0.0  0.00   8.4  28.0   8:16a   NNW
 9  30.5  36.7  12:53p  21.3   4:53a  34.2   0.0  0.00   2.4  10.0  12:49p     E
10  41.6  47.1  11:59p  34.2   6:48a  23.4   0.0  0.00   8.6  30.0  11:44p    SE
11  54.1  72.5   1:36p  42.4  11:57p  11.9   1.1  0.00  10.8  30.0  12:48p   SSE
12  42.9  55.8   3:17p  31.7   7:25a  22.1   0.0  0.00   2.9  13.0   6:20a   NNW
13  45.0  54.1   2:35p  32.6  11:56p  19.9   0.0  0.00   6.4  20.0   8:39a   NNW
14  38.9  50.3   3:14p  32.2  12:20a  26.1   0.0  0.00   5.6  21.0   9:17p   NNW
15  35.1  41.9  11:55p  29.7   9:38a  29.9   0.0  0.01   5.7  21.0   1:07a    NE
16  52.0  65.2   3:37p  41.4   1:16a  13.0   0.0  0.01  10.8  28.0  10:45a    SE
17  40.4  58.6  12:00a  16.1  11:59p  24.6   0.0  0.00  11.6  32.0   5:20p    NW
18  17.0  25.3   3:23p  10.6   6:39a  48.0   0.0  0.00   8.7  26.0  12:59a   NNW
19  22.4  38.3   3:51p  10.4   4:40a  42.6   0.0  0.00   1.9  12.0   1:11a   NNW
20  38.1  57.2   3:01p  23.8   5:26a  26.9   0.0  0.00   3.8  19.0   3:54p    SE
21  47.5  67.6   3:18p  33.6   6:12a  17.5   0.1  0.00   4.5  19.0  12:35p    SE
22  42.4  48.7  12:00a  36.1  11:56p  22.6   0.0  0.00   5.6  19.0  12:01a   NNW
23  43.6  48.7  11:56p  33.7   1:35a  21.4   0.0  0.15   2.9  12.0  10:37a    SE
24  54.0  66.0  10:19p  45.3   7:30a  11.1   0.1  0.04   2.9  16.0  10:16p   ENE
25  68.4  76.2   4:18p  61.8  11:16p   0.3   3.8  0.00  11.3  35.0   2:32p    SE
26  61.0  70.4   3:49p  48.0  11:59p   4.7   0.7  0.00   2.2  16.0  10:38p    NW
27  50.8  67.6   2:39p  37.7   6:49a  14.4   0.2  0.00   2.3  13.0  12:03a     N
28  59.8  77.4   1:44p  47.6  11:31p   7.1   1.9  0.00   6.2  21.0  10:43a    SW
29  48.5  56.9   3:22p  40.1  11:26p  16.5   0.0  0.00   7.2  27.0  12:09p   NNW
30  43.5  58.1   1:34p  27.7   7:32a  21.5   0.0  0.00   7.2  25.0   5:58p   SSE
31  52.3  66.5   2:04p  40.6  11:54p  12.9   0.1  0.00   6.3  23.0   3:52a     S
----------------------------------------------------------------------------------
    44.5  77.4    28    10.4    19   643.2   8.0  0.81   5.5  35.0    25      NE

Max >=  80.0:  0
Max <=  32.0:  1
Min <=  32.0: 10
Min <=   0.0:  0
Max Rain: 0.41 on day 3
Days of Rain: 9 (>= 0.01 in)  3 (>= 0.10 in)  0 (>= 1.00 in)
Heat Base: 65.0  Cool Base: 65.0  Method: Integration