NOAA-Style Climate Reports

Select a Year or Month report
2018: Jan Feb Mar Apr May Jun Jul Aug Sep Oct Nov Dec
2017: Jan Feb Mar Apr May Jun Jul Aug Sep Oct Nov Dec
2016: Jan Feb Mar Apr May Jun Jul Aug Sep Oct Nov Dec
2015: Jan Feb Mar Apr May Jun Jul Aug Sep Oct Nov Dec
2014: Jan Feb Mar Apr May Jun Jul Aug Sep Oct Nov Dec
2013: Jan Feb Mar Apr May Jun Jul Aug Sep Oct Nov Dec

Report for 2016 November
                   Monthly Climatological Summary for Nov 2016

Name: GainesvilleTXWX   City: Gainesville   State: Texas
Elevation: 876 ft  Lat: N 33° 41' 02"   Lon: W 097° 10' 25"

                  Temperature (°F), Rain (in), Wind Speed (mph)

                                      Heat  Cool        Avg
    Mean                              Deg   Deg         Wind                 Dom
Day Temp  High   Time   Low    Time   Days  Days  Rain  Speed High   Time    Dir
----------------------------------------------------------------------------------
 1  73.6  83.9   4:29p  64.6   2:35a   0.0   8.6  0.00   8.1  20.0   5:46a    SE
 2  75.4  83.5   4:21p  71.3  11:58p   0.0  10.4  0.00   5.9  20.0   2:30a    SE
 3  66.3  71.5  12:16a  62.9  11:58p   0.1   1.4  0.62   2.1  19.0  12:38a   NNW
 4  66.0  72.3   3:12p  61.2   3:02a   0.9   1.9  0.01   3.2  15.0   4:32a     N
 5  64.1  71.1   2:21p  60.0   7:54a   1.7   0.8  0.00   2.6  12.0  11:16a     E
 6  61.2  68.1   3:50p  54.6   6:02a   4.3   0.4  0.05   3.4  18.0   2:27p     E
 7  62.2  65.6   2:52p  58.0   1:19a   2.8   0.0  1.83   1.7  10.0  10:32a   ENE
 8  61.1  64.1   1:31p  59.2   6:27a   3.8   0.0  0.01   4.8  17.0   4:09p   NNW
 9  59.7  64.9   3:06p  52.2  11:59p   5.3   0.0  0.00   4.5  15.0  12:56a     N
10  56.9  70.5   3:15p  43.9   6:28a   8.9   0.8  0.01   0.9   8.0   1:25p   WSW
11  61.2  75.7   3:57p  48.9   6:56a   6.3   2.5  0.00   1.8  14.0  10:29p    NW
12  56.0  66.4   2:18p  48.3   5:34a   9.1   0.1  0.00   3.1  13.0  11:41a   NNW
13  57.0  70.1   3:05p  46.1   3:55a   8.6   0.7  0.00   2.5  16.0  12:22p    SE
14  59.9  75.0   2:43p  50.7   7:10a   7.0   1.9  0.00   1.9  15.0   3:33p    SW
15  62.6  83.1   3:25p  46.3   7:06a   7.0   4.6  0.00   1.6  15.0   1:07p   SSW
16  64.6  85.1   1:47p  48.5   6:45a   5.6   5.2  0.00   3.2  19.0   2:52p   SSE
17  67.3  76.6   3:32p  58.1  12:53a   1.8   4.1  0.00  11.0  30.0   1:13p    SE
18  55.6  69.3  12:00a  39.1  11:59p   9.9   0.5  0.00   7.4  25.0   9:27a    NW
19  41.9  55.5   3:24p  32.0   6:37a  23.1   0.0  0.00   1.8  16.0   9:17a    NW
20  46.8  61.4   3:04p  31.8   6:25a  18.2   0.0  0.00   5.2  19.0   2:28p    SE
21  57.5  69.6   3:42p  44.8   6:56a   8.2   0.6  0.00   7.5  18.0   2:42p    SE
22  63.8  71.3   1:58p  52.1  11:58p   2.5   1.3  0.02   8.2  23.0   5:41a    SE
23  53.4  64.5   3:32p  45.7  10:19p  11.6   0.0  0.00   3.4  20.0   9:20a     W
24  52.9  68.4   3:14p  37.8   5:51a  12.5   0.4  0.00   2.5  17.0  12:40p    SE
25  49.8  60.2   3:44p  41.6   7:34a  15.2   0.0  0.00   4.5  19.0   9:27a   NNW
26  49.3  63.7   2:40p  36.5   6:04a  15.7   0.0  0.00   2.7  12.0   1:37p   ESE
27  57.8  65.7  11:54p  50.3  12:15a   7.2   0.0  0.00   9.8  26.0  11:48a    SE
28  59.1  67.9   3:39p  47.5  11:47p   6.3   0.4  2.27   7.8  36.0   1:36a    SW
29  55.6  66.8   2:22p  46.2  11:36p   9.5   0.2  0.00   4.8  20.0  11:20a    SW
30  46.9  57.6   3:56p  35.1  11:49p  18.1   0.0  0.00   2.9  18.0  10:01a   WNW
----------------------------------------------------------------------------------
    58.9  85.1    16    31.8    20   231.2  46.8  4.82   4.4  36.0    28      SE

Max >=  80.0:  4
Max <=  32.0:  0
Min <=  32.0:  2
Min <=   0.0:  0
Max Rain: 2.27 on day 28
Days of Rain: 8 (>= 0.01 in)  3 (>= 0.10 in)  2 (>= 1.00 in)
Heat Base: 65.0  Cool Base: 65.0  Method: Integration