NOAA-Style Climate Reports

Select a Year or Month report
2018: Jan Feb Mar Apr May Jun Jul Aug Sep Oct Nov Dec
2017: Jan Feb Mar Apr May Jun Jul Aug Sep Oct Nov Dec
2016: Jan Feb Mar Apr May Jun Jul Aug Sep Oct Nov Dec
2015: Jan Feb Mar Apr May Jun Jul Aug Sep Oct Nov Dec
2014: Jan Feb Mar Apr May Jun Jul Aug Sep Oct Nov Dec
2013: Jan Feb Mar Apr May Jun Jul Aug Sep Oct Nov Dec

Report for 2016 October
                   Monthly Climatological Summary for Oct 2016

Name: GainesvilleTXWX   City: Gainesville   State: Texas
Elevation: 876 ft  Lat: N 33° 41' 02"   Lon: W 097° 10' 25"

                  Temperature (°F), Rain (in), Wind Speed (mph)

                                      Heat  Cool        Avg
    Mean                              Deg   Deg         Wind                 Dom
Day Temp  High   Time   Low    Time   Days  Days  Rain  Speed High   Time    Dir
----------------------------------------------------------------------------------
 1  67.7  80.2   4:35p  57.4   6:52a   2.3   5.0  0.00   1.2  14.0  12:50p   ESE
 2  68.9  82.3   4:02p  55.9   7:22a   2.4   6.3  0.00   2.4  18.0   3:35p   ESE
 3  71.0  83.0   3:42p  58.8   7:04a   1.3   7.3  0.00   4.0  20.0   3:26p   ESE
 4  75.8  84.7   5:15p  67.5   5:08a   0.0  10.8  0.00   8.8  26.0  11:35a    SE
 5  80.1  89.5   3:31p  72.0   7:35a   0.0  15.1  0.00   8.3  22.0  11:58a    SE
 6  79.2  88.3   4:48p  72.8   5:33a   0.0  14.2  0.00   7.8  20.0  12:26p    SE
 7  61.6  74.9  12:00a  54.7   9:08a   4.0   0.6  1.74   7.7  23.0   5:02a   NNW
 8  59.7  73.7   3:46p  47.7   5:49a   7.0   1.7  0.00   3.1  14.0   2:35p     N
 9  61.6  74.4   3:04p  49.6   4:48a   5.4   2.0  0.00   1.3  14.0  11:13a   ENE
10  63.8  77.4   4:26p  51.3   7:16a   4.6   3.4  0.00   2.3  15.0   2:08p   ESE
11  67.7  83.1   4:06p  54.1   7:32a   3.4   6.1  0.00   4.1  19.0   5:05p    SE
12  73.4  87.2   4:16p  56.8  11:59p   0.6   9.0  0.00   8.5  26.0   8:33p   SSE
13  58.6  67.5   1:24p  53.4   6:55a   6.5   0.1  0.11   3.3  16.0  12:00a   NNW
14  63.8  75.6   4:16p  55.9   2:49a   3.9   2.7  0.00   2.7  13.0   3:20p   ESE
15  75.3  86.1   3:49p  66.6   1:04a   0.0  10.3  0.00   9.6  30.0   1:18p    SE
16  78.0  88.8   3:55p  70.2   4:08a   0.0  13.0  0.00  10.3  29.0   2:24p    SE
17  78.3  89.0   4:09p  69.7   7:43a   0.0  13.3  0.00  11.1  28.0  10:55a    SE
18  77.5  88.8   4:48p  68.3   7:42a   0.0  12.5  0.00   5.7  19.0  10:44a   SSE
19  76.7  87.2   4:42p  69.3  12:57a   0.0  11.7  0.00   5.1  19.0   3:47p    SE
20  65.2  74.5  12:00a  52.6  11:57p   2.3   2.5  1.81   7.8  26.0   5:51a   NNW
21  57.7  73.9   5:08p  46.6   7:18a   8.5   1.3  0.00   1.4  10.0  11:19a     N
22  60.5  76.0   3:36p  46.9   7:23a   7.1   2.6  0.00   4.3  20.0  11:44a    SE
23  64.9  77.2   3:38p  54.7   7:38a   3.2   3.1  0.00   6.6  21.0  12:26p    SE
24  69.6  83.6   4:07p  59.0   7:24a   1.5   6.1  0.00   3.1  15.0  11:30a    SE
25  68.6  78.8   3:38p  61.0   5:14a   1.0   4.6  0.01   3.9  14.0   3:32p   ESE
26  69.8  83.5   4:19p  59.5   6:45a   1.0   5.9  0.25   4.8  25.0   7:51p   SSE
27  70.9  84.0   4:06p  60.5   6:21a   0.9   6.8  0.01   1.6  14.0   3:22p   ESE
28  70.6  83.8   3:58p  60.7   6:45a   0.8   6.3  0.00   4.1  19.0   3:35p    SE
29  69.5  84.7   3:20p  57.4   6:40a   1.9   6.5  0.00   4.9  23.0   3:51p   SSE
30  70.9  87.3   4:39p  58.8   8:00a   1.4   7.4  0.00   2.3  15.0  11:00a     S
31  70.4  84.6   4:11p  59.5   7:00a   1.2   6.5  0.00   4.9  23.0   3:11p   SSE
----------------------------------------------------------------------------------
    69.3  89.5     5    46.6    21    72.2 204.7  3.93   5.1  30.0    15      SE

Max >=  80.0: 20
Max <=  32.0:  0
Min <=  32.0:  0
Min <=   0.0:  0
Max Rain: 1.81 on day 20
Days of Rain: 6 (>= 0.01 in)  4 (>= 0.10 in)  2 (>= 1.00 in)
Heat Base: 65.0  Cool Base: 65.0  Method: Integration