NOAA-Style Climate Reports

Select a Year or Month report
2018: Jan Feb Mar Apr May Jun Jul Aug Sep Oct Nov Dec
2017: Jan Feb Mar Apr May Jun Jul Aug Sep Oct Nov Dec
2016: Jan Feb Mar Apr May Jun Jul Aug Sep Oct Nov Dec
2015: Jan Feb Mar Apr May Jun Jul Aug Sep Oct Nov Dec
2014: Jan Feb Mar Apr May Jun Jul Aug Sep Oct Nov Dec
2013: Jan Feb Mar Apr May Jun Jul Aug Sep Oct Nov Dec

Report for 2016 September
                   Monthly Climatological Summary for Sep 2016

Name: GainesvilleTXWX   City: Gainesville   State: Texas
Elevation: 876 ft  Lat: N 33° 41' 02"   Lon: W 097° 10' 25"

                  Temperature (°F), Rain (in), Wind Speed (mph)

                                      Heat  Cool        Avg
    Mean                              Deg   Deg         Wind                 Dom
Day Temp  High   Time   Low    Time   Days  Days  Rain  Speed High   Time    Dir
----------------------------------------------------------------------------------
 1  74.2  88.0   3:10p  70.9   4:01p   0.0   9.2  2.11   2.8  24.0   3:24p   NNW
 2  75.4  84.1   5:04p  69.0   3:03a   0.0  10.4  0.00   2.1  13.0   4:50p   NNE
 3  75.8  86.6   4:51p  66.6   7:05a   0.0  10.8  0.00   2.6  16.0  11:05a     E
 4  78.1  89.3   5:19p  67.5   5:54a   0.0  13.1  0.00   4.4  16.0  11:53a   ESE
 5  81.5  90.9   3:42p  73.1   5:33a   0.0  16.5  0.00   5.8  21.0   2:34p    SE
 6  82.1  91.0   4:47p  73.5   6:44a   0.0  17.1  0.00   7.2  21.0  10:34a    SE
 7  83.5  92.6   3:32p  75.3   6:07a   0.0  18.5  0.00   6.5  21.0   2:25p    SE
 8  84.0  94.3   3:49p  75.5   7:11a   0.0  19.0  0.00   6.8  20.0   2:53p   SSE
 9  83.3  93.9   3:54p  74.6   6:36a   0.0  18.3  0.00   7.3  23.0  12:41p    SE
10  72.8  81.2   5:17p  64.3  11:41p   0.0   7.8  1.20   4.9  37.0   3:03a   NNW
11  71.0  84.8   4:14p  56.2   7:04a   2.0   7.9  0.00   1.1  10.0  11:02a    SE
12  75.5  88.2   4:44p  61.8   7:06a   0.3  10.8  0.00   3.7  17.0   2:32p   ESE
13  79.3  90.8   4:58p  69.3   6:45a   0.0  14.3  0.00   2.6  14.0  11:24a   ESE
14  78.8  87.8   3:10p  72.9   7:26a   0.0  13.8  0.00   0.8  18.0   7:59p   NNE
15  78.5  89.4   2:23p  70.0   7:13a   0.0  13.4  0.00   0.9  14.0   1:53p    SE
16  78.5  91.7   4:47p  70.0   8:16a   0.0  13.5  0.00   1.1  18.0   7:35a   WSW
17  79.9  93.4   4:08p  68.6   6:52a   0.0  14.9  0.00   0.9  10.0  10:51p     N
18  78.6  92.1   6:13p  66.3   6:23a   0.0  13.6  0.41   2.4  26.0   4:53a   ESE
19  84.0  98.0   4:50p  73.0   6:26a   0.0  19.0  0.00   1.1  16.0   1:04p     S
20  84.3  95.8   4:44p  73.9   7:14a   0.0  19.3  0.00   1.8  12.0   1:30p   ESE
21  80.5  91.2   5:00p  71.7   7:09a   0.0  15.5  0.00   1.7  12.0  11:16a   ESE
22  79.3  90.7   4:26p  66.9   7:24a   0.0  13.5  0.00   1.9  15.0   2:54p   SSE
23  79.8  90.3   5:00p  69.4   7:15a   0.0  14.8  0.00   4.1  19.0   2:36p   ESE
24  80.9  88.7   2:59p  74.3   6:02a   0.0  15.9  0.00   7.0  24.0   4:24p    SE
25  71.2  77.0  12:10a  66.3  11:59p   0.0   6.2  0.79   5.6  25.0  12:11a   NNW
26  66.6  76.2   3:36p  59.9   5:07a   1.6   3.2  0.25   7.7  24.0  12:15p     N
27  64.3  79.9   4:47p  51.2   6:54a   4.2   3.5  0.00   1.8  13.0   2:48p    NW
28  71.9  90.2   4:36p  54.5   6:46a   2.6   9.6  0.00   1.9  13.0  11:33p     W
29  64.1  74.6   4:09p  53.5   6:32a   3.4   2.5  0.00   5.1  18.0   3:19p   NNW
30  64.1  79.1   4:39p  50.4   7:35a   4.6   3.7  0.00   1.3  12.0  12:06p     N
----------------------------------------------------------------------------------
    76.7  98.0    19    50.4    30    18.7 369.6  4.76   3.5  37.0    10     ESE

Max >=  80.0: 25
Max <=  32.0:  0
Min <=  32.0:  0
Min <=   0.0:  0
Max Rain: 2.11 on day 1
Days of Rain: 5 (>= 0.01 in)  5 (>= 0.10 in)  2 (>= 1.00 in)
Heat Base: 65.0  Cool Base: 65.0  Method: Integration