NOAA-Style Climate Reports

Select a Year or Month report
2018: Jan Feb Mar Apr May Jun Jul Aug Sep Oct Nov Dec
2017: Jan Feb Mar Apr May Jun Jul Aug Sep Oct Nov Dec
2016: Jan Feb Mar Apr May Jun Jul Aug Sep Oct Nov Dec
2015: Jan Feb Mar Apr May Jun Jul Aug Sep Oct Nov Dec
2014: Jan Feb Mar Apr May Jun Jul Aug Sep Oct Nov Dec
2013: Jan Feb Mar Apr May Jun Jul Aug Sep Oct Nov Dec

Report for 2016 August
                   Monthly Climatological Summary for Aug 2016

Name: GainesvilleTXWX   City: Gainesville   State: Texas
Elevation: 876 ft  Lat: N 33° 41' 02"   Lon: W 097° 10' 25"

                  Temperature (°F), Rain (in), Wind Speed (mph)

                                      Heat  Cool        Avg
    Mean                              Deg   Deg         Wind                 Dom
Day Temp  High   Time   Low    Time   Days  Days  Rain  Speed High   Time    Dir
----------------------------------------------------------------------------------
 1  87.1  97.8   4:08p  76.3   6:57a   0.0  22.1  0.00   6.6  18.0   1:08p    SE
 2  86.0  99.1   4:17p  71.8   6:42a   0.0  20.8  0.00   3.9  15.0  12:35p    SE
 3  87.3  99.8   4:33p  73.6   5:26a   0.0  22.3  0.00   3.9  29.0   1:09p    SE
 4  87.4  99.1   4:17p  74.6   6:43a   0.0  22.4  0.00   4.1  21.0   3:29p    SE
 5  88.2  99.6   4:42p  77.4   5:08a   0.0  23.2  0.00   3.2  16.0   4:05p    SE
 6  88.9 101.3   5:51p  78.5   4:43a   0.0  23.9  0.00   2.4  14.0   1:41p    SE
 7  89.3 100.6   5:22p  76.9   6:39a   0.0  24.3  0.00   4.0  16.0   4:47p    SE
 8  85.8 100.4   3:26p  76.3   9:48p   0.0  20.8  0.01   4.2  24.0   7:45p   SSE
 9  87.3  97.9   4:42p  77.3   1:56a   0.0  22.3  0.00   4.3  19.0  10:41a   SSE
10  89.9 100.3   4:10p  79.9   4:40a   0.0  24.9  0.00   5.3  22.0   4:19p   ESE
11  89.9 103.0   4:28p  76.9   6:23a   0.0  24.7  0.00   4.1  17.0  11:27a   SSE
12  85.6 103.1   3:41p  75.2  11:59p   0.0  20.6  0.81   3.1  23.0   5:22p   SSE
13  80.8  91.3   5:01p  74.3   2:02a   0.0  15.8  0.65   5.5  19.0   1:22p   NNW
14  78.6  88.3   5:02p  67.4   6:41a   0.0  13.6  0.00   5.2  22.0  12:34p     N
15  75.5  83.8   3:31p  68.2  11:55p   0.0  10.5  0.00   2.1  12.0   2:08p     E
16  75.1  88.6   5:35p  62.9   6:53a   0.2  10.2  0.00   3.0  14.0   1:34p     E
17  78.2  86.3   2:21p  72.7   1:59a   0.0  13.2  0.00   4.8  17.0   5:57p   ESE
18  75.9  80.8  12:32p  73.4   6:49a   0.0  10.9  0.02   4.1  16.0  11:58a   SSE
19  72.4  76.9   9:17a  69.1   9:51p   0.0   7.4  1.06   4.8  18.0   2:59p   SSE
20  74.7  83.4   4:41p  69.2   1:06a   0.0   9.7  0.50   3.2  18.0   5:51a   WNW
21  74.7  85.0   4:40p  66.1   6:50a   0.0   9.7  0.00   3.6  17.0  12:45p     N
22  74.0  85.4   1:51p  63.8   5:34a   0.1   9.1  0.25   2.5  19.0   6:10p   ESE
23  82.0  91.3   5:08p  75.5   6:42a   0.0  17.0  0.00   8.7  24.0  12:29p    SE
24  82.4  91.5   3:35p  73.1   6:59a   0.0  17.4  0.00   7.6  20.0   5:01p   SSE
25  82.2  93.1   4:35p  71.8   6:46a   0.0  17.2  0.00   2.9  13.0  10:36a    SE
26  79.2  88.4  12:59p  71.8   6:39a   0.0  14.2  0.00   3.1  16.0   3:24p     E
27  79.7  91.2   3:53p  69.5   7:00a   0.0  14.7  0.00   2.4  16.0   5:20p     E
28  80.6  90.5   4:19p  71.5   7:08a   0.0  15.6  0.00   2.3  14.0   4:25p     E
29  80.4  91.5   5:11p  68.9   6:10a   0.0  15.4  0.00   2.1  14.0   2:59p    NE
30  80.9  91.9   3:33p  70.9   7:00a   0.0  15.9  0.00   2.2  14.0   2:39p   NNE
31  80.8  94.6   5:28p  71.0   7:04a   0.0  15.8  0.00   2.0  24.0   6:30p     N
----------------------------------------------------------------------------------
    82.0 103.1    12    62.9    16     0.3 525.6  3.30   3.9  29.0     3      SE

Max >=  80.0: 30
Max <=  32.0:  0
Min <=  32.0:  0
Min <=   0.0:  0
Max Rain: 1.06 on day 19
Days of Rain: 7 (>= 0.01 in)  5 (>= 0.10 in)  1 (>= 1.00 in)
Heat Base: 65.0  Cool Base: 65.0  Method: Integration