NOAA-Style Climate Reports

Select a Year or Month report
2018: Jan Feb Mar Apr May Jun Jul Aug Sep Oct Nov Dec
2017: Jan Feb Mar Apr May Jun Jul Aug Sep Oct Nov Dec
2016: Jan Feb Mar Apr May Jun Jul Aug Sep Oct Nov Dec
2015: Jan Feb Mar Apr May Jun Jul Aug Sep Oct Nov Dec
2014: Jan Feb Mar Apr May Jun Jul Aug Sep Oct Nov Dec
2013: Jan Feb Mar Apr May Jun Jul Aug Sep Oct Nov Dec

Report for 2016 July
                   Monthly Climatological Summary for Jul 2016

Name: GainesvilleTXWX   City: Gainesville   State: Texas
Elevation: 876 ft  Lat: N 33° 41' 02"   Lon: W 097° 10' 25"

                  Temperature (°F), Rain (in), Wind Speed (mph)

                                      Heat  Cool        Avg
    Mean                              Deg   Deg         Wind                 Dom
Day Temp  High   Time   Low    Time   Days  Days  Rain  Speed High   Time    Dir
----------------------------------------------------------------------------------
 1  83.9  95.3   4:46p  70.9   5:43a   0.0  18.8  0.00   3.0  17.0   2:56p    SE
 2  84.8  95.4   3:36p  74.1   4:09a   0.0  19.8  0.00   6.2  20.0   1:34p    SE
 3  86.4  95.6   5:11p  76.3  11:59p   0.0  21.4  0.02  10.2  29.0   2:39p   SSE
 4  79.8  89.5   4:45p  70.2   6:18a   0.0  14.8  0.55   6.5  55.0   4:20a   SSE
 5  82.9  92.0   3:32p  73.5   5:14a   0.0  17.9  0.23   7.0  24.0   9:21a   SSE
 6  85.7  94.1   4:35p  76.4   6:32a   0.0  20.7  0.00  11.3  28.0   4:35p   SSE
 7  85.6  94.5   4:51p  76.7   6:37a   0.0  20.6  0.00  11.9  28.0   2:14p   SSE
 8  85.1  93.5   3:37p  76.8   6:26a   0.0  20.1  0.00   7.9  24.0   9:16a    SE
 9  76.9  91.1   2:08p  66.5   3:35p   0.0  11.8  1.60   4.3  29.0   3:00p    SE
10  80.3  91.8   5:30p  69.1   6:33a   0.0  15.1  0.00   4.8  17.0   4:59p   ESE
11  84.4  92.8   4:59p  76.3   6:46a   0.0  19.4  0.00  10.7  26.0   5:28p    SE
12  84.3  92.0   5:08p  76.1   6:45a   0.0  19.3  0.00  12.2  29.0   9:35a    SE
13  85.7  95.3   5:18p  76.8   6:37a   0.0  20.6  0.00  10.5  27.0   9:13a   SSE
14  84.8  94.7   5:35p  77.2   6:42a   0.0  19.8  0.00   6.8  22.0   6:07p   ESE
15  78.5  88.1   5:20p  68.9   5:25a   0.0  13.5  0.79   4.0  23.0   5:03a   ENE
16  82.5  92.9   5:19p  70.4   6:25a   0.0  17.5  0.00   3.8  26.0   3:27a    SE
17  84.4  92.6   4:48p  75.1   6:42a   0.0  19.4  0.00   6.5  18.0  11:39a    SE
18  84.4  93.4   5:04p  75.5   5:49a   0.0  19.3  0.00   4.0  13.0   2:26p    SE
19  85.2  94.3   5:11p  75.1   6:20a   0.0  20.2  0.00   3.0  16.0   4:20p    SE
20  85.4  94.5   5:04p  74.8   6:09a   0.0  20.4  0.00   3.7  17.0   1:21p    SE
21  86.0  96.5   5:07p  74.8   5:20a   0.0  21.0  0.00   4.0  15.0  12:57p   SSE
22  86.7  98.2   4:56p  73.9   6:33a   0.0  21.7  0.00   3.0  18.0   1:58p   SSE
23  87.3  98.3   4:06p  75.1   6:50a   0.0  22.3  0.00   3.8  18.0   4:21p   SSE
24  87.8  98.9   6:01p  76.2   6:41a   0.0  22.7  0.00   3.1  15.0  10:43a    SE
25  85.3  96.3   2:51p  75.6   5:40a   0.0  20.3  0.00   2.8  23.0   5:47p   ENE
26  81.1  94.0   3:53p  73.3   6:48a   0.0  16.1  0.00   2.0  13.0   2:23p    NE
27  79.1  93.2  12:39p  74.2   3:28a   0.0  14.1  0.00   1.5  20.0   2:13p    SE
28  83.5  95.7   6:25p  73.8   5:52a   0.0  18.5  0.01   2.8  15.0  10:03p    SE
29  82.9  94.1   5:42p  74.0   6:48a   0.0  17.9  0.00   4.4  17.0   4:07p   SSE
30  86.6  97.7   3:20p  75.8   6:56a   0.0  21.6  0.00   5.2  20.0  10:22a   SSE
31  87.1  97.5   4:08p  76.8   3:22a   0.0  21.9  0.00   6.2  19.0   2:09p    SE
----------------------------------------------------------------------------------
    84.0  98.9    24    66.5     9     0.0 588.5  3.20   5.7  55.0     4      SE

Max >=  80.0: 31
Max <=  32.0:  0
Min <=  32.0:  0
Min <=   0.0:  0
Max Rain: 1.60 on day 9
Days of Rain: 6 (>= 0.01 in)  4 (>= 0.10 in)  1 (>= 1.00 in)
Heat Base: 65.0  Cool Base: 65.0  Method: Integration