NOAA-Style Climate Reports

Select a Year or Month report
2018: Jan Feb Mar Apr May Jun Jul Aug Sep Oct Nov Dec
2017: Jan Feb Mar Apr May Jun Jul Aug Sep Oct Nov Dec
2016: Jan Feb Mar Apr May Jun Jul Aug Sep Oct Nov Dec
2015: Jan Feb Mar Apr May Jun Jul Aug Sep Oct Nov Dec
2014: Jan Feb Mar Apr May Jun Jul Aug Sep Oct Nov Dec
2013: Jan Feb Mar Apr May Jun Jul Aug Sep Oct Nov Dec

Report for 2016 June
                   Monthly Climatological Summary for Jun 2016

Name: GainesvilleTXWX   City: Gainesville   State: Texas
Elevation: 876 ft  Lat: N 33° 41' 02"   Lon: W 097° 10' 25"

                  Temperature (°F), Rain (in), Wind Speed (mph)

                                      Heat  Cool        Avg
    Mean                              Deg   Deg         Wind                 Dom
Day Temp  High   Time   Low    Time   Days  Days  Rain  Speed High   Time    Dir
----------------------------------------------------------------------------------
 1  70.9  77.5   5:57p  65.4   5:11a   0.0   5.9  0.01   2.6  12.0  12:31p    NE
 2  69.2  74.1  11:05a  64.7   4:23a   0.0   4.2  3.41   5.1  27.0   4:11a   NNE
 3  72.0  82.6   3:52p  67.6   4:56a   0.0   7.0  0.92   4.5  23.0   2:06a   ENE
 4  74.3  83.9   5:13p  67.1   5:20a   0.0   9.3  0.01   2.7  14.0   1:18p     N
 5  74.6  85.3   3:59p  63.2   6:30a   0.1   9.7  0.01   4.1  19.0   1:31p   NNW
 6  74.3  85.5   4:55p  60.9   6:24a   0.5   9.9  0.00   2.6  17.0   1:41p     N
 7  76.7  88.7   3:16p  61.3   6:26a   0.3  12.0  0.00   1.1  12.0   5:20p     N
 8  79.4  90.8   5:18p  64.8   6:21a   0.0  14.4  0.00   3.3  16.0  12:15p    SE
 9  80.1  90.2   4:54p  67.8   6:20a   0.0  15.1  0.00   4.1  17.0  12:16p    SE
10  81.2  90.9   4:43p  70.0   6:19a   0.0  16.2  0.00   5.0  21.0  12:29p    SE
11  77.3  87.1  12:13p  72.6   6:09a   0.0  12.3  0.06   2.4  19.0  12:54p   ESE
12  76.4  83.2   1:53p  70.0  11:56p   0.0  11.4  0.01   3.8  31.0   4:14p   ESE
13  75.8  83.7  12:31p  69.3  12:37a   0.0  10.6  0.57   2.6  25.0   1:18p   ESE
14  81.0  90.7   3:24p  71.0   4:34a   0.0  15.7  0.00   5.5  23.0   2:58p    SE
15  84.0  92.8   4:03p  75.7   6:10a   0.0  18.4  0.00   6.8  18.0  10:23a    SE
16  85.0  95.9   5:01p  76.3   6:09a   0.0  20.0  0.00   6.8  21.0   3:36p   SSE
17  84.6  94.1   4:25p  75.8   5:00a   0.0  19.5  0.00   4.8  18.0   1:48p    SE
18  84.6  95.5   5:43p  74.8   6:19a   0.0  19.6  0.00   3.0  15.0   1:22p   ENE
19  83.4  92.5   4:31p  75.8   6:20a   0.0  17.6  0.00   3.5  13.0   9:41a     E
20  83.2  94.3   4:41p  72.3   4:43a   0.0  18.2  0.00   1.7  12.0  10:48a    SE
21  84.7  96.2   3:45p  71.4   6:18a   0.0  19.7  0.00   2.3  12.0   2:31p   SSE
22  85.1  94.9   4:41p  75.2   6:22a   0.0  20.1  0.00   6.7  20.0   4:53p   SSE
23  85.0  94.8   4:56p  76.8   6:04a   0.0  20.0  0.00   6.6  21.0   9:14a   SSE
24  83.3  92.7   4:23p  72.6   6:18a   0.0  18.3  0.00   5.2  18.0   4:09p    SE
25  83.1  93.2   4:54p  74.5   4:56a   0.0  18.1  0.00   6.5  21.0   1:14p    SE
26  84.6  95.0   5:13p  75.5   5:49a   0.0  19.6  0.00   5.6  22.0  12:40p   SSE
27  81.0  96.3   3:36p  71.5   5:40a   0.0  15.9  0.42   2.3  23.0   4:51p   WNW
28  82.6  92.4   2:56p  72.8   6:11a   0.0  17.6  0.01   3.4  17.0   4:30p   NNE
29  82.0  92.4   5:34p  71.3   6:51a   0.0  17.0  0.00   2.2  14.0   3:43p   ESE
30  82.6  92.6   4:50p  70.5   6:03a   0.0  17.6  0.00   2.6  14.0  10:56a    SE
----------------------------------------------------------------------------------
    80.1  96.3    27    60.9     6     0.9 450.9  5.43   4.0  31.0    12     ESE

Max >=  80.0: 28
Max <=  32.0:  0
Min <=  32.0:  0
Min <=   0.0:  0
Max Rain: 3.41 on day 2
Days of Rain: 10 (>= 0.01 in)  4 (>= 0.10 in)  1 (>= 1.00 in)
Heat Base: 65.0  Cool Base: 65.0  Method: Integration