NOAA-Style Climate Reports

Select a Year or Month report
2018: Jan Feb Mar Apr May Jun Jul Aug Sep Oct Nov Dec
2017: Jan Feb Mar Apr May Jun Jul Aug Sep Oct Nov Dec
2016: Jan Feb Mar Apr May Jun Jul Aug Sep Oct Nov Dec
2015: Jan Feb Mar Apr May Jun Jul Aug Sep Oct Nov Dec
2014: Jan Feb Mar Apr May Jun Jul Aug Sep Oct Nov Dec
2013: Jan Feb Mar Apr May Jun Jul Aug Sep Oct Nov Dec

Report for 2016 May
                   Monthly Climatological Summary for May 2016

Name: GainesvilleTXWX   City: Gainesville   State: Texas
Elevation: 876 ft  Lat: N 33° 41' 02"   Lon: W 097° 10' 25"

                  Temperature (°F), Rain (in), Wind Speed (mph)

                                      Heat  Cool        Avg
    Mean                              Deg   Deg         Wind                 Dom
Day Temp  High   Time   Low    Time   Days  Days  Rain  Speed High   Time    Dir
----------------------------------------------------------------------------------
 1  60.6  70.5   5:38p  51.7   6:09a   5.4   1.0  0.03   6.1  20.0   9:04a   NNW
 2  55.8  63.3   4:28p  50.5   7:55a   9.2   0.0  0.09   5.2  19.0   3:44a    NW
 3  59.2  73.3   5:45p  45.1   6:43a   7.5   1.7  0.00   1.2  22.0   2:25p    NW
 4  65.8  80.9   5:26p  51.6   3:05a   4.2   5.0  0.01   2.3  14.0   9:10a     W
 5  67.7  80.2   5:10p  52.0   5:33a   2.7   5.4  0.00   1.5  11.0   3:53p   NNW
 6  69.0  81.4   4:45p  52.8   6:50a   2.3   6.3  0.00   2.4  12.0   1:18p     E
 7  69.8  82.3   4:17p  56.0   6:13a   2.0   6.9  0.00   6.3  25.0   4:07p    SE
 8  68.4  73.4   2:24p  64.2   9:45p   0.0   3.4  0.87   9.8  28.0   2:48p    SE
 9  70.1  84.1   5:12p  59.4   7:46a   0.7   5.7  1.20  10.4  43.0   1:54a    SE
10  77.5  90.6   5:26p  63.8   1:11a   0.1  12.5  0.00   8.5  26.0   8:56p   SSE
11  75.8  85.7   5:44p  63.9   6:14a   0.1  10.8  0.00   7.0  20.0   9:02a   SSE
12  71.6  79.4   4:15p  64.9   7:41a   0.0   6.6  0.07   6.0  21.0  10:36a     N
13  69.8  81.2   4:14p  53.7   6:30a   2.0   6.8  0.00   3.4  16.0   2:54p   ESE
14  63.3  69.6   1:19a  54.3  11:52p   3.0   1.2  0.09   7.3  29.0   8:20a   NNW
15  62.7  71.8   2:57p  53.1   1:21a   4.1   1.7  0.00   4.7  13.0   8:28a    NE
16  67.6  75.2   2:32p  60.7   5:24a   1.3   3.9  0.00   7.1  20.0   2:32p   ESE
17  63.8  69.9   3:20p  58.2  11:40p   2.3   1.1  1.05   6.4  33.0   3:55a     N
18  57.2  60.2   6:47p  53.6   5:23a   7.8   0.0  0.03   6.2  21.0   5:20a     N
19  59.0  61.4   5:32p  57.2   8:14a   6.0   0.0  0.39   3.4  16.0   8:13a    NE
20  66.7  78.8   5:22p  58.8   3:14a   2.3   4.0  0.00   1.7   9.0   4:41a     E
21  71.1  79.9   3:49p  60.1   6:24a   0.9   7.0  0.00   4.2  14.0   3:52p     E
22  74.3  81.3   4:47p  67.7   6:01a   0.0   9.4  0.00   6.3  18.0  11:29p     E
23  71.9  78.4   1:11p  62.7   5:37a   0.4   6.9  1.96   6.4  26.0  12:37p   ESE
24  76.3  82.6   4:09p  65.9   6:47a   0.0  11.3  0.04   7.7  21.0   4:26p    SE
25  79.0  85.2   3:54p  74.7   6:49a   0.0  14.0  0.01  10.2  24.0  11:01a    SE
26  77.1  82.6   1:03p  71.6  11:59p   0.0  12.1  0.00  10.1  29.0   4:34p    SE
27  70.8  80.3   5:38p  63.7   7:15a   0.1   5.9  1.12   8.5  32.0   7:19a   SSE
28  74.2  84.8   4:56p  64.7  12:46a   0.0   9.2  0.00   5.1  15.0   1:03a   ESE
29  77.4  86.2   3:48p  68.1   5:37a   0.0  12.4  0.00   7.0  40.0   4:18a   SSE
30  73.4  82.8   4:57p  65.5   3:56a   0.0   8.4  0.90   2.7  17.0   5:26a    SE
31  72.1  84.4  12:32p  65.9  11:57p   0.0   7.0  0.08   4.1  19.0   1:42p   ESE
----------------------------------------------------------------------------------
    69.0  90.6    10    45.1     3    64.4 187.6  7.94   5.8  43.0     9     ESE

Max >=  80.0: 17
Max <=  32.0:  0
Min <=  32.0:  0
Min <=   0.0:  0
Max Rain: 1.96 on day 23
Days of Rain: 16 (>= 0.01 in)  7 (>= 0.10 in)  4 (>= 1.00 in)
Heat Base: 65.0  Cool Base: 65.0  Method: Integration