NOAA-Style Climate Reports

Select a Year or Month report
2018: Jan Feb Mar Apr May Jun Jul Aug Sep Oct Nov Dec
2017: Jan Feb Mar Apr May Jun Jul Aug Sep Oct Nov Dec
2016: Jan Feb Mar Apr May Jun Jul Aug Sep Oct Nov Dec
2015: Jan Feb Mar Apr May Jun Jul Aug Sep Oct Nov Dec
2014: Jan Feb Mar Apr May Jun Jul Aug Sep Oct Nov Dec
2013: Jan Feb Mar Apr May Jun Jul Aug Sep Oct Nov Dec

Report for 2016 April
                   Monthly Climatological Summary for Apr 2016

Name: GainesvilleTXWX   City: Gainesville   State: Texas
Elevation: 876 ft  Lat: N 33° 41' 02"   Lon: W 097° 10' 25"

                  Temperature (°F), Rain (in), Wind Speed (mph)

                                      Heat  Cool        Avg
    Mean                              Deg   Deg         Wind                 Dom
Day Temp  High   Time   Low    Time   Days  Days  Rain  Speed High   Time    Dir
----------------------------------------------------------------------------------
 1  54.1  63.1   5:42p  47.5  11:58p  10.9   0.0  0.00   5.3  22.0   2:04p   NNW
 2  54.2  68.3   6:09p  39.0   7:35a  10.8   0.4  0.00   2.4  18.0   3:35p   WNW
 3  59.0  75.7   4:37p  42.0   6:21a   8.7   2.6  0.00   4.6  20.0  11:53a   SSE
 4  65.9  85.3   4:53p  46.0   7:18a   5.8   6.7  0.00   3.6  16.0  11:18a     S
 5  69.3  82.5   3:03p  53.2   7:09a   2.0   6.3  0.00   6.6  27.0   4:50p   SSE
 6  65.9  75.5   4:50p  55.9   6:58a   2.1   3.0  0.00   8.7  36.0   3:18p     W
 7  65.9  80.2   4:13p  52.0   7:24a   4.3   5.2  0.00   5.6  19.0  12:09p     W
 8  60.5  72.3   5:41p  48.7   8:06a   6.0   1.5  0.00   2.4  17.0  10:46a   NNE
 9  57.0  64.4   4:24p  50.4   5:28a   8.0   0.0  0.01   3.0  15.0   2:42p   SSE
10  67.2  77.6   4:06p  54.7  12:00a   1.8   4.0  0.00  12.4  29.0   6:13p   SSE
11  65.6  73.2  11:50a  54.7  11:56p   1.4   1.9  0.23   7.4  28.0   5:40p    NE
12  57.5  66.6   2:43p  50.1   3:16a   7.5   0.1  0.06   4.4  14.0  11:29a     N
13  54.4  57.4  12:20a  52.4   6:58a  10.6   0.0  1.00   3.3  12.0   2:05a   NNE
14  61.1  71.7   5:56p  54.7   7:00a   4.7   1.0  0.00   1.9   8.0   6:49a    NE
15  62.6  71.7   5:47p  53.7   4:54a   4.1   1.7  0.00   4.9  20.0   6:12p     E
16  68.2  75.9   3:42p  61.5  12:42a   0.7   3.9  0.00  11.6  30.0  10:59p     E
17  63.7  66.4   4:18p  60.4  11:02a   1.6   0.3  2.21   8.9  30.0  12:00a    NE
18  64.7  68.6   5:23p  62.2   7:05a   0.8   0.5  0.13   3.3  13.0   5:43p   NNW
19  66.2  76.0   4:51p  60.9   1:16a   1.6   2.8  0.01   2.3  16.0  11:04p    NE
20  63.3  72.2   5:33p  56.9  12:59a   3.6   1.8  0.95   1.9  29.0   4:58p     W
21  65.2  77.0   3:55p  56.4  12:40a   3.2   3.3  0.00   3.0  15.0  11:52a   NNW
22  66.9  79.0   5:12p  54.4   5:08a   3.2   5.1  0.00   1.8  13.0  12:52p    NW
23  67.7  79.3   4:29p  54.4   5:55a   2.5   5.2  0.00   3.3  15.0   2:18p    SE
24  68.0  76.6   3:11p  56.6   4:26a   1.7   4.7  0.00   8.2  27.0   4:19p    SE
25  74.3  82.9   5:44p  67.3   3:36a   0.0   9.3  0.00  10.3  25.0  11:24a    SE
26  74.5  82.4   3:59p  59.7   9:46p   0.5   9.9  0.97  11.4  32.0   9:07p    SE
27  66.6  76.3   4:33p  57.7   6:07a   2.2   3.9  0.01   3.6  16.0   7:40a    SW
28  68.0  80.3   4:45p  55.7   5:04a   2.5   5.4  0.00   5.3  18.0   2:50p   ENE
29  69.6  80.9   3:28p  60.6  11:18p   0.3   4.9  1.03   4.0  20.0   7:29p   ENE
30  63.6  74.5   5:21p  56.5   7:37a   3.2   1.8  0.01   2.9  14.0   3:53a    NW
----------------------------------------------------------------------------------
    64.4  85.3     4    39.0     2   116.3  97.2  6.62   5.3  36.0     6       E

Max >=  80.0:  7
Max <=  32.0:  0
Min <=  32.0:  0
Min <=   0.0:  0
Max Rain: 2.21 on day 17
Days of Rain: 12 (>= 0.01 in)  7 (>= 0.10 in)  3 (>= 1.00 in)
Heat Base: 65.0  Cool Base: 65.0  Method: Integration