NOAA-Style Climate Reports

Select a Year or Month report
2018: Jan Feb Mar Apr May Jun Jul Aug Sep Oct Nov Dec
2017: Jan Feb Mar Apr May Jun Jul Aug Sep Oct Nov Dec
2016: Jan Feb Mar Apr May Jun Jul Aug Sep Oct Nov Dec
2015: Jan Feb Mar Apr May Jun Jul Aug Sep Oct Nov Dec
2014: Jan Feb Mar Apr May Jun Jul Aug Sep Oct Nov Dec
2013: Jan Feb Mar Apr May Jun Jul Aug Sep Oct Nov Dec

Report for 2016 March
                   Monthly Climatological Summary for Mar 2016

Name: GainesvilleTXWX   City: Gainesville   State: Texas
Elevation: 876 ft  Lat: N 33° 41' 02"   Lon: W 097° 10' 25"

                  Temperature (°F), Rain (in), Wind Speed (mph)

                                      Heat  Cool        Avg
    Mean                              Deg   Deg         Wind                 Dom
Day Temp  High   Time   Low    Time   Days  Days  Rain  Speed High   Time    Dir
----------------------------------------------------------------------------------
 1  58.8  65.2   2:52p  46.3  11:24p   6.2   0.0  0.00   8.8  34.0   8:15a   NNW
 2  54.6  68.2   4:23p  38.2   6:23a  10.7   0.3  0.00   8.2  25.0  11:26a    SE
 3  57.9  68.0   1:34p  45.0  11:59p   7.5   0.4  0.00   6.9  33.0  11:29a   NNW
 4  55.5  68.5   1:17p  38.1   6:37a  10.1   0.6  0.00   3.3  19.0  12:35p    SE
 5  59.5  75.3   3:35p  43.8   6:45a   7.9   2.4  0.00   3.2  16.0   5:01p   ENE
 6  61.5  70.9   2:11p  48.9   7:08a   4.8   1.3  0.00   9.7  28.0   6:06p    SE
 7  62.4  67.3   4:05p  56.5  11:31p   2.6   0.1  1.50  11.1  32.0   1:14a    SE
 8  59.6  64.3   8:21a  56.3   8:59a   5.4   0.0  1.20   5.2  48.0   8:44a     E
 9  57.6  59.7   4:33p  55.7  12:56a   7.1   0.0  0.40   5.3  17.0   3:49a     N
10  59.3  62.8   4:25p  56.6   5:51a   5.7   0.0  0.01   8.7  23.0  10:26a     N
11  56.1  58.8  12:00a  54.5  11:44a   8.4   0.0  0.34   9.4  21.0   6:33a     N
12  60.6  69.2   4:50p  55.4  10:58p   4.7   0.3  0.03   3.5  13.0  10:05a   ENE
13  61.9  71.4   2:48p  54.2   3:42a   4.2   1.1  0.01   8.3  26.0  11:47a   SSW
14  64.3  83.9   5:23p  48.8   7:04a   5.5   4.8  0.00   5.0  19.0   2:51p   SSE
15  64.4  77.7   3:50p  51.7   6:45a   4.3   3.7  0.00   5.0  21.0   3:59p     W
16  60.1  75.7   6:18p  44.6   6:53a   7.1   2.2  0.00   4.0  17.0  10:25a     E
17  55.1  58.7   2:46p  49.3   8:38a   9.9   0.0  0.13   7.4  27.0   8:57a   NNE
18  53.9  56.2   8:26a  44.4  11:58p  11.1   0.0  0.09   6.7  25.0  11:21p     N
19  46.2  57.6   4:41p  36.5   7:39a  18.8   0.0  0.00   9.8  29.0  12:47a   NNW
20  43.2  54.0   5:01p  31.2   7:36a  21.8   0.0  0.00   4.7  24.0  11:43a   NNW
21  48.2  64.3   5:00p  31.4   7:31a  16.8   0.0  0.00   8.0  28.0   5:35p   SSE
22  59.9  73.9   4:43p  48.0   7:36a   7.0   1.9  0.00  16.3  34.0   5:12p   SSE
23  68.5  81.0   4:06p  60.0   8:27p   0.9   4.4  0.45  14.6  34.0   5:25a   SSE
24  51.0  61.8  12:00a  42.4   6:08a  14.0   0.0  0.00   5.8  26.0   9:35a     W
25  52.3  66.1   5:43p  35.1   7:12a  12.8   0.1  0.00   4.0  17.0   4:49p   ESE
26  60.5  73.5   6:04p  47.2   7:28a   6.2   1.8  0.00   6.3  20.0  10:54a   ESE
27  53.7  61.0   5:45p  44.9   7:53a  10.9   0.0  0.00   6.8  29.0   6:58a    NW
28  53.4  67.6   4:57p  38.0   3:50a  11.9   0.3  0.00   3.7  17.0   5:12p     E
29  61.1  71.6   5:05p  51.2   3:28a   5.3   1.3  0.00   8.9  24.0   5:26p     E
30  69.0  77.4   5:11p  62.2   9:51p   0.1   4.1  0.71   9.1  23.0   1:55p    SE
31  62.3  71.3   4:57p  52.7  11:50p   4.0   1.3  0.00   3.5  16.0  10:31a     W
----------------------------------------------------------------------------------
    57.8  83.9    14    31.2    20   253.7  32.4  4.87   7.1  48.0     8       E

Max >=  80.0:  2
Max <=  32.0:  0
Min <=  32.0:  2
Min <=   0.0:  0
Max Rain: 1.50 on day 7
Days of Rain: 11 (>= 0.01 in)  7 (>= 0.10 in)  2 (>= 1.00 in)
Heat Base: 65.0  Cool Base: 65.0  Method: Integration