NOAA-Style Climate Reports

Select a Year or Month report
2018: Jan Feb Mar Apr May Jun Jul Aug Sep Oct Nov Dec
2017: Jan Feb Mar Apr May Jun Jul Aug Sep Oct Nov Dec
2016: Jan Feb Mar Apr May Jun Jul Aug Sep Oct Nov Dec
2015: Jan Feb Mar Apr May Jun Jul Aug Sep Oct Nov Dec
2014: Jan Feb Mar Apr May Jun Jul Aug Sep Oct Nov Dec
2013: Jan Feb Mar Apr May Jun Jul Aug Sep Oct Nov Dec

Report for 2016 February
                   Monthly Climatological Summary for Feb 2016

Name: GainesvilleTXWX   City: Gainesville   State: Texas
Elevation: 876 ft  Lat: N 33° 41' 02"   Lon: W 097° 10' 25"

                  Temperature (°F), Rain (in), Wind Speed (mph)

                                      Heat  Cool        Avg
    Mean                              Deg   Deg         Wind                 Dom
Day Temp  High   Time   Low    Time   Days  Days  Rain  Speed High   Time    Dir
----------------------------------------------------------------------------------
 1  53.4  64.5   3:18p  36.8   7:17a  11.6   0.0  0.00   7.1  24.0   2:25p   ENE
 2  51.2  62.7  12:00a  38.9  11:58p  13.8   0.0  0.00   8.5  28.0   2:39p    SW
 3  38.3  48.6   3:33p  29.8   7:18a  26.6   0.0  0.00   4.0  20.0  12:00p    NW
 4  39.5  53.3   3:26p  27.2   7:27a  25.4   0.0  0.00   1.5  23.0   2:42p   WSW
 5  43.4  56.6   3:10p  29.0   6:03a  21.6   0.0  0.00   6.4  21.0  12:36p    SE
 6  44.4  53.7   3:41p  35.7  11:02p  20.6   0.0  0.00   3.7  19.0   6:30a   NNE
 7  46.2  64.2   3:21p  29.9   6:01a  18.8   0.0  0.00   4.8  18.0   9:19a     S
 8  44.2  54.1   3:00p  35.7   7:32a  19.9   0.0  0.00   5.9  32.0   3:30p    NW
 9  44.4  59.3   2:59p  32.8   2:31a  20.6   0.0  0.00   5.1  25.0   3:47p   WNW
10  49.4  74.9   4:15p  28.5   7:21a  16.8   1.2  0.00   5.1  22.0  12:00p     S
11  56.3  71.8   3:43p  44.2   7:29a   9.7   1.0  0.00   4.9  17.0  10:42a     N
12  51.3  68.3   4:12p  36.7   6:02a  14.0   0.3  0.00   4.9  20.0  11:56p     N
13  49.2  61.8   4:17p  35.1   7:38a  15.8   0.0  0.00   8.6  22.0   1:47a   ENE
14  57.8  66.1   3:31p  49.2  11:52p   7.2   0.0  0.00   7.1  25.0   5:22a    SE
15  55.3  68.9   3:43p  43.0  11:53p  10.3   0.6  0.01   4.8  20.0   1:35p    NW
16  54.2  68.0   2:59p  41.5  12:40a  11.1   0.3  0.00   5.6  24.0  11:18a    NW
17  53.9  68.0   3:57p  36.8   7:17a  11.4   0.3  0.00   5.3  21.0   2:12p    SE
18  62.0  73.8   3:45p  50.3   2:34a   5.0   2.0  0.00  13.6  35.0   4:39p    SE
19  66.7  76.5   3:59p  57.4   7:19a   1.9   3.5  0.00  10.0  27.0   1:04a   SSE
20  68.3  78.3   3:33p  62.3   6:40a   0.5   3.8  0.00   9.7  23.0  11:04a   SSE
21  61.5  67.3   3:23p  57.1   8:40p   3.7   0.2  0.05   5.9  22.0   2:53p     N
22  56.1  63.6   3:17p  47.7   7:16a   8.9   0.0  0.01   7.9  21.0   5:09a   NNE
23  44.1  53.1  12:00a  39.2  12:36p  20.7   0.0  0.87  12.4  34.0   6:00a   NNW
24  46.5  58.6   4:02p  36.1   7:00a  18.5   0.0  0.00   5.1  23.0  12:43p     W
25  45.4  54.2   2:58p  36.7   7:23a  19.6   0.0  0.00   6.4  24.0  11:28a    NW
26  45.1  60.1   4:25p  28.8   5:54a  19.7   0.0  0.00   3.1  15.0   1:00p   SSE
27  53.9  70.1   2:48p  36.1   6:50a  12.1   1.0  0.00   6.2  23.0   3:16p   SSE
28  61.0  75.0   4:00p  51.7   6:19a   6.0   2.0  0.00   7.8  27.0  10:59a     S
29  61.1  73.2   2:17p  44.0   7:15a   6.1   2.3  0.00   5.6  19.0   5:12p   ESE
----------------------------------------------------------------------------------
    51.9  78.3    20    27.2     4   397.9  18.5  0.94   6.5  35.0    18     ESE

Max >=  80.0:  0
Max <=  32.0:  0
Min <=  32.0:  6
Min <=   0.0:  0
Max Rain: 0.87 on day 23
Days of Rain: 4 (>= 0.01 in)  1 (>= 0.10 in)  0 (>= 1.00 in)
Heat Base: 65.0  Cool Base: 65.0  Method: Integration