NOAA-Style Climate Reports

Select a Year or Month report
2018: Jan Feb Mar Apr May Jun Jul Aug Sep Oct Nov Dec
2017: Jan Feb Mar Apr May Jun Jul Aug Sep Oct Nov Dec
2016: Jan Feb Mar Apr May Jun Jul Aug Sep Oct Nov Dec
2015: Jan Feb Mar Apr May Jun Jul Aug Sep Oct Nov Dec
2014: Jan Feb Mar Apr May Jun Jul Aug Sep Oct Nov Dec
2013: Jan Feb Mar Apr May Jun Jul Aug Sep Oct Nov Dec

Report for 2016 January
                   Monthly Climatological Summary for Jan 2016

Name: GainesvilleTXWX   City: Gainesville   State: Texas
Elevation: 876 ft  Lat: N 33° 41' 02"   Lon: W 097° 10' 25"

                  Temperature (°F), Rain (in), Wind Speed (mph)

                                      Heat  Cool        Avg
    Mean                              Deg   Deg         Wind                 Dom
Day Temp  High   Time   Low    Time   Days  Days  Rain  Speed High   Time    Dir
----------------------------------------------------------------------------------
 1  37.9  46.6   4:25p  30.6   7:49a  27.0   0.0  0.00   3.5  15.0  10:45a   NNW
 2  41.3  50.0   2:49p  32.0   1:13a  23.7   0.0  0.00   1.5  10.0   1:41p   WSW
 3  41.2  55.8   3:06p  30.8   6:05a  23.8   0.0  0.00   3.4  15.0  12:44p    NW
 4  38.0  51.3   3:30p  28.0   7:27a  27.0   0.0  0.00   3.7  14.0   9:52a     N
 5  35.6  44.6   3:27p  26.9   7:42a  29.4   0.0  0.00   4.5  13.0   9:37a     E
 6  41.6  44.4   2:44p  38.1   8:18a  23.3   0.0  0.61   5.4  14.0   8:52p   ESE
 7  50.0  63.1   4:20p  43.0  12:00a  15.0   0.0  0.02   5.3  19.0   2:39p   SSE
 8  45.5  55.8   2:35p  37.6   7:39a  19.5   0.0  0.00   5.6  21.0  11:45p     N
 9  36.6  42.1  12:00a  31.8  11:55p  28.4   0.0  0.02   7.7  25.0   3:54p    NW
10  30.1  39.5   4:06p  22.0   7:33a  34.8   0.0  0.00   3.7  16.0   5:19a   NNW
11  35.5  48.4   4:20p  26.3   3:12a  29.5   0.0  0.00   2.8  15.0  12:03p   SSE
12  43.8  62.2   3:40p  29.0   7:25a  21.2   0.0  0.00   1.4  10.0   1:41p     S
13  47.4  65.1   3:52p  31.5   6:55a  17.6   0.0  0.00   4.3  18.0  11:59a     S
14  50.4  64.0   3:45p  36.8   6:09a  14.6   0.0  0.00   8.3  29.0   3:01p   SSE
15  49.2  60.6   3:53p  40.4   7:15a  15.8   0.0  0.00   3.7  18.0   9:20a    NW
16  37.2  42.6  12:00a  29.8  10:06p  27.8   0.0  0.06   6.1  22.0   5:09a     N
17  37.1  52.6   3:18p  26.1   6:33a  27.8   0.0  0.01   3.4  25.0   8:36p   NNE
18  31.9  44.5   4:12p  22.3   7:36a  33.1   0.0  0.00   4.2  16.0   1:41a     N
19  43.3  59.5   4:48p  31.8  11:56p  21.7   0.0  0.00   7.3  23.0  10:05a    SE
20  36.6  42.5   3:25p  31.3  12:21a  28.4   0.0  0.00   3.2  17.0   4:30a   NNE
21  39.6  44.6   1:47a  35.0  11:01p  25.4   0.0  0.22   7.8  27.0  11:59p   NNW
22  35.5  44.8   2:53p  28.6   9:55p  29.5   0.0  0.00   8.9  29.0  12:13a    NW
23  35.9  47.4   4:45p  26.7   7:36a  29.1   0.0  0.00   4.1  15.0  12:10a     E
24  48.1  60.6   3:54p  35.8   1:56a  16.9   0.0  0.00  11.6  32.0   3:26p    SE
25  52.4  62.0   3:36p  40.9  11:57p  12.6   0.0  0.00   6.3  21.0  12:57a   SSW
26  41.6  49.6   3:42p  34.5  11:58p  23.4   0.0  0.00   9.4  28.0  10:49a   NNW
27  41.7  58.9   5:20p  27.4   7:41a  23.3   0.0  0.00   1.5  10.0   2:10p    NW
28  47.9  67.3   3:57p  30.4   6:12a  17.1   0.1  0.00   2.4  14.0  12:58p   WSW
29  55.6  74.4   3:14p  37.9   5:31a  11.4   2.0  0.00   8.1  30.0   2:43p   SSE
30  59.0  73.8   3:43p  42.0   6:29a   7.5   1.5  0.00   7.8  23.0  11:51p   SSE
31  56.8  66.8   3:45p  45.1  11:58p   8.3   0.1  0.00   6.6  23.0  12:08a   SSW
----------------------------------------------------------------------------------
    42.7  74.4    29    22.0    10   693.9   3.7  0.94   5.3  32.0    24     ENE

Max >=  80.0:  0
Max <=  32.0:  0
Min <=  32.0: 19
Min <=   0.0:  0
Max Rain: 0.61 on day 6
Days of Rain: 6 (>= 0.01 in)  2 (>= 0.10 in)  0 (>= 1.00 in)
Heat Base: 65.0  Cool Base: 65.0  Method: Integration