NOAA-Style Climate Reports

Select a Year or Month report
2018: Jan Feb Mar Apr May Jun Jul Aug Sep Oct Nov Dec
2017: Jan Feb Mar Apr May Jun Jul Aug Sep Oct Nov Dec
2016: Jan Feb Mar Apr May Jun Jul Aug Sep Oct Nov Dec
2015: Jan Feb Mar Apr May Jun Jul Aug Sep Oct Nov Dec
2014: Jan Feb Mar Apr May Jun Jul Aug Sep Oct Nov Dec
2013: Jan Feb Mar Apr May Jun Jul Aug Sep Oct Nov Dec

Report for 2016
                   Annual Climatological Summary for 2016

Name: GainesvilleTXWX   City: Gainesville   State: Texas
Elevation: 876 ft  Lat: N 33° 41' 02"   Lon: W 097° 10' 25"

                  Temperature (°F), Heat Base: 65.0  Cool Base: 65.0
                          Dep.  Heat  Cool                       Max  Max  Min  Min
        Mean  Mean        From  Deg   Deg                        >=   <=   <=   <=
 YR MO  Max   Min   Mean  Norm  Days  Days  Hi  Date  Low  Date 80.0 32.0 32.0   0.0
------------------------------------------------------------------------------------
 16  1  54.4  32.6  42.7   0.0   693     3  74.4  29  22.0   10    0    0   19    0
 16  2  64.4  39.9  51.9   0.0   397    18  78.3  20  27.2    4    0    0    6    0
 16  3  67.8  47.4  57.8   0.0   253    32  83.9  14  31.2   20    2    0    2    0
 16  4  74.5  54.5  64.4   0.0   116    97  85.3   4  39.0    2    7    0    0    0
 16  5  78.1  59.9  69.0   0.0    64   187  90.6  10  45.1    3   17    0    0    0
 16  6  90.0  70.6  80.1   0.0     0   450  96.3  27  60.9    6   28    0    0    0
 16  7  94.3  74.2  84.0   0.0     0   588  98.9  24  66.5    9   31    0    0    0
 16  8  92.8  72.4  82.0   0.0     0   525 103.1  12  62.9   16   30    0    0    0
 16  9  88.1  67.0  76.7   0.0    18   369  98.0  19  50.4   30   25    0    0    0
 16 10  81.7  59.0  69.3   0.0    72   204  89.5   5  46.6   21   20    0    0    0
 16 11  69.6  49.2  58.9   0.0   231    46  85.1  16  31.8   20    4    0    2    0
 16 12  55.4  34.3  44.5   0.0   643     7  77.4  28  10.4   19    0    1   10    0
------------------------------------------------------------------------------------
        75.9  55.1  65.1   0.0  2492  2533 103.1 Aug  10.4  Dec  164    1   39    0

                                Precipitation (in)

              Dep.   Max        Days of Rain
              From   Obs.           >=
 YR MO Total  Norm   Day Date 0.01 0.10 1.00
---------------------------------------------
 16  1  0.94   0.0  0.61   6     6    2    0
 16  2  0.94   0.0  0.87  23     4    1    0
 16  3  4.87   0.0  1.50   7    11    7    2
 16  4  6.62   0.0  2.21  17    12    7    3
 16  5  7.94   0.0  1.96  23    16    7    4
 16  6  5.43   0.0  3.41   2    10    4    1
 16  7  3.20   0.0  1.60   9     6    4    1
 16  8  3.30   0.0  1.06  19     7    5    1
 16  9  4.76   0.0  2.11   1     5    5    2
 16 10  3.93   0.0  1.81  20     6    4    2
 16 11  4.82   0.0  2.27  28     8    3    2
 16 12  0.81   0.0  0.41   3     9    3    0
---------------------------------------------
       47.56   0.0  3.41  Jun  100   52   18

                                Wind Speed (mph)
                          Dom
 YR MO   Avg.  Hi   Date  Dir
------------------------------
 16  1   5.3  32.0   24    NE
 16  2   6.5  35.0   18   ESE
 16  3   7.1  48.0    8     E
 16  4   5.3  36.0    6   ESE
 16  5   5.8  43.0    9   ESE
 16  6   4.0  31.0   12   ESE
 16  7   5.7  55.0    4    SE
 16  8   3.9  29.0    3   ESE
 16  9   3.5  37.0   10   ESE
 16 10   5.1  30.0   15    SE
 16 11   4.4  36.0   28    SE
 16 12   5.5  35.0   25    NE
------------------------------
         5.2  55.0  Jul   ESE