NOAA-Style Climate Reports

Select a Year or Month report
2018: Jan Feb Mar Apr May Jun Jul Aug Sep Oct Nov Dec
2017: Jan Feb Mar Apr May Jun Jul Aug Sep Oct Nov Dec
2016: Jan Feb Mar Apr May Jun Jul Aug Sep Oct Nov Dec
2015: Jan Feb Mar Apr May Jun Jul Aug Sep Oct Nov Dec
2014: Jan Feb Mar Apr May Jun Jul Aug Sep Oct Nov Dec
2013: Jan Feb Mar Apr May Jun Jul Aug Sep Oct Nov Dec

Report for 2015 December
                   Monthly Climatological Summary for Dec 2015

Name: GainesvilleTXWX   City: Gainesville   State: Texas
Elevation: 876 ft  Lat: N 33° 41' 02"   Lon: W 097° 10' 25"

                  Temperature (°F), Rain (in), Wind Speed (mph)

                                      Heat  Cool        Avg
    Mean                              Deg   Deg         Wind                 Dom
Day Temp  High   Time   Low    Time   Days  Days  Rain  Speed High   Time    Dir
----------------------------------------------------------------------------------
 1  41.0  52.0   3:56p  32.8   7:57a  24.0   0.0  0.00   1.4  13.0   3:23p    SE
 2  44.3  56.5   3:24p  34.9   3:52a  20.7   0.0  0.01   2.3  19.0  12:22p   WNW
 3  47.2  61.4   3:30p  34.3   6:00a  17.7   0.0  0.00   1.5  11.0   1:51p    SE
 4  46.9  58.6   2:17p  38.4   4:34a  18.1   0.0  0.00   3.1  13.0  10:36a   ESE
 5  46.3  58.4   2:33p  35.7   6:03a  18.7   0.0  0.00   4.7  17.0  11:28a   ESE
 6  50.2  64.0   3:46p  40.0   7:20a  14.8   0.0  0.00   2.9  18.0  10:46a    NW
 7  50.0  66.1   2:42p  35.6   6:15a  15.1   0.1  0.00   2.9  15.0  12:19p   SSE
 8  53.8  71.2   2:50p  41.5   5:04a  11.9   0.7  0.00   4.6  20.0   1:19p   SSE
 9  54.5  73.2   2:41p  41.6   7:17a  11.9   1.4  0.00   2.1  11.0   2:55p   SSE
10  56.6  71.9   4:10p  46.8   2:41a   9.1   0.8  0.00   2.8  14.0   9:00a   SSE
11  57.6  74.2   2:34p  40.8   6:17a   9.0   1.6  0.00   5.6  21.0  12:54p    SE
12  68.5  72.7   3:00p  63.5  12:01a   0.0   3.5  0.00  10.4  26.0   2:28p    SE
13  52.8  70.3   1:48a  46.7  11:52p  12.6   0.3  0.34   9.5  36.0   1:54a   SSW
14  51.9  65.4   3:17p  40.8   7:37a  13.0   0.0  0.00   5.9  21.0   3:03a   SSW
15  55.5  67.9   3:13p  46.1  11:15p   9.8   0.3  0.00   5.1  20.0  10:42a   SSE
16  44.6  54.6   3:12p  34.9  10:53p  19.9   0.0  0.00   4.1  22.0   2:56a   WNW
17  41.7  56.8   4:18p  29.7   5:39a  23.3   0.0  0.00   7.1  27.0   6:40p    NW
18  36.8  49.3   3:30p  25.0   7:30a  27.0   0.0  0.00   3.8  15.0   3:00p   SSW
19  46.9  60.5   2:54p  34.3   4:46a  18.0   0.0  0.00   7.7  23.0  10:37a    SE
20  54.1  62.0  10:15p  48.4   2:55a  10.9   0.0  0.00  11.7  27.0   4:31p    SE
21  56.6  66.5   3:28p  44.7  12:00a   8.5   0.1  0.01   5.2  17.0  12:02a    SW
22  53.0  69.6   3:36p  38.1   7:00a  10.7   0.2  0.00   8.3  25.0  10:11p    SE
23  61.6  68.8   1:35p  48.3  11:54p   4.2   0.7  0.00   7.9  27.0   9:30a    SW
24  54.1  67.4   2:06p  44.2  11:36p  11.1   0.2  0.00   4.3  18.0   2:41p   NNW
25  55.7  72.1   3:09p  38.0   7:36a  10.3   1.0  0.00   5.0  15.0   2:41p   ENE
26  63.7  76.1   3:12p  45.2  11:57p   4.8   3.5  0.73  11.1  45.0   9:37p     E
27  39.3  45.3  12:00a  36.8   2:47p  25.5   0.0  1.34  18.6  41.0  12:48p   NNW
28  32.9  37.4  12:00a  28.4  11:32p  32.0   0.0  0.12   6.9  42.0   2:23a   WNW
29  33.7  42.7   3:31p  26.5   4:51a  31.3   0.0  0.14   2.7  14.0   7:27p   NNE
30  39.4  50.8   3:45p  31.8   7:27a  25.5   0.0  0.00   3.0  11.0  11:44a     N
31  38.9  46.3   2:05p  30.7   7:33a  26.1   0.0  0.00   4.8  13.0   2:26a     N
----------------------------------------------------------------------------------
    49.4  76.1    26    25.0    18   495.5  14.4  2.69   5.7  45.0    26     SSE

Max >=  80.0:  0
Max <=  32.0:  0
Min <=  32.0:  6
Min <=   0.0:  0
Max Rain: 1.34 on day 27
Days of Rain: 7 (>= 0.01 in)  5 (>= 0.10 in)  1 (>= 1.00 in)
Heat Base: 65.0  Cool Base: 65.0  Method: Integration