NOAA-Style Climate Reports

Select a Year or Month report
2018: Jan Feb Mar Apr May Jun Jul Aug Sep Oct Nov Dec
2017: Jan Feb Mar Apr May Jun Jul Aug Sep Oct Nov Dec
2016: Jan Feb Mar Apr May Jun Jul Aug Sep Oct Nov Dec
2015: Jan Feb Mar Apr May Jun Jul Aug Sep Oct Nov Dec
2014: Jan Feb Mar Apr May Jun Jul Aug Sep Oct Nov Dec
2013: Jan Feb Mar Apr May Jun Jul Aug Sep Oct Nov Dec

Report for 2015 November
                   Monthly Climatological Summary for Nov 2015

Name: GainesvilleTXWX   City: Gainesville   State: Texas
Elevation: 876 ft  Lat: N 33° 41' 02"   Lon: W 097° 10' 25"

                  Temperature (°F), Rain (in), Wind Speed (mph)

                                      Heat  Cool        Avg
    Mean                              Deg   Deg         Wind                 Dom
Day Temp  High   Time   Low    Time   Days  Days  Rain  Speed High   Time    Dir
----------------------------------------------------------------------------------
 1  55.1  61.3   4:37p  50.1   2:27a  10.2   0.0  0.06   1.1  10.0  10:35a   NNW
 2  59.6  71.1   4:10p  52.3   3:28a   6.2   0.8  0.01   3.0  13.0   8:18p   ESE
 3  62.4  71.2   2:38p  56.7   3:25a   3.6   1.0  0.01   5.8  15.0   5:42a   ESE
 4  65.3  71.3   3:34p  59.6   1:46a   1.7   2.0  0.01   7.2  20.0  10:19a   ESE
 5  68.6  73.9   1:52p  59.7  11:58p   0.2   3.8  1.05   6.4  20.0   2:09a    SE
 6  58.0  68.2   3:11p  49.0   5:32a   7.3   0.2  0.00   3.2  15.0   9:45a     N
 7  57.2  66.8   2:20p  48.5  11:43p   7.9   0.2  0.00   6.4  20.0  12:46p     N
 8  53.2  64.4   2:25p  41.7   7:01a  11.8   0.0  0.00   2.7  13.0   9:45a     N
 9  55.1  64.9   3:48p  47.4   3:10a   9.9   0.0  0.00   2.7  13.0  10:19a   ESE
10  62.9  75.0   1:15p  49.2   4:41a   5.2   3.2  0.00   7.8  21.0   1:21p    SE
11  67.7  77.7  10:37a  51.3  11:59p   1.7   4.4  0.00  10.2  32.0   2:28p   SSW
12  53.5  67.7   2:15p  40.4   6:43a  11.6   0.2  0.00   3.2  19.0   1:24p   NNW
13  52.8  68.0   3:00p  38.6   6:53a  12.6   0.4  0.00   2.3  16.0  12:01p     E
14  54.1  65.0   1:33p  43.9   2:57a  10.9   0.0  0.00   3.9  17.0  10:37a    SE
15  55.4  59.9  12:48p  51.7   7:54p   9.6   0.0  0.40   6.7  21.0   4:25p   ESE
16  62.1  70.5  10:47p  52.3  12:00a   3.9   1.1  0.06  11.0  29.0  11:03p   ESE
17  58.5  71.5  12:59a  48.9  11:59p   7.3   0.8  0.62   9.8  33.0   3:16a     S
18  54.0  68.4   3:34p  42.6   5:21a  11.3   0.4  0.00   6.7  29.0   1:08a   SSW
19  53.6  65.7   2:32p  43.9   5:38a  11.4   0.0  0.00   6.4  28.0   9:24a     N
20  57.9  69.7   3:14p  45.5  12:00a   7.7   0.6  0.00   6.6  20.0   9:20a   ESE
21  45.6  59.5   2:50a  32.4  11:20p  19.4   0.0  0.00  10.2  32.0   4:40a   NNW
22  40.6  56.3   3:52p  26.6   5:45a  24.4   0.0  0.00   2.3  17.0  10:35a     S
23  47.2  62.1   2:18p  33.2   7:06a  17.8   0.0  0.00   3.8  16.0   1:58p    SE
24  55.3  61.9   9:18p  45.5   6:50a   9.7   0.0  0.00   8.1  21.0   9:06p    SE
25  63.4  70.8   3:54p  59.4   8:22a   2.5   1.0  0.00  11.1  26.0   2:58p    SE
26  66.4  67.9  10:22p  65.1   5:41a   0.0   1.4  1.72  10.5  27.0   7:14p   ESE
27  39.7  67.5  12:21a  34.8  11:35p  25.4   0.0  2.25  10.1  23.0   8:42p   NNW
28  36.3  38.8   4:43p  34.0   5:05a  28.7   0.0  0.35   7.0  18.0  12:46a    NW
29  38.8  41.5   2:04p  36.4  12:01a  26.1   0.0  0.53   4.0  14.0   3:46a   NNW
30  43.1  47.4   2:32p  38.7  11:58p  21.9   0.0  0.04   2.3  12.0   1:46p     W
----------------------------------------------------------------------------------
    54.8  77.7    11    26.6    22   327.9  21.5  7.11   6.1  33.0    17     ESE

Max >=  80.0:  0
Max <=  32.0:  0
Min <=  32.0:  1
Min <=   0.0:  0
Max Rain: 2.25 on day 27
Days of Rain: 13 (>= 0.01 in)  7 (>= 0.10 in)  3 (>= 1.00 in)
Heat Base: 65.0  Cool Base: 65.0  Method: Integration