NOAA-Style Climate Reports

Select a Year or Month report
2018: Jan Feb Mar Apr May Jun Jul Aug Sep Oct Nov Dec
2017: Jan Feb Mar Apr May Jun Jul Aug Sep Oct Nov Dec
2016: Jan Feb Mar Apr May Jun Jul Aug Sep Oct Nov Dec
2015: Jan Feb Mar Apr May Jun Jul Aug Sep Oct Nov Dec
2014: Jan Feb Mar Apr May Jun Jul Aug Sep Oct Nov Dec
2013: Jan Feb Mar Apr May Jun Jul Aug Sep Oct Nov Dec

Report for 2015 October
                   Monthly Climatological Summary for Oct 2015

Name: GainesvilleTXWX   City: Gainesville   State: Texas
Elevation: 876 ft  Lat: N 33° 41' 02"   Lon: W 097° 10' 25"

                  Temperature (°F), Rain (in), Wind Speed (mph)

                                      Heat  Cool        Avg
    Mean                              Deg   Deg         Wind                 Dom
Day Temp  High   Time   Low    Time   Days  Days  Rain  Speed High   Time    Dir
----------------------------------------------------------------------------------
 1  65.8  72.7   4:42p  60.6  11:41p   1.2   2.0  0.04   4.2  17.0   9:50a     N
 2  63.2  77.1   3:39p  50.0   7:34a   4.8   3.0  0.00   5.5  18.0   1:31p     N
 3  61.7  76.4   4:22p  48.2   7:36a   5.8   2.7  0.00   3.7  16.0   3:14p     N
 4  64.1  78.4   5:26p  50.8   6:34a   4.3   3.5  0.00   3.5  19.0   3:34p     N
 5  63.7  73.8   2:47p  57.4   2:22a   3.2   1.8  0.00   3.9  17.0   3:05p   NNW
 6  65.5  82.6   4:36p  52.1   6:55a   4.5   5.0  0.00   2.6  14.0   2:43p     N
 7  72.1  85.9   2:29p  58.8   5:44a   1.4   8.5  0.00   2.6  13.0   3:27p   NNE
 8  74.4  88.4   4:39p  61.3   7:34a   0.5  10.0  0.00   1.9  11.0   2:57p   ENE
 9  68.7  78.3  12:37p  58.2  11:58p   0.7   4.4  0.00   5.3  27.0   1:39p     N
10  66.4  84.4   5:30p  51.1   7:13a   4.1   5.5  0.01   1.7  11.0  11:55a     N
11  76.2  93.6   4:16p  59.4   7:33a   1.4  12.6  0.00   6.7  25.0   2:49p   SSE
12  77.9  89.4   4:08p  62.4  11:51p   0.0  12.9  0.00   7.1  27.0   4:23p   NNE
13  71.0  91.6   4:59p  51.8   7:39a   3.1   9.0  0.00   1.8  11.0  10:31a   NNW
14  74.7  96.1   4:10p  54.6   7:36a   2.3  12.0  0.00   3.6  18.0  12:05p     S
15  76.1  95.9   4:39p  56.8   6:52a   1.3  12.4  0.00   5.4  21.0  12:07p   SSE
16  67.6  76.1   3:09a  57.7  11:57p   0.9   3.6  0.00   8.3  26.0  10:03a     N
17  63.4  75.9   3:59p  51.1   6:53a   4.6   2.9  0.00   4.8  16.0   9:46a   ENE
18  63.5  77.5   4:31p  50.9   7:20a   4.4   2.9  0.00   5.1  16.0   9:27a     E
19  66.1  80.2   5:07p  52.8   6:52a   3.4   4.4  0.00   6.2  23.0   1:09p   ESE
20  69.3  81.7   4:43p  57.0   7:52a   1.9   6.2  0.00   6.0  21.0  10:20a    SE
21  73.6  83.0   4:24p  67.0   7:09a   0.0   8.6  0.00   6.5  18.0  10:37p   ESE
22  68.5  78.8  12:41p  64.4   7:45a   0.0   3.6  3.72   6.3  27.0  12:42p   ENE
23  68.6  74.9   2:26p  62.4   5:44a   0.2   3.8  1.26   3.5  18.0  11:37a     E
24  61.2  68.9  12:00a  57.0  10:48a   4.4   0.6  0.33   7.7  25.0  10:16a     N
25  59.6  66.0   5:26p  55.5   7:33a   5.5   0.0  0.00   9.0  19.0  10:09a     N
26  60.1  74.0   3:49p  48.1   6:38a   6.6   1.7  0.00   5.1  16.0   9:30a   NNW
27  63.8  76.8   5:08p  52.6   7:12a   4.1   2.9  0.00   1.7  12.0  12:37p   WSW
28  61.2  71.9   2:00p  53.4   6:30a   5.3   1.5  0.00   9.5  23.0  11:00a   WNW
29  61.7  74.8   4:00p  49.4   7:30a   5.8   2.5  0.00   5.8  14.0   4:00p     E
30  61.0  64.3   5:00p  55.5   9:30a   3.8   0.0  4.43   8.6  20.0   4:55p   ENE
31  61.0  64.7   2:54a  51.8  11:54p   4.0   0.0  0.04   2.8  13.0  12:03p   WNW
----------------------------------------------------------------------------------
    66.8  96.1    14    48.1    26    93.5 150.5  9.83   4.9  27.0     9     NNE

Max >=  80.0: 12
Max <=  32.0:  0
Min <=  32.0:  0
Min <=   0.0:  0
Max Rain: 4.43 on day 30
Days of Rain: 7 (>= 0.01 in)  4 (>= 0.10 in)  3 (>= 1.00 in)
Heat Base: 65.0  Cool Base: 65.0  Method: Integration