NOAA-Style Climate Reports

Select a Year or Month report
2018: Jan Feb Mar Apr May Jun Jul Aug Sep Oct Nov Dec
2017: Jan Feb Mar Apr May Jun Jul Aug Sep Oct Nov Dec
2016: Jan Feb Mar Apr May Jun Jul Aug Sep Oct Nov Dec
2015: Jan Feb Mar Apr May Jun Jul Aug Sep Oct Nov Dec
2014: Jan Feb Mar Apr May Jun Jul Aug Sep Oct Nov Dec
2013: Jan Feb Mar Apr May Jun Jul Aug Sep Oct Nov Dec

Report for 2015 September
                   Monthly Climatological Summary for Sep 2015

Name: GainesvilleTXWX   City: Gainesville   State: Texas
Elevation: 876 ft  Lat: N 33° 41' 02"   Lon: W 097° 10' 25"

                  Temperature (°F), Rain (in), Wind Speed (mph)

                                      Heat  Cool        Avg
    Mean                              Deg   Deg         Wind                 Dom
Day Temp  High   Time   Low    Time   Days  Days  Rain  Speed High   Time    Dir
----------------------------------------------------------------------------------
 1  83.0  94.6   4:01p  73.1   7:07a   0.0  17.9  0.00   5.4  21.0   4:34p    SE
 2  82.6  93.5   4:40p  71.2   6:55a   0.0  17.6  0.00   5.5  20.0  12:48p    SE
 3  82.5  94.3   5:23p  70.9   7:02a   0.0  17.5  0.00   4.3  22.0   6:08p   ESE
 4  84.3  95.3   4:07p  73.9   7:07a   0.0  19.3  0.00   4.7  17.0  11:59a   ESE
 5  85.4  95.9   4:57p  75.3   6:39a   0.0  20.4  0.00   4.8  17.0   1:41p   ESE
 6  85.5  96.3  12:48p  76.9   7:02a   0.0  20.5  0.00   4.1  14.0   1:34p   ESE
 7  86.6  98.4  12:57p  74.9   6:54a   0.0  21.6  0.03   3.3  18.0   3:10p   SSE
 8  86.8  98.8   3:05p  75.7  11:58p   0.0  21.9  0.06   6.3  22.0   1:16p    SE
 9  77.2  84.5   3:10p  72.8   6:28a   0.0  12.2  0.67   3.6  18.0   4:38p   NNE
10  79.4  91.7   3:40p  70.3   7:03a   0.0  14.4  0.00   2.0  15.0   2:13p    NE
11  77.2  90.6   3:04p  67.4  11:58p   0.0  12.2  0.00   6.3  25.0   3:38p     N
12  70.9  83.2   5:23p  59.5   7:15a   0.7   6.6  0.00   3.7  19.0   2:26p   NNE
13  75.6  90.2   4:10p  62.1   2:52a   0.4  11.0  0.00   6.4  24.0   4:41p    SE
14  78.7  90.2   4:15p  69.0   7:08a   0.0  13.7  0.00   9.1  25.0  12:31p    SE
15  76.5  86.7   4:07p  65.4   6:00a   0.0  11.5  0.00   6.3  22.0   3:33p   ESE
16  81.5  91.4   5:27p  73.0   6:45a   0.0  16.5  0.00   8.8  27.0  11:03a    SE
17  83.5  93.3   4:35p  73.7   6:57a   0.0  18.5  0.00   8.5  26.0   1:55p    SE
18  83.9  95.6   4:07p  71.3   6:02a   0.0  18.9  0.00   7.1  23.0   1:09p    SE
19  76.5  84.6   3:39p  70.6   8:34a   0.0  11.5  0.01   4.0  16.0  10:23a    NE
20  69.9  75.6  10:26a  66.4  12:00a   0.0   4.9  0.28   4.1  21.0  12:11p   NNE
21  75.8  90.7   3:37p  63.9   5:32a   0.1  10.9  0.00   3.0  12.0  11:47a   ESE
22  80.6  92.5   2:46p  70.5   7:17a   0.0  15.6  0.00   4.1  19.0   1:59p     E
23  78.9  91.4   4:13p  68.8   7:29a   0.0  13.9  0.00   4.4  16.0  12:01p     E
24  77.4  89.5   4:06p  64.8   7:31a   0.0  12.4  0.00   2.7  15.0   3:21p    NE
25  77.5  90.0   3:56p  65.7   7:15a   0.0  12.5  0.00   2.7  18.0   3:04p   NNE
26  74.9  87.4   3:46p  61.8   6:33a   0.3  10.2  0.00   3.2  22.0   2:42p   NNE
27  74.1  87.8   3:33p  60.0   7:29a   0.7   9.8  0.00   2.6  12.0   1:56p    NE
28  73.9  87.3   3:47p  61.2   6:15a   0.5   9.4  0.00   3.0  17.0   3:54p     N
29  75.5  88.6   3:01p  64.1   6:48a   0.0  10.5  0.00   3.9  17.0   2:50p     N
30  75.0  89.0   3:33p  61.8   6:25a   0.2   9.7  0.00   5.7  16.0   2:30p     N
----------------------------------------------------------------------------------
    79.0  98.8     8    59.5    12     2.9 423.5  1.05   4.8  27.0    16       E

Max >=  80.0: 29
Max <=  32.0:  0
Min <=  32.0:  0
Min <=   0.0:  0
Max Rain: 0.67 on day 9
Days of Rain: 5 (>= 0.01 in)  2 (>= 0.10 in)  0 (>= 1.00 in)
Heat Base: 65.0  Cool Base: 65.0  Method: Integration