NOAA-Style Climate Reports

Select a Year or Month report
2018: Jan Feb Mar Apr May Jun Jul Aug Sep Oct Nov Dec
2017: Jan Feb Mar Apr May Jun Jul Aug Sep Oct Nov Dec
2016: Jan Feb Mar Apr May Jun Jul Aug Sep Oct Nov Dec
2015: Jan Feb Mar Apr May Jun Jul Aug Sep Oct Nov Dec
2014: Jan Feb Mar Apr May Jun Jul Aug Sep Oct Nov Dec
2013: Jan Feb Mar Apr May Jun Jul Aug Sep Oct Nov Dec

Report for 2015 August
                   Monthly Climatological Summary for Aug 2015

Name: GainesvilleTXWX   City: Gainesville   State: Texas
Elevation: 876 ft  Lat: N 33° 41' 02"   Lon: W 097° 10' 25"

                  Temperature (°F), Rain (in), Wind Speed (mph)

                                      Heat  Cool        Avg
    Mean                              Deg   Deg         Wind                 Dom
Day Temp  High   Time   Low    Time   Days  Days  Rain  Speed High   Time    Dir
----------------------------------------------------------------------------------
 1  83.5  94.9   5:56p  73.6   6:27a   0.0  18.5  0.00   2.1  14.0   3:50p     E
 2  84.3  95.0   5:54p  75.5   4:54a   0.0  19.3  0.00   3.1  16.0  11:18a   ESE
 3  85.1  96.9   2:54p  72.8   6:17a   0.0  20.1  0.00   2.4  13.0   2:25p     E
 4  84.7  96.1   5:55p  76.7   4:07a   0.0  19.7  0.00   3.9  19.0   1:56p     E
 5  88.8 101.2   4:23p  77.4   5:39a   0.0  23.5  0.00   6.5  20.0  10:17a   SSE
 6  90.5 102.9   5:07p  80.4   7:00a   0.0  24.5  0.00   8.2  23.0   3:26p     S
 7  89.4 102.8   3:41p  77.3   6:59a   0.0  24.4  0.00   5.6  17.0   9:00a   SSE
 8  87.8 100.6   4:46p  73.2   6:24a   0.0  22.8  0.00   5.4  24.0  12:36p    SE
 9  89.2 103.6   4:56p   0.0  12:01a   0.0  24.2  0.00   5.1  20.0   3:47p   SSE
10  88.6 102.9   2:52p  72.8   6:09a   0.0  23.6  0.00   3.1  21.0   3:04p   NNW
11  87.5  97.9   5:14p  77.4   6:45a   0.0  22.5  0.00   6.0  17.0   2:25p     N
12  83.1  94.3   4:21p  71.0   6:46a   0.0  18.1  0.00   6.0  20.0   4:02p     N
13  82.4  95.9   4:48p  70.2   6:09a   0.0  17.4  0.00   3.4  14.0   6:37p    NE
14  79.5  86.8   5:28p  73.6   6:22a   0.0  14.5  0.08   3.9  14.0   1:58p    NE
15  81.1  93.0   3:50p  69.7   6:54a   0.0  16.1  0.00   3.4  16.0   1:27p    NE
16  82.4  96.6   4:53p  66.8   7:21a   0.0  17.4  0.00   2.3  13.0   1:26p   ENE
17  84.1  96.1   4:01p  72.2   6:46a   0.0  19.1  0.00   3.2  16.0   1:44p     E
18  86.0  96.7   1:34p  74.9   5:42a   0.0  21.0  0.00   6.6  20.0  10:42a    SE
19  75.9  84.5   1:57a  65.6   9:43p   0.0  10.9  0.00   9.4  25.0   4:44p     N
20  71.1  83.8   3:30p  58.6   6:57a   1.2   7.3  0.00   4.6  15.0   2:26p   ENE
21  80.4  91.8   5:35p  71.4   2:55a   0.0  15.4  0.00   8.7  21.0   3:36p   ESE
22  85.1  96.7   5:10p  74.7   6:55a   0.0  20.1  0.00   8.0  21.0   2:05p    SE
23  84.7  95.0  12:21p  75.9   6:40a   0.0  19.7  0.00   6.8  21.0   1:13p     E
24  81.8  95.0   4:46p  70.8   6:59a   0.0  16.8  0.00   4.8  18.0  12:11a   NNE
25  81.3  92.6   3:13p  70.9   5:50a   0.0  16.3  0.00   4.4  18.0   4:59p    NE
26  82.4  94.8   5:36p  72.1   7:04a   0.0  17.4  0.00   3.2  12.0  10:11a     E
27  82.1  95.9   4:23p  68.4   6:54a   0.0  16.9  0.00   3.9  18.0   5:15p   ESE
28  82.0  95.4   5:19p  68.2   5:14a   0.0  17.0  0.00   5.6  16.0   9:30a   ESE
29  85.6  99.1   3:21p  74.3   6:52a   0.0  20.5  0.00   6.3  20.0   4:10p    SE
30  83.8  97.5   5:35p  69.6   4:48a   0.0  18.8  0.00   4.9  19.0   2:23p   SSW
31  82.2  93.8   3:58p  70.7   6:15a   0.0  17.2  0.00   5.1  18.0   2:56p   ESE
----------------------------------------------------------------------------------
    83.8 103.6     9     0.0     9     1.2 581.0  0.08   5.0  25.0    19     ESE

Max >=  80.0: 31
Max <=  32.0:  0
Min <=  32.0:  1
Min <=   0.0:  1
Max Rain: 0.08 on day 14
Days of Rain: 1 (>= 0.01 in)  0 (>= 0.10 in)  0 (>= 1.00 in)
Heat Base: 65.0  Cool Base: 65.0  Method: Integration