NOAA-Style Climate Reports

Select a Year or Month report
2018: Jan Feb Mar Apr May Jun Jul Aug Sep Oct Nov Dec
2017: Jan Feb Mar Apr May Jun Jul Aug Sep Oct Nov Dec
2016: Jan Feb Mar Apr May Jun Jul Aug Sep Oct Nov Dec
2015: Jan Feb Mar Apr May Jun Jul Aug Sep Oct Nov Dec
2014: Jan Feb Mar Apr May Jun Jul Aug Sep Oct Nov Dec
2013: Jan Feb Mar Apr May Jun Jul Aug Sep Oct Nov Dec

Report for 2015 July
                   Monthly Climatological Summary for Jul 2015

Name: GainesvilleTXWX   City: Gainesville   State: Texas
Elevation: 876 ft  Lat: N 33° 41' 02"   Lon: W 097° 10' 25"

                  Temperature (°F), Rain (in), Wind Speed (mph)

                                      Heat  Cool        Avg
    Mean                              Deg   Deg         Wind                 Dom
Day Temp  High   Time   Low    Time   Days  Days  Rain  Speed High   Time    Dir
----------------------------------------------------------------------------------
 1  81.9  92.0   5:19p  70.5   6:26a   0.0  16.9  0.00   8.3  25.0   3:28p     S
 2  81.3  90.0   4:04p  71.7   5:30a   0.0  16.3  0.00   8.4  21.0   9:15a     S
 3  79.6  87.3   4:09p  73.7  12:02p   0.0  14.6  0.14   4.6  19.0   2:51a   SSE
 4  80.3  92.2   2:08p  72.0   5:40a   0.0  15.3  0.21   4.2  26.0   4:13p    SE
 5  82.8  92.4   4:18p  73.2   3:11a   0.0  17.8  0.00   7.9  22.0   1:24p   SSE
 6  83.5  91.2   5:00p  76.6   6:04a   0.0  18.5  0.00  10.5  27.0   2:19p    SE
 7  80.4  84.1   3:02p  76.8   5:05a   0.0  15.4  0.00   8.2  25.0   9:44a   SSE
 8  75.3  80.8  12:55a  70.5   9:37a   0.0  10.3  0.91   5.2  21.0  12:45a   SSW
 9  81.3  90.2   4:03p  74.4  12:23a   0.0  16.3  0.00   7.9  25.0  10:00a   SSE
10  81.0  91.9   3:39p  68.9   6:47a   0.0  16.0  0.00   6.6  21.0  12:11p    SE
11  82.3  92.6   4:59p  71.9   6:30a   0.0  17.3  0.00   5.6  18.0   3:26p   SSE
12  82.5  94.1   4:46p  70.1   5:47a   0.0  17.5  0.00   5.3  19.0  11:09a     S
13  84.8  96.4   5:00p  73.6   5:57a   0.0  19.8  0.00   5.8  18.0   9:19a     S
14  85.5  98.0   4:32p  74.2   6:28a   0.0  20.5  0.00   4.9  19.0   9:57a     S
15  84.3  94.4   4:50p  73.4   6:23a   0.0  19.3  0.00   4.9  17.0   2:45p    SE
16  84.1  94.7   4:26p  72.1   6:00a   0.0  18.6  0.00   6.2  21.0   3:38p    SE
17  84.4  94.1   3:38p  72.8   6:18a   0.0  19.1  0.00   6.3  18.0   3:39p    SE
18  86.2  96.6   3:36p  74.6   6:42a   0.0  21.2  0.00   6.4  22.0   2:48p   SSE
19  86.3  96.0   4:51p  74.2   6:00a   0.0  20.3  0.00   4.7  19.0   2:57p    SE
20  86.8  98.1   3:50p  74.3   6:33a   0.0  20.7  0.00   5.0  17.0  10:08a   SSE
21  84.8  94.9   5:50p  74.5   6:30a   0.0  18.8  0.00   4.7  18.0   5:00p   ESE
22  85.4  96.7   5:00p  76.9   7:52a   0.0  20.4  0.04   5.1  20.0   3:18p    SE
23  87.2  97.7   3:07p  77.4   7:01a   0.0  22.2  0.00   5.6  20.0  11:58a   SSE
24  86.1  97.9   3:38p  73.6   6:34a   0.0  21.1  0.00   4.3  19.0  11:45a    SE
25  85.9  97.7   5:10p  73.6   6:41a   0.0  20.9  0.00   3.8  26.0   2:40p    SE
26  86.3  98.4   5:34p  71.7   6:26a   0.0  21.3  0.00   3.7  15.0   2:35p    SE
27  86.9  97.8   5:47p  74.1   6:49a   0.0  21.9  0.00   4.4  22.0   1:15p    SE
28  85.9  97.1   5:35p  73.6   6:37a   0.0  20.9  0.00   5.7  20.0  12:45p    SE
29  87.1  98.7   5:12p  73.7   6:46a   0.0  22.1  0.00   3.8  15.0   1:43p   ESE
30  87.8 100.4   3:01p  74.8   6:20a   0.0  22.8  0.00   2.4  20.0   4:37p   NNE
31  83.6  93.1   4:05p  74.6   6:54a   0.0  18.6  0.00   3.8  17.0   2:15p    NE
----------------------------------------------------------------------------------
    83.9 100.4    30    68.9    10     0.0 582.7  1.30   5.6  27.0     6     SSE

Max >=  80.0: 31
Max <=  32.0:  0
Min <=  32.0:  0
Min <=   0.0:  0
Max Rain: 0.91 on day 8
Days of Rain: 4 (>= 0.01 in)  3 (>= 0.10 in)  0 (>= 1.00 in)
Heat Base: 65.0  Cool Base: 65.0  Method: Integration