NOAA-Style Climate Reports

Select a Year or Month report
2018: Jan Feb Mar Apr May Jun Jul Aug Sep Oct Nov Dec
2017: Jan Feb Mar Apr May Jun Jul Aug Sep Oct Nov Dec
2016: Jan Feb Mar Apr May Jun Jul Aug Sep Oct Nov Dec
2015: Jan Feb Mar Apr May Jun Jul Aug Sep Oct Nov Dec
2014: Jan Feb Mar Apr May Jun Jul Aug Sep Oct Nov Dec
2013: Jan Feb Mar Apr May Jun Jul Aug Sep Oct Nov Dec

Report for 2015 June
                   Monthly Climatological Summary for Jun 2015

Name: GainesvilleTXWX   City: Gainesville   State: Texas
Elevation: 876 ft  Lat: N 33° 41' 02"   Lon: W 097° 10' 25"

                  Temperature (°F), Rain (in), Wind Speed (mph)

                                      Heat  Cool        Avg
    Mean                              Deg   Deg         Wind                 Dom
Day Temp  High   Time   Low    Time   Days  Days  Rain  Speed High   Time    Dir
----------------------------------------------------------------------------------
 1  70.2  82.7   5:15p  57.1   5:51a   1.8   7.0  0.00   1.9  12.0  10:47a   ENE
 2  76.0  86.7   5:39p  64.9   5:25a   0.0  11.0  0.00   5.2  18.0  11:30a   ESE
 3  78.4  88.8   4:51p  67.6   5:33a   0.0  13.4  0.00   6.5  21.0   5:11p   ESE
 4  79.7  90.3   5:37p  69.3   6:20a   0.0  14.7  0.00   4.9  19.0  12:25p   ESE
 5  80.0  90.3   6:14p  69.2   6:19a   0.0  15.0  0.00   3.2  16.0   3:25p   ESE
 6  81.3  92.3   5:47p  70.3   6:17a   0.0  16.3  0.00   2.5  13.0   2:20p   ESE
 7  81.5  92.4   4:05p  69.2   6:24a   0.0  16.5  0.00   4.9  18.0  12:18p     S
 8  82.9  94.6   7:04p  70.6   6:24a   0.0  17.9  0.00   3.0  18.0  10:51a   SSW
 9  84.3  95.5   5:08p  71.8   6:12a   0.0  19.3  0.00   2.0  10.0  12:04p    NE
10  85.6  96.8   3:17p  71.4   6:16a   0.0  20.0  0.00   3.2  15.0   3:51p   ESE
11  83.5  92.4   4:37p  72.1   6:05a   0.0  18.5  0.00   7.5  23.0  10:53a    SE
12  83.8  92.2   5:15p  75.9   6:26a   0.0  18.8  0.00   8.2  22.0   4:00p    SE
13  79.5  89.5   3:54p  67.9   5:20a   0.0  14.5  0.57   6.2  20.0   4:36a   ESE
14  80.2  88.7   3:02p  75.6   5:07a   0.0  15.2  0.00   9.1  26.0   6:12p   ESE
15  80.1  90.0   3:07p  72.3  11:27p   0.0  15.1  0.32   6.4  19.0   8:03p   ESE
16  75.4  82.8   1:40p  72.0  12:31a   0.0  10.4  0.25   4.3  20.0   3:09p    NE
17  72.9  74.5   4:56p  70.4  11:11p   0.0   7.9  3.52   7.8  28.0   5:10p   NNE
18  78.5  89.7   6:10p  69.1  12:51a   0.0  13.5  0.53   8.3  36.0   1:43a   WSW
19  82.0  93.7   5:00p  69.6   5:08a   0.0  17.0  0.00   3.6  15.0   3:32p   SSE
20  79.3  88.6   3:12p  70.9   5:58a   0.0  14.3  0.00   6.8  20.0   4:59p   SSE
21  76.2  81.4   6:13p  71.9   3:07a   0.0  11.2  0.00   6.3  17.0  11:23a    SE
22  81.0  92.4   4:36p  69.6   6:19a   0.0  16.0  0.00   8.0  23.0  11:56a   SSE
23  82.1  92.5   4:58p  71.1   6:14a   0.0  17.1  0.00   4.2  14.0   3:16p   SSE
24  83.3  93.4   3:30p  73.5   4:57a   0.0  18.3  0.00   4.7  17.0  10:21a   SSE
25  83.2  94.3   4:53p  71.9   6:24a   0.0  18.3  0.00   5.1  19.0  10:31a   SSE
26  80.2  94.1   4:09p  72.5   6:00a   0.0  15.2  0.49   4.2  16.0   5:20p   SSW
27  78.3  86.7   4:21p  71.1   6:16a   0.0  13.3  0.00   4.6  17.0  12:40p     N
28  78.9  90.0   4:18p  66.4   4:29a   0.0  13.9  0.00   1.5  10.0   5:20p     E
29  80.4  94.5   5:45p  67.6   6:14a   0.0  15.4  0.00   3.0  15.0   4:50p     S
30  82.1  94.1   5:50p  69.4   6:23a   0.0  17.1  0.00   4.8  24.0   2:41a   SSE
----------------------------------------------------------------------------------
    80.0  96.8    10    57.1     1     1.8 452.1  5.68   5.1  36.0    18      SE

Max >=  80.0: 29
Max <=  32.0:  0
Min <=  32.0:  0
Min <=   0.0:  0
Max Rain: 3.52 on day 17
Days of Rain: 6 (>= 0.01 in)  6 (>= 0.10 in)  1 (>= 1.00 in)
Heat Base: 65.0  Cool Base: 65.0  Method: Integration