NOAA-Style Climate Reports

Select a Year or Month report
2018: Jan Feb Mar Apr May Jun Jul Aug Sep Oct Nov Dec
2017: Jan Feb Mar Apr May Jun Jul Aug Sep Oct Nov Dec
2016: Jan Feb Mar Apr May Jun Jul Aug Sep Oct Nov Dec
2015: Jan Feb Mar Apr May Jun Jul Aug Sep Oct Nov Dec
2014: Jan Feb Mar Apr May Jun Jul Aug Sep Oct Nov Dec
2013: Jan Feb Mar Apr May Jun Jul Aug Sep Oct Nov Dec

Report for 2015 May
                   Monthly Climatological Summary for May 2015

Name: GainesvilleTXWX   City: Gainesville   State: Texas
Elevation: 876 ft  Lat: N 33° 41' 02"   Lon: W 097° 10' 25"

                  Temperature (°F), Rain (in), Wind Speed (mph)

                                      Heat  Cool        Avg
    Mean                              Deg   Deg         Wind                 Dom
Day Temp  High   Time   Low    Time   Days  Days  Rain  Speed High   Time    Dir
----------------------------------------------------------------------------------
 1  71.0  87.6   1:36p  54.5   5:22a   2.3   8.3  0.00   0.2   5.4   2:31p    NE
 2  69.8  82.9   3:41p  37.0   2:59a   1.8   6.6  0.00   0.8  10.1  12:17p   SSE
 3  70.3  80.8  12:38p  60.1   4:19a   1.1   6.5  0.00   2.5  14.3   3:33p    SE
 4  71.8  82.9   4:19p  64.2   1:33a   0.1   6.9  0.00   4.5  16.3   9:04a    SE
 5  70.0  81.3   3:36p  62.6   5:28a   0.5   5.5  0.49   5.1  19.7   3:30p    SE
 6  74.4  83.1   4:57p  67.5   2:57a   0.0   9.4  0.25   8.4  19.9  12:50p    SE
 7  72.2  82.6   3:39p  63.7   2:05a   0.0   7.1  4.40   4.6  24.2  10:50p   ESE
 8  75.5  84.7   4:53p  68.7   2:37a   0.0  10.5  1.17   3.4  21.0   6:57p   ESE
 9  74.5  80.1   4:08p  70.2  12:49p   0.0   9.5  0.50   3.6   3.8  12:00a     N
10  71.0  76.8  12:03a  66.7   7:28p   0.0   6.0  3.52   2.6   3.8  12:00a     N
11  64.7  75.2   4:44p  54.3   6:37a   2.7   2.4  0.00   3.6   3.8  12:00a     N
12  65.3  79.9   2:24p  56.5   5:45a   2.8   3.1  0.00   3.3  10.7  11:33a   NNE
13  66.0  69.8   7:12p  61.7  12:19a   0.8   1.9  0.67   0.0   0.0  12:00a   ---
14  74.7  84.0   3:58p  68.5  12:28a   0.0   9.7  0.00   0.0   0.0  12:00a   ---
15  74.0  81.7   4:28p  66.7   9:09a   0.0   8.9  0.79   0.0   0.0  12:00a   ---
16  75.9  84.2   5:12p  70.7   6:52a   0.0  10.8  0.00   4.8  17.9   5:09p    SE
17  73.4  82.2   5:09p  67.3   2:33a   0.0   8.4  0.78   6.8  12.3  12:23a     N
18  78.7  94.3   2:02p  69.4   6:25a   0.0  13.7  0.00   6.9   0.0  12:00a   ---
19  75.6  82.8   3:58p  72.0   2:24a   0.0  10.6  0.33   5.5  12.3   5:37p   ENE
20  70.7  81.1  10:04a  60.4  11:21p   0.4   5.6  2.91   1.8  20.6  12:32a    NE
21  62.0  72.9   5:24p  56.1   5:21a   4.0   1.1  1.12   4.2  19.9   5:21a   NNE
22  62.1  65.3  11:54p  58.1   9:57a   2.9   0.0  0.09   3.4   3.8  12:00a   NNE
23  72.3  80.6   5:07p  65.3  12:00a   0.0   7.3  0.00   4.9  15.0   6:54p   ESE
24  72.5  79.2   6:17p  68.9   6:17a   0.0   7.5  0.33   2.3  12.0   4:27p   SSE
25  70.7  81.3  12:13p  64.2  11:09p   0.0   5.7  0.20   4.8  27.0   2:18p   SSE
26  71.1  82.9   4:19p  64.2   2:06a   0.1   6.2  0.05   2.9  13.0   3:04p     S
27  74.7  89.8   3:53p  63.5   6:44a   0.0   9.6  0.00   2.8  20.0  12:14a   SSE
28  74.4  86.4   3:41p  64.6  10:53p   0.0   9.1  3.37   5.5  42.0   8:43p   ESE
29  70.2  78.0   6:01p  65.2  12:00a   0.0   5.2  1.10   3.2  14.0  12:19p     N
30  68.0  74.8   5:43p  62.6  11:57p   0.1   3.1  0.58   3.8  21.0  11:53a    NW
31  66.5  76.5   5:51p  57.4   6:11a   2.1   3.5  0.00   2.9  16.0   3:51p   NNW
----------------------------------------------------------------------------------
    71.1  94.3    18    37.0     2    21.7 209.7 22.65   3.3  42.0    28       E

Max >=  80.0: 21
Max <=  32.0:  0
Min <=  32.0:  0
Min <=   0.0:  0
Max Rain: 4.40 on day 7
Days of Rain: 19 (>= 0.01 in)  17 (>= 0.10 in)  7 (>= 1.00 in)
Heat Base: 65.0  Cool Base: 65.0  Method: Integration