NOAA-Style Climate Reports

Select a Year or Month report
2018: Jan Feb Mar Apr May Jun Jul Aug Sep Oct Nov Dec
2017: Jan Feb Mar Apr May Jun Jul Aug Sep Oct Nov Dec
2016: Jan Feb Mar Apr May Jun Jul Aug Sep Oct Nov Dec
2015: Jan Feb Mar Apr May Jun Jul Aug Sep Oct Nov Dec
2014: Jan Feb Mar Apr May Jun Jul Aug Sep Oct Nov Dec
2013: Jan Feb Mar Apr May Jun Jul Aug Sep Oct Nov Dec

Report for 2015 April
                   Monthly Climatological Summary for Apr 2015

Name: GainesvilleTXWX   City: Gainesville   State: Texas
Elevation: 876 ft  Lat: N 33° 41' 02"   Lon: W 097° 10' 25"

                  Temperature (°F), Rain (in), Wind Speed (mph)

                                      Heat  Cool        Avg
    Mean                              Deg   Deg         Wind                 Dom
Day Temp  High   Time   Low    Time   Days  Days  Rain  Speed High   Time    Dir
----------------------------------------------------------------------------------
 1  70.5  78.6   4:38p  65.3   2:20a   0.0   5.5  0.45   3.1  15.7   6:08p   ESE
 2  75.3  86.2   4:33p  68.9  12:42a   0.0  10.3  0.00   9.5  23.7  10:57a    SE
 3  66.6  73.8  12:00a  54.0  10:39p   1.8   3.3  0.00   7.4  19.0  11:51a    NW
 4  57.6  72.5   4:06p  31.3  12:30a   8.5   1.1  0.00   3.5  12.5   4:28a     N
 5  56.6  60.8   5:14p  52.0   4:13a   8.4   0.0  0.50   1.8  11.0   3:17p     E
 6  72.5  83.1   3:46p  59.4  12:00a   0.6   8.1  0.00   4.9  19.5  12:20p    SE
 7  74.5  82.0   2:15p  69.3   4:38a   0.0   9.5  0.00   5.9  15.4   1:14p    SE
 8  71.9  75.9  11:21a  68.7   6:16a   0.0   6.9  0.00   6.9  14.5  11:57p    SE
 9  73.2  86.4   3:21p  60.8  11:59p   0.1   8.4  0.00   6.3  22.6   2:34a    SE
10  60.2  76.8   4:11p  47.3   7:18a   6.8   2.1  0.00   3.5  11.4  12:50a   NNW
11  63.0  75.9   5:23p  52.7   4:28a   4.5   2.5  0.00   2.3   8.7   3:33p     E
12  70.3  79.3   4:06p  63.0   1:57a   0.3   5.6  0.00   4.2  10.7   3:15p   ESE
13  66.4  74.1   3:17a  57.2  11:49p   1.4   2.8  4.11   3.2  14.8   9:18a     N
14  58.0  61.5  11:59p  54.7   6:10a   7.0   0.0  0.04   2.0  12.1   1:24a   NNW
15  66.9  76.1   3:38p  61.5  12:00a   1.0   2.8  0.00   0.5   8.9   3:27p     E
16  67.4  77.2   6:55p  59.2   4:11a   1.7   4.1  0.00   3.4  10.1   2:03p     E
17  67.5  72.5   3:32p  60.3   6:49a   0.4   2.9  0.71   2.5  11.0   3:46a   ENE
18  70.7  87.6   3:43p  59.4   7:41p   0.9   6.6  1.12   1.1  12.8   9:19p     E
19  64.1  75.7   3:45p  52.3  11:58p   3.2   2.4  0.00   2.5  19.5   9:05p   WNW
20  59.6  76.5   3:48p  45.0   6:03a   7.9   2.5  0.00   1.6   8.5  12:49p     N
21  59.0  70.5   5:19p  50.2   3:51a   6.6   0.6  0.00   1.3  13.0  12:41p    SE
22  66.9  77.7   4:41p  57.9  12:11a   1.7   3.6  0.00   1.4   8.7   9:47a   ENE
23  69.1  72.3   3:36p  66.0   2:18a   0.0   4.2  0.29   2.6   9.6  10:43p     E
24  69.9  73.8   5:33a  66.9   8:47p   0.0   4.9  1.79   2.3  13.2   5:37a   ESE
25  72.9  86.2   4:51p  59.4   6:41a   0.4   8.4  0.00   0.4   8.5   1:19a   SSW
26  71.2  88.3  12:24p  58.6   6:14a   1.3   7.6  0.08   0.8   7.4   9:44p   NNE
27  62.2  70.3   3:48a  54.0  11:22p   3.4   0.6  0.46   5.8  15.9   7:36p    NE
28  55.4  62.2   6:12p  50.5  10:22p   9.6   0.0  0.00   4.5  13.4   7:09a     N
29  64.0  82.4   4:29p  49.1   5:09a   5.7   4.7  0.00   1.4   9.6  12:40p    NW
30  69.3  89.4   2:54p  52.2   5:32a   3.4   7.7  0.00   0.1   4.3   8:59a   NNW
----------------------------------------------------------------------------------
    66.4  89.4    30    31.3     4    86.6 129.7  9.55   3.1  23.7     2       E

Max >=  80.0:  9
Max <=  32.0:  0
Min <=  32.0:  1
Min <=   0.0:  0
Max Rain: 4.11 on day 13
Days of Rain: 10 (>= 0.01 in)  8 (>= 0.10 in)  3 (>= 1.00 in)
Heat Base: 65.0  Cool Base: 65.0  Method: Integration