NOAA-Style Climate Reports

Select a Year or Month report
2018: Jan Feb Mar Apr May Jun Jul Aug Sep Oct Nov Dec
2017: Jan Feb Mar Apr May Jun Jul Aug Sep Oct Nov Dec
2016: Jan Feb Mar Apr May Jun Jul Aug Sep Oct Nov Dec
2015: Jan Feb Mar Apr May Jun Jul Aug Sep Oct Nov Dec
2014: Jan Feb Mar Apr May Jun Jul Aug Sep Oct Nov Dec
2013: Jan Feb Mar Apr May Jun Jul Aug Sep Oct Nov Dec

Report for 2015 March
                   Monthly Climatological Summary for Mar 2015

Name: GainesvilleTXWX   City: Gainesville   State: Texas
Elevation: 876 ft  Lat: N 33° 41' 02"   Lon: W 097° 10' 25"

                  Temperature (°F), Rain (in), Wind Speed (mph)

                                      Heat  Cool        Avg
    Mean                              Deg   Deg         Wind                 Dom
Day Temp  High   Time   Low    Time   Days  Days  Rain  Speed High   Time    Dir
----------------------------------------------------------------------------------
 1  36.8  41.2  10:21a  33.4  12:00a  28.2   0.0  0.25   3.7  15.2  10:02p   NNW
 2  38.9  44.2  11:51p  34.7   4:50a  26.1   0.0  0.00   3.3  13.0   5:41a   NNW
 3  50.6  58.3   1:13p  44.2  12:00a  14.4   0.0  0.00   2.0  10.5   6:51a    SE
 4  42.1  53.2   8:08a  28.9  11:49p  20.2   0.0  0.25   7.8  26.6  12:47p    NW
 5  35.6  60.6  12:09p  20.3   7:01a  29.3   0.0  0.00   5.4  20.8  12:39a   WNW
 6  39.7  54.9   2:38p  26.1   6:15a  25.3   0.0  0.00   2.1  12.1   2:39p    SE
 7  48.5  65.5   2:53p  31.3   6:01a  16.5   0.0  0.00   3.3  11.0   4:55p    SE
 8  51.1  55.8   1:08p  47.7   7:48a  13.3   0.0  0.00   5.3  13.6   1:03p   ESE
 9  53.8  55.6   1:49p  52.9  12:00a  11.1   0.0  0.33   3.4   9.8   5:39p     N
10  56.1  60.4   3:15p  51.3  11:29p   8.3   0.0  0.00   1.0  10.7  11:56a    NW
11  57.1  74.7   4:56p  43.5   5:36a  10.1   1.8  0.00   0.7  13.2   2:39p     N
12  60.0  74.5   4:37p  47.8   8:35a   7.3   2.3  0.00   2.0  13.0   3:14p     N
13  58.4  61.7   3:23p  55.6   4:00a   6.6   0.0  0.33   2.1  14.8   1:50p   WNW
14  60.1  65.7  11:44a  56.3   7:25a   4.9   0.0  0.04   7.6  25.1  12:04p    NW
15  61.2  74.1   1:41p  54.3   5:02a   4.7   0.9  0.00   1.0  10.1   3:28a   NNW
16  65.0  79.0   3:40p  53.2   4:59a   3.8   3.7  0.00   2.2  15.2   3:24p    SE
17  67.9  84.0   1:05p  60.3   7:06a   1.4   4.3  0.00   3.8  15.4   1:12p   NNW
18  58.4  66.7   5:18p  54.5   5:49a   6.6   0.0  0.42   0.5   8.7  12:26a   NNW
19  61.2  65.3   3:50p  56.8   1:12a   3.8   0.0  0.45   3.7  14.8  10:59p   NNE
20  57.2  60.6   5:02p  54.1  10:38a   7.8   0.0  0.79   3.9  17.7   1:15a   NNW
21  56.8  65.8   2:09p  52.7   4:17a   8.2   0.0  0.08   1.0   8.5   1:58p   NNE
22  61.2  75.0   3:39p  53.8   4:00a   5.5   1.7  0.05   0.2   8.5   2:15p     N
23  64.0  75.7   3:29p  54.9   7:12a   3.7   2.7  0.00   4.2  15.2   2:02p   ESE
24  70.5  86.5   4:49p  59.5   2:17a   1.5   7.0  0.00   7.6  22.6  10:39a    SE
25  71.3  82.4   3:33p  62.6  11:44p   0.1   6.4  0.12   9.0  26.6   8:59p   ESE
26  55.6  66.7   4:29p  44.6  11:38p   9.5   0.1  0.00   9.2  24.6   2:47a    NW
27  54.8  68.4   2:44p  43.0   2:14a  10.6   0.4  0.00   2.3  15.4  11:37a    NW
28  61.4  79.9   2:54p  45.9   4:49a   7.3   3.7  0.00   2.8  13.4   9:50a   ESE
29  68.3  84.2   4:56p  53.2   7:14a   2.9   6.2  0.00   4.9  17.4   1:55p   ESE
30  66.4  79.0   1:47p  52.9   6:12a   2.9   4.3  0.00   1.5  10.7  12:27a    NE
31  73.7  86.5   2:40p  64.8   7:14a   0.0   8.7  0.00   3.5  13.6   9:28p    SE
----------------------------------------------------------------------------------
    56.9  86.5    24    20.3     5   301.9  54.2  3.11   3.4  26.6     4     NNE

Max >=  80.0:  5
Max <=  32.0:  0
Min <=  32.0:  4
Min <=   0.0:  0
Max Rain: 0.79 on day 20
Days of Rain: 11 (>= 0.01 in)  8 (>= 0.10 in)  0 (>= 1.00 in)
Heat Base: 65.0  Cool Base: 65.0  Method: Integration