NOAA-Style Climate Reports

Select a Year or Month report
2018: Jan Feb Mar Apr May Jun Jul Aug Sep Oct Nov Dec
2017: Jan Feb Mar Apr May Jun Jul Aug Sep Oct Nov Dec
2016: Jan Feb Mar Apr May Jun Jul Aug Sep Oct Nov Dec
2015: Jan Feb Mar Apr May Jun Jul Aug Sep Oct Nov Dec
2014: Jan Feb Mar Apr May Jun Jul Aug Sep Oct Nov Dec
2013: Jan Feb Mar Apr May Jun Jul Aug Sep Oct Nov Dec

Report for 2015 February
                   Monthly Climatological Summary for Feb 2015

Name: GainesvilleTXWX   City: Gainesville   State: Texas
Elevation: 876 ft  Lat: N 33° 41' 02"   Lon: W 097° 10' 25"

                  Temperature (°F), Rain (in), Wind Speed (mph)

                                      Heat  Cool        Avg
    Mean                              Deg   Deg         Wind                 Dom
Day Temp  High   Time   Low    Time   Days  Days  Rain  Speed High   Time    Dir
----------------------------------------------------------------------------------
 1  48.8  60.3   7:12a  28.6  11:58p  16.2   0.0  0.08   8.5  25.9   3:53p   WNW
 2  32.0  46.8   2:06p  20.5   6:53a  33.0   0.0  0.00   3.8  19.2  12:05a    NW
 3  41.8  56.7   1:38p  31.1   2:12a  23.2   0.0  0.00   6.6  19.7   2:06p   ESE
 4  45.4  53.6  11:28a  36.3  11:59p  19.6   0.0  0.00   8.5  23.9   8:12p   ESE
 5  31.5  36.3  12:00a  26.4   9:14a  33.5   0.0  0.00   5.7  22.1  12:51a    NW
 6  43.9  57.9   3:26p  30.0   1:34a  21.1   0.0  0.00   7.7  22.8  12:21p    SE
 7  54.8  68.0   3:14p  43.2   1:12a  10.5   0.3  0.00  11.0  24.4   2:49p   ESE
 8  62.1  81.1   2:39p  49.3   7:27a   6.2   3.3  0.00   3.9  17.7   1:46a   ESE
 9  60.0  79.0   1:57p  49.1   4:04a   7.8   2.8  0.00   3.2  13.2   9:59a    NW
10  56.7  70.7   3:37p  42.6   6:14a   9.2   0.9  0.00   5.9  21.9   1:35p     E
11  52.5  67.1   2:23p  42.1  11:51p  12.5   0.1  0.00   8.7  21.0   1:25p   NNW
12  44.2  61.2   2:33p  32.4   9:13a  20.7   0.0  0.00   6.6  19.5  12:00a   NNW
13  49.8  71.6   5:17p  31.1   6:50a  15.8   0.8  0.00   1.4  18.6  11:31a   SSE
14  58.6  79.2   2:43p  38.5   6:09a   9.6   3.2  0.00   2.4  14.1  11:07a   SSE
15  53.1  67.8  12:21p  43.3  10:23p  12.0   0.1  1.29   6.4  17.7  10:21p   NNE
16  34.3  43.5  12:00a  29.5   9:59a  30.8   0.0  0.37   2.1  23.3   2:49a    NW
17  39.5  54.5   2:08p  29.3   1:04a  25.5   0.0  0.00   0.5  10.7   4:45p    SW
18  43.7  62.2   4:43p  31.5   5:14a  21.3   0.0  0.00   1.6  10.7   8:17p     N
19  41.9  55.9   4:54p  28.2   6:36a  23.1   0.0  0.00   6.2  15.4   2:43p     E
20  57.2  68.5   4:08p  43.2  12:00a   8.1   0.2  0.00   9.9  22.8   4:35p   ESE
21  53.1  65.1   1:38a  43.5  11:58p  11.9   0.0  0.00   9.3  27.3   1:35a   NNW
22  37.3  43.5  12:00a  27.7  11:07p  27.7   0.0  0.46   9.6  23.7   1:50p   NNW
23  25.9  27.9  12:00a  24.4   5:49a  39.1   0.0  0.00   8.7  22.6   4:22a    NW
24  30.3  37.0  12:54p  25.0  12:00a  34.7   0.0  0.04   0.5   7.4   4:12a    NW
25  42.9  60.3   5:37p  32.4  12:42a  22.1   0.0  0.04   0.5   8.1   3:20p     E
26  33.9  40.5   5:47a  28.2  11:53p  31.0   0.0  0.00  14.1  27.3  10:25a   NNW
27  24.4  28.2  12:00a  22.1   9:50a  40.6   0.0  0.00   8.8  17.9   2:33a   NNW
28  30.3  35.6  12:37p  23.5  12:00a  34.7   0.0  0.00   3.0   8.7  12:41a   NNW
----------------------------------------------------------------------------------
    43.9  81.1     8    20.5     2   601.5  11.7  2.28   6.0  27.3    21       N

Max >=  80.0:  1
Max <=  32.0:  2
Min <=  32.0: 16
Min <=   0.0:  0
Max Rain: 1.29 on day 15
Days of Rain: 6 (>= 0.01 in)  3 (>= 0.10 in)  1 (>= 1.00 in)
Heat Base: 65.0  Cool Base: 65.0  Method: Integration