NOAA-Style Climate Reports

Select a Year or Month report
2018: Jan Feb Mar Apr May Jun Jul Aug Sep Oct Nov Dec
2017: Jan Feb Mar Apr May Jun Jul Aug Sep Oct Nov Dec
2016: Jan Feb Mar Apr May Jun Jul Aug Sep Oct Nov Dec
2015: Jan Feb Mar Apr May Jun Jul Aug Sep Oct Nov Dec
2014: Jan Feb Mar Apr May Jun Jul Aug Sep Oct Nov Dec
2013: Jan Feb Mar Apr May Jun Jul Aug Sep Oct Nov Dec

Report for 2015 January
                   Monthly Climatological Summary for Jan 2015

Name: GainesvilleTXWX   City: Gainesville   State: Texas
Elevation: 876 ft  Lat: N 33° 41' 02"   Lon: W 097° 10' 25"

                  Temperature (°F), Rain (in), Wind Speed (mph)

                                      Heat  Cool        Avg
    Mean                              Deg   Deg         Wind                 Dom
Day Temp  High   Time   Low    Time   Days  Days  Rain  Speed High   Time    Dir
----------------------------------------------------------------------------------
 1  34.0  37.9  11:25p  30.2   3:38a  31.0   0.0  0.04   0.9   6.5   4:39a    NW
 2  39.9  42.8  10:26p  37.0   3:11a  25.1   0.0  0.54   4.5  11.0  12:47p   NNW
 3  44.2  53.1   4:57p  39.6  11:59p  20.8   0.0  0.29   3.0  17.9   4:07p   SSW
 4  31.4  41.0   2:40p  22.5   7:25a  33.6   0.0  0.00   6.5  24.2   6:41a   WNW
 5  31.7  44.8   2:52p  19.2   6:26a  31.1   0.0  0.00   6.1  19.2   1:52p   ESE
 6  41.5  58.5   2:53p  30.0   7:30a  23.4   0.0  0.00   4.7  13.4   1:54p   NNW
 7  29.7  37.4  12:39p  18.3  11:08p  35.3   0.0  0.00  12.2  30.4   9:33a    NW
 8  25.0  37.0   2:52p  13.1   4:52a  40.0   0.0  0.00   5.4   7.6  12:00a   WNW
 9  29.6  41.5   1:11p  23.7   4:32a  35.4   0.0  0.00   5.6  17.9  12:18p   NNW
10  32.2  39.0   3:23p  23.2  12:15a  32.8   0.0  0.00   5.4  17.7   7:57p   ESE
11  39.9  43.3   4:47p  35.4  12:00a  25.1   0.0  0.09   4.9  15.4   9:35a   ESE
12  39.0  43.0  12:00a  33.3  11:37p  26.0   0.0  0.00   7.5  17.4   8:51a    NW
13  33.9  37.8   2:00p  30.7   7:22a  31.1   0.0  0.00   5.2  15.9  12:26a   NNW
14  35.2  40.3   2:30p  30.0   7:11a  29.8   0.0  0.00   2.2   9.2  12:17p    NW
15  43.5  60.8   2:24p  30.4   9:10a  21.4   0.0  0.00   0.7  10.3  12:56p     W
16  46.2  63.5   1:52p  29.7   6:32a  18.8   0.0  0.00   3.1  17.7   1:33p    SE
17  50.5  67.5   2:57p  37.9   3:25a  14.6   0.1  0.00   5.3  21.3   3:10p     S
18  50.5  72.0   2:24p  30.2   7:31a  15.5   1.1  0.00   5.0  24.6   2:54p   SSE
19  52.6  75.6   1:53p  37.0   7:16a  13.6   1.3  0.00   2.2   9.6   2:22p   ESE
20  52.0  70.5   1:47p  37.9   8:15a  13.7   0.7  0.00   5.6  17.7   5:53p   NNW
21  47.9  64.6   1:24p  37.0   7:17a  17.1   0.0  0.41   6.1  15.4  11:09p     N
22  42.3  45.5  12:00a  39.4   8:20a  22.7   0.0  0.74   9.6  20.4   7:17a   NNW
23  43.2  54.9   2:14p  32.2  11:58p  21.8   0.0  0.00   2.7  13.6  11:34a   WNW
24  46.1  64.6   2:08p  32.2  12:00a  18.9   0.0  0.00   1.3  10.7  10:40a   WSW
25  50.6  64.8   2:38p  40.1   1:59a  14.4   0.0  0.00   3.7  25.3   2:43p     W
26  52.8  75.7   2:52p  32.5   7:01a  13.9   1.6  0.00   1.9  12.5  12:24p   SSW
27  60.3  83.1   1:11p  43.2   7:06a   8.5   3.8  0.00   1.4   8.7   3:29p     E
28  59.8  79.2   2:05p  44.2   6:03a   8.0   2.8  0.00   4.5  23.5   3:25p    SE
29  55.1  64.9  12:14p  44.6  11:56p   9.9   0.0  0.00   8.1  22.1   3:29p    NW
30  47.4  61.9   2:51p  37.9   6:46a  17.6   0.0  0.00   3.6  12.3   8:55a     N
31  48.1  52.9  11:50p  42.1   4:42a  16.9   0.0  0.71   6.1  14.8   8:45p     E
----------------------------------------------------------------------------------
    43.1  83.1    27    13.1     8   687.8  11.4  2.82   4.3  30.4     7     NNW

Max >=  80.0:  1
Max <=  32.0:  0
Min <=  32.0: 13
Min <=   0.0:  0
Max Rain: 0.74 on day 22
Days of Rain: 7 (>= 0.01 in)  5 (>= 0.10 in)  0 (>= 1.00 in)
Heat Base: 65.0  Cool Base: 65.0  Method: Integration