NOAA-Style Climate Reports

Select a Year or Month report
2018: Jan Feb Mar Apr May Jun Jul Aug Sep Oct Nov Dec
2017: Jan Feb Mar Apr May Jun Jul Aug Sep Oct Nov Dec
2016: Jan Feb Mar Apr May Jun Jul Aug Sep Oct Nov Dec
2015: Jan Feb Mar Apr May Jun Jul Aug Sep Oct Nov Dec
2014: Jan Feb Mar Apr May Jun Jul Aug Sep Oct Nov Dec
2013: Jan Feb Mar Apr May Jun Jul Aug Sep Oct Nov Dec

Report for 2015
                   Annual Climatological Summary for 2015

Name: GainesvilleTXWX   City: Gainesville   State: Texas
Elevation: 876 ft  Lat: N 33° 41' 02"   Lon: W 097° 10' 25"

                  Temperature (°F), Heat Base: 65.0  Cool Base: 65.0
                          Dep.  Heat  Cool                       Max  Max  Min  Min
        Mean  Mean        From  Deg   Deg                        >=   <=   <=   <=
 YR MO  Max   Min   Mean  Norm  Days  Days  Hi  Date  Low  Date 80.0 32.0 32.0   0.0
------------------------------------------------------------------------------------
 15  1  55.5  32.7  43.1   0.0   687    11  83.1  27  13.1    8    1    0   13    0
 15  2  56.4  33.3  43.9   0.0   601    11  81.1   8  20.5    2    1    2   16    0
 15  3  65.6  47.0  55.2   0.0   305    54  86.5  24  20.3    5    5    2    6    0
 15  4  76.9  56.9  66.4   0.0    86   129  89.4  30  31.3    4    9    0    1    0
 15  5  80.8  63.0  71.1   0.0    21   209  94.3  18  37.0    2   21    0    0    0
 15  6  90.2  70.1  80.0   0.0     1   452  96.8  10  57.1    1   29    0    0    0
 15  7  94.1  73.5  83.9   0.0     0   582 100.4  30  68.9   10   31    0    0    0
 15  8  95.8  69.9  83.8   0.0     1   581 103.6   9   0.0    9   31    0    1    1
 15  9  90.6  68.5  79.0   0.0     2   423  98.8   8  59.5   12   29    0    0    0
 15 10  79.2  55.5  66.8   0.0    93   150  96.1  14  48.1   26   12    0    0    0
 15 11  64.9  46.0  54.8   0.0   327    21  77.7  11  26.6   22    0    0    1    0
 15 12  61.6  38.9  49.4   0.0   495    14  76.1  26  25.0   18    0    0    6    0
------------------------------------------------------------------------------------
        76.0  54.6  64.8   0.0  2626  2642 103.6 Aug   0.0  Aug  169    4   44    1

                                Precipitation (in)

              Dep.   Max        Days of Rain
              From   Obs.           >=
 YR MO Total  Norm   Day Date 0.01 0.10 1.00
---------------------------------------------
 15  1  2.82   0.0  0.74  22     7    5    0
 15  2  2.28   0.0  1.29  15     6    3    1
 15  3  3.11   0.0  0.79  20    11    8    0
 15  4  9.55   0.0  4.11  13    10    8    3
 15  5 22.65   0.0  4.40   7    19   17    7
 15  6  5.68   0.0  3.52  17     6    6    1
 15  7  1.30   0.0  0.91   8     4    3    0
 15  8  0.08   0.0  0.08  14     1    0    0
 15  9  1.05   0.0  0.67   9     5    2    0
 15 10  9.83   0.0  4.43  30     7    4    3
 15 11  7.11   0.0  2.25  27    13    7    3
 15 12  2.69   0.0  1.34  27     7    5    1
---------------------------------------------
       68.15   0.0  4.43  Oct   96   68   19

                                Wind Speed (mph)
                          Dom
 YR MO   Avg.  Hi   Date  Dir
------------------------------
 15  1   4.3  30.4    7   NNW
 15  2   6.0  27.3   26     N
 15  3   3.4  26.6    4     N
 15  4   3.1  23.7    2     E
 15  5   3.3  42.0   28   ENE
 15  6   5.1  36.0   18    SE
 15  7   5.6  27.0    6   SSE
 15  8   5.0  25.0   19   ESE
 15  9   4.8  27.0   16     E
 15 10   4.9  27.0    9    NE
 15 11   6.1  33.0   17   ESE
 15 12   5.7  45.0   26    SE
------------------------------
         4.8  45.0  Dec     E