NOAA-Style Climate Reports

Select a Year or Month report
2018: Jan Feb Mar Apr May Jun Jul Aug Sep Oct Nov Dec
2017: Jan Feb Mar Apr May Jun Jul Aug Sep Oct Nov Dec
2016: Jan Feb Mar Apr May Jun Jul Aug Sep Oct Nov Dec
2015: Jan Feb Mar Apr May Jun Jul Aug Sep Oct Nov Dec
2014: Jan Feb Mar Apr May Jun Jul Aug Sep Oct Nov Dec
2013: Jan Feb Mar Apr May Jun Jul Aug Sep Oct Nov Dec

Report for 2014 December
                   Monthly Climatological Summary for Dec 2014

Name: GainesvilleTXWX   City: Gainesville   State: Texas
Elevation: 876 ft  Lat: N 33° 41' 02"   Lon: W 097° 10' 25"

                  Temperature (°F), Rain (in), Wind Speed (mph)

                                      Heat  Cool        Avg
    Mean                              Deg   Deg         Wind                 Dom
Day Temp  High   Time   Low    Time   Days  Days  Rain  Speed High   Time    Dir
----------------------------------------------------------------------------------
 1  33.4  41.7  12:00a  27.3   8:50p  31.6   0.0  0.00   8.5  23.0   5:31a    NW
 2  34.7  45.0  11:55p  24.4   5:40a  30.3   0.0  0.00   2.3  12.8   4:16p   ESE
 3  52.4  57.7  12:24p  45.0  12:00a  12.6   0.0  0.00   4.4  16.1   4:17a     E
 4  61.8  66.6  12:56p  55.4  12:00a   3.3   0.1  0.00   5.2  15.4   8:51p   ESE
 5  64.9  77.9   2:31p  54.1  11:58p   2.3   2.3  0.05   6.1  18.6  10:51a   SSW
 6  55.5  66.7   2:37p  48.2  11:56p   9.6   0.0  0.00   7.7  15.4   1:17p   NNW
 7  50.0  56.5  12:49p  46.9  11:59p  15.0   0.0  0.00   2.4  12.1  12:03a     N
 8  50.1  64.2   2:43p  41.9  11:18p  14.9   0.0  0.00   0.8  10.5   9:33a   WNW
 9  47.8  66.6   3:03p  36.5   6:05a  17.2   0.0  0.00   1.0  11.0   9:48a    NW
10  50.1  61.5   1:54p  40.6   5:59a  14.8   0.0  0.00   2.4  12.5   2:18p     E
11  55.1  63.7   1:58p  50.9   2:16a   9.9   0.0  0.00   4.1  11.0   4:49p     E
12  55.9  62.2   2:59p  51.8   2:10a   9.1   0.0  0.00   4.0  10.1   4:19p   NNE
13  63.3  70.2   1:38p  59.9  12:00a   2.4   0.8  0.00   7.0  21.5   2:16p   ESE
14  64.1  66.9  11:52a  60.6  12:00a   1.2   0.3  0.08  11.6  26.2  12:25p   ESE
15  53.0  62.8  12:00a  43.0  11:39p  12.0   0.0  0.00   5.7  19.9  12:26p    SW
16  43.5  57.0   2:23p  34.3   7:28a  21.5   0.0  0.00   3.1  17.2   9:03a   WNW
17  41.1  43.0  12:56p  35.4  12:34a  23.9   0.0  0.45   3.9  13.2   1:14p    NE
18  46.7  53.1   1:34p  42.1  12:00a  18.3   0.0  0.00   3.3  11.4   8:05p    NE
19  47.3  50.7  12:05p  46.0  11:34p  17.7   0.0  0.00   4.6  12.3   4:43a   NNW
20  46.1  48.0   2:04p  43.7   7:22a  18.9   0.0  0.00   1.8   8.7   1:45p     E
21  50.3  53.2  11:52p  47.7  12:00a  14.7   0.0  0.00   9.1  22.4  12:41p   ESE
22  54.5  66.7   1:42p  47.3   9:29p  10.5   0.0  0.00   6.6  27.5   2:07a    SE
23  48.7  54.1   2:57p  41.7  11:43p  16.3   0.0  0.00   5.1  17.0  10:01p   WNW
24  42.7  53.4   2:09p  32.9  11:46p  22.3   0.0  0.00   4.1  16.1   1:22p   WSW
25  47.0  62.8   2:37p  32.5  12:13a  18.0   0.0  0.00  12.0  39.4  12:51p    SE
26  58.0  65.3   1:19p  50.4   1:42a   7.0   0.0  0.00   8.0  23.3   1:28p   ESE
27  38.7  54.1  12:00a  31.5  11:20p  23.8   0.0  0.21   5.9  23.7   4:27a    NW
28  38.4  56.3   2:44p  29.8   4:44a  26.6   0.0  0.00   1.3   8.7  12:00a    NW
29  40.9  53.6   2:52p  31.8   2:30a  24.1   0.0  0.00   5.1  15.4  11:21a     E
30  38.7  48.4   1:20p  31.3  11:33p  26.2   0.0  0.00   9.1  19.9   7:54p   NNW
31  29.6  31.6   3:00p  26.4   8:11a  35.3   0.0  0.00   7.5  12.5   6:18a   NNW
----------------------------------------------------------------------------------
    48.5  77.9     5    24.4     2   511.3   3.5  0.79   5.3  39.4    25     ENE

Max >=  80.0:  0
Max <=  32.0:  1
Min <=  32.0:  7
Min <=   0.0:  0
Max Rain: 0.45 on day 17
Days of Rain: 4 (>= 0.01 in)  2 (>= 0.10 in)  0 (>= 1.00 in)
Heat Base: 65.0  Cool Base: 65.0  Method: Integration