NOAA-Style Climate Reports

Select a Year or Month report
2018: Jan Feb Mar Apr May Jun Jul Aug Sep Oct Nov Dec
2017: Jan Feb Mar Apr May Jun Jul Aug Sep Oct Nov Dec
2016: Jan Feb Mar Apr May Jun Jul Aug Sep Oct Nov Dec
2015: Jan Feb Mar Apr May Jun Jul Aug Sep Oct Nov Dec
2014: Jan Feb Mar Apr May Jun Jul Aug Sep Oct Nov Dec
2013: Jan Feb Mar Apr May Jun Jul Aug Sep Oct Nov Dec

Report for 2014 November
                   Monthly Climatological Summary for Nov 2014

Name: GainesvilleTXWX   City: Gainesville   State: Texas
Elevation: 876 ft  Lat: N 33° 41' 02"   Lon: W 097° 10' 25"

                  Temperature (°F), Rain (in), Wind Speed (mph)

                                      Heat  Cool        Avg
    Mean                              Deg   Deg         Wind                 Dom
Day Temp  High   Time   Low    Time   Days  Days  Rain  Speed High   Time    Dir
----------------------------------------------------------------------------------
 1  47.4  63.5   3:16p  32.2   7:22a  17.6   0.0  0.00   5.0  15.2  10:21a     E
 2  54.9  66.0   2:58p  45.0   6:32a  10.6   0.0  0.00   9.7  25.3  12:39p   ESE
 3  65.0  75.0   2:24p  52.9  12:57a   3.3   3.3  0.00  10.4  24.6   1:09p   ESE
 4  59.3  68.7  12:00a  52.3  11:30p   6.3   0.6  1.61   7.6  20.1   5:58a     N
 5  54.3  60.3   3:09p  48.2  11:48p  10.7   0.0  0.00   2.3   9.8   4:39a    NW
 6  57.1  74.5   1:59p  46.0   6:55a   9.5   1.6  0.00   4.6  17.7   9:58a   NNW
 7  54.1  68.0   2:09p  40.5   6:29a  11.2   0.4  0.00   5.1  18.1  12:39p    SE
 8  56.7  70.7   1:23p  46.2  11:48p   9.1   0.8  0.00   6.3  26.4   9:59a    NW
 9  55.5  72.3   2:19p  38.7   6:46a  10.8   1.3  0.00   6.3  24.2   1:12p    SE
10  64.8  79.7   2:59p  51.8   5:13a   4.2   4.1  0.00  14.5  37.6   1:39p    SE
11  41.4  64.2  12:00a  33.1  11:54p  23.6   0.0  0.00  10.3  27.3   1:36a    NW
12  32.3  40.5   1:00p  27.1   8:57a  32.6   0.0  0.00   9.5  25.5   4:20p    NW
13  31.0  40.8   1:36p  25.0  11:09p  34.0   0.0  0.00   7.4  24.4   1:54p    NW
14  32.5  43.0  12:35p  22.3   4:51a  32.5   0.0  0.00   1.4   9.8  11:38a     E
15  40.5  49.1  11:11a  31.5   2:52a  24.5   0.0  0.00   8.2  25.3   1:29p     E
16  35.7  42.4  12:00a  25.5  11:58p  29.3   0.0  0.00   8.6  23.7  11:18a   NNW
17  23.2  23.5  11:41p  23.0  11:47p   0.5   0.0  0.00   3.8   0.0  11:41p   WNW
18  38.0  58.3   1:48p  21.6   6:01a  27.0   0.0  0.00   4.0  19.9   3:18p   SSE
19  46.8  65.1   2:15p  32.5   7:30a  17.9   0.0  0.00   6.0  15.2   9:37a    SE
20  53.6  71.2   2:03p  37.2   6:56a  12.3   0.9  0.00   4.5  19.7   2:09p   ESE
21  64.2  70.5   2:55p  60.6   6:33a   1.4   0.6  0.00   8.8  21.0  11:46p   ESE
22  62.4  64.4  12:00a  60.8   5:48p   2.6   0.0  0.54   7.8  19.9  12:10a     E
23  59.5  73.9   1:41p  45.3  11:45p   6.8   1.3  0.00   8.3  28.6   3:50p     S
24  49.1  64.2   1:58p  37.9   7:12a  15.9   0.0  0.00   2.2  17.2   1:30p    SW
25  47.5  66.0   2:17p  33.8   5:32a  17.5   0.0  0.00   1.4  11.2   2:46p   SSE
26  49.0  65.1   1:36p  35.6   6:40a  16.0   0.0  0.00   4.6  19.9  11:54a    NW
27  45.9  65.5   1:45p  33.1   6:11a  19.1   0.0  0.00   3.2  17.0   2:50a     N
28  53.0  68.2   1:31p  36.9   5:17a  12.3   0.4  0.00  10.3  33.1   2:39p    SE
29  63.0  77.4   2:22p  50.0   7:14a   4.8   2.9  0.00  14.1  31.8  10:33a    SE
30  66.0  79.0   2:18p  41.7  11:59p   2.7   3.7  0.00  12.4  30.4  11:58a    SE
----------------------------------------------------------------------------------
    50.1  79.7    10    21.6    18   426.6  21.9  2.15   7.0  37.6    10     ESE

Max >=  80.0:  0
Max <=  32.0:  1
Min <=  32.0:  7
Min <=   0.0:  0
Max Rain: 1.61 on day 4
Days of Rain: 2 (>= 0.01 in)  2 (>= 0.10 in)  1 (>= 1.00 in)
Heat Base: 65.0  Cool Base: 65.0  Method: Integration