NOAA-Style Climate Reports

Select a Year or Month report
2018: Jan Feb Mar Apr May Jun Jul Aug Sep Oct Nov Dec
2017: Jan Feb Mar Apr May Jun Jul Aug Sep Oct Nov Dec
2016: Jan Feb Mar Apr May Jun Jul Aug Sep Oct Nov Dec
2015: Jan Feb Mar Apr May Jun Jul Aug Sep Oct Nov Dec
2014: Jan Feb Mar Apr May Jun Jul Aug Sep Oct Nov Dec
2013: Jan Feb Mar Apr May Jun Jul Aug Sep Oct Nov Dec

Report for 2014 October
                   Monthly Climatological Summary for Oct 2014

Name: GainesvilleTXWX   City: Gainesville   State: Texas
Elevation: 876 ft  Lat: N 33° 41' 02"   Lon: W 097° 10' 25"

                  Temperature (°F), Rain (in), Wind Speed (mph)

                                      Heat  Cool        Avg
    Mean                              Deg   Deg         Wind                 Dom
Day Temp  High   Time   Low    Time   Days  Days  Rain  Speed High   Time    Dir
----------------------------------------------------------------------------------
 1  81.3  92.5   3:24p  73.2  12:39a   0.0  16.3  0.00   7.7  23.3   1:19p   ESE
 2  78.2  90.7   1:57p  62.6  11:58p   0.1  13.2  0.20   9.7  32.7   3:13p   SSE
 3  65.7  81.0   1:09p  52.7  11:56p   3.6   4.4  0.00   4.0  21.3   3:22p    NW
 4  62.0  80.2   1:58p  43.2   6:44a   7.1   4.1  0.00   3.2  19.0   2:41p    SE
 5  69.5  86.7   3:24p  54.5   3:17a   3.2   7.7  0.00   6.5  19.2   9:53a    SE
 6  74.5  86.5   2:22p  65.7   7:18a   0.0   9.5  0.05   6.1  23.9   5:17a   ESE
 7  79.7  97.5   3:31p  67.5   2:35a   0.0  14.7  0.00   7.5  19.7   2:56p    SE
 8  79.1  91.0   2:15p  72.9   4:43a   0.0  14.1  0.00   8.7  24.2   2:51p   ESE
 9  80.5  92.5   3:32p  73.8  12:14a   0.0  15.5  0.00   8.8  23.3   2:05p   ESE
10  78.3  92.3   2:24p  63.1  11:23p   0.1  13.4  0.24   9.8  25.5  12:31p    SE
11  58.7  63.5  12:13a  56.8   9:04a   6.3   0.0  0.05   4.2  14.8   4:29a   WNW
12  65.5  76.6   3:54p  54.5   6:24a   3.1   3.7  0.00   7.8  26.8   3:43p   ESE
13  61.2  72.5  12:53a  55.6  11:43p   4.0   0.3  1.66   7.7  31.1  12:10p    SW
14  62.6  77.0   3:01p  52.0   7:08a   5.5   3.1  0.00   5.0  25.3   2:55p   WSW
15  66.9  88.7   2:16p  50.9   5:42a   4.9   6.8  0.00   0.7   9.2   1:35p   ESE
16  69.5  89.1   3:04p  54.5   8:19a   3.2   7.6  0.00   3.9  25.3   3:25p    SE
17  68.8  86.4   2:33p  56.1   7:22a   2.2   6.0  0.00   4.2  13.2   3:01p     N
18  65.9  80.2   2:53p  55.9  11:55p   3.2   4.2  0.00   5.6  15.4   4:02p   NNW
19  63.3  75.9   2:26p  52.7   2:58a   4.3   2.6  0.00   3.2  13.2  10:38a     E
20  69.0  88.2   4:31p  36.5   7:51a   2.4   6.5  0.00   2.7  15.4  11:58a    SE
21  71.0  85.8   1:45p  61.0   7:38a   0.8   6.8  0.00   2.2  13.0   3:36p   ESE
22  69.9  82.4   3:51p  61.2   2:36a   1.0   5.9  0.00   3.3  14.1  12:07p     E
23  68.6  81.7   3:19p  62.2   6:35a   0.7   4.3  0.00   5.7  17.2   1:00p   ESE
24  70.6  85.6   2:51p  59.7   3:40a   1.2   6.9  0.00   6.1  19.0   1:06p   ESE
25  74.2  93.4   2:50p  62.2   6:45a   0.4   9.5  0.00   4.0  15.4  12:22p    SE
26  73.8  88.5   3:21p  61.0   7:33a   0.5   9.3  0.00   8.7  28.0   4:30p    SE
27  73.1  84.2   3:06p  63.7   6:32a   0.1   8.3  0.00  13.0  28.9  11:27a    SE
28  69.1  81.0   3:13p  56.8  11:58p   0.8   4.9  0.00   7.5  23.3   8:38a   NNW
29  62.8  81.9   2:48p  47.3   7:43a   6.6   4.4  0.00   3.1  13.0  11:37a     N
30  62.2  81.7   1:46p  49.1   7:26a   6.4   3.5  0.00   3.2  17.7  12:30p   SSE
31  55.4  66.7   2:34p  41.5  11:39p   9.7   0.1  0.00   6.3  19.9  12:50p    NW
----------------------------------------------------------------------------------
    69.4  97.5     7    36.5    20    81.4 217.6  2.20   5.7  32.7     2     ESE

Max >=  80.0: 25
Max <=  32.0:  0
Min <=  32.0:  0
Min <=   0.0:  0
Max Rain: 1.66 on day 13
Days of Rain: 5 (>= 0.01 in)  3 (>= 0.10 in)  1 (>= 1.00 in)
Heat Base: 65.0  Cool Base: 65.0  Method: Integration