NOAA-Style Climate Reports

Select a Year or Month report
2018: Jan Feb Mar Apr May Jun Jul Aug Sep Oct Nov Dec
2017: Jan Feb Mar Apr May Jun Jul Aug Sep Oct Nov Dec
2016: Jan Feb Mar Apr May Jun Jul Aug Sep Oct Nov Dec
2015: Jan Feb Mar Apr May Jun Jul Aug Sep Oct Nov Dec
2014: Jan Feb Mar Apr May Jun Jul Aug Sep Oct Nov Dec
2013: Jan Feb Mar Apr May Jun Jul Aug Sep Oct Nov Dec

Report for 2014 September
                   Monthly Climatological Summary for Sep 2014

Name: GainesvilleTXWX   City: Gainesville   State: Texas
Elevation: 876 ft  Lat: N 33° 41' 02"   Lon: W 097° 10' 25"

                  Temperature (°F), Rain (in), Wind Speed (mph)

                                      Heat  Cool        Avg
    Mean                              Deg   Deg         Wind                 Dom
Day Temp  High   Time   Low    Time   Days  Days  Rain  Speed High   Time    Dir
----------------------------------------------------------------------------------
 1  85.2  95.0   3:59p  75.6   6:50a   0.0  20.2  0.00  11.5  27.7   9:30a   ESE
 2  86.0  96.4   4:13p  75.9   6:03a   0.0  21.0  0.00   9.0  19.7   4:39p   ESE
 3  85.5  96.4   4:43p  76.6   6:31a   0.0  20.5  0.00   9.6  26.8   4:03p    SE
 4  85.1  96.6   5:41p  73.6   6:55a   0.0  19.2  0.00   9.2  23.7   6:30p    SE
 5  84.9  98.2   4:28p  72.7   8:01a   0.0  19.3  0.00   5.1  15.4  12:14p    SE
 6  76.7  93.0   2:22p  69.3  11:27p   0.0  11.7  0.00   7.1  21.9   4:00p   NNW
 7  72.4  80.6   6:42p  67.8   7:57a   0.0   7.4  0.04   3.9  10.7   3:59a   NNW
 8  81.0  95.0   4:14p  69.1   6:03a   0.0  16.1  0.00   3.4  16.1   3:23p   ESE
 9  86.4  99.1   3:04p  75.6   7:00a   0.0  21.4  0.00   9.1  24.6   3:47p    SE
10  86.6 101.8   4:54p  76.3  11:37p   0.0  21.6  0.00  11.7  29.3  10:10a    SE
11  72.9  76.3  12:00a  69.3  11:48p   0.0   7.9  0.00   8.1  17.2   8:35a   NNW
12  63.9  69.3  12:00a  58.5  11:45p   2.0   0.9  1.33   9.4  26.4   1:13p   NNW
13  62.2  74.5   4:39p  55.6   6:08a   4.0   1.3  0.00   6.2  21.9   1:41a   NNW
14  69.0  82.8   4:27p  61.2   1:39a   0.7   4.7  0.00   2.2   9.8   5:02p     E
15  76.1  87.4   2:41p  68.9   1:27a   0.0  11.1  0.00   2.2  10.5  10:52a   ESE
16  81.2  93.6   3:46p  73.2   4:23a   0.0  16.2  0.00   1.5   8.1  12:52p     E
17  81.7  96.6   4:31p  72.0   6:31a   0.0  16.7  0.00   2.4  13.2   7:52p    SE
18  78.4  86.5   4:54p  72.5   7:16a   0.0  13.4  0.00   2.9  19.5  11:55a    NE
19  78.2  90.5   4:58p  68.5   7:14a   0.0  13.2  0.00   4.3  13.9   1:18p   ENE
20  79.5  91.4   3:36p  71.8   5:03a   0.0  14.5  0.00   3.3  16.3   1:23p   ESE
21  81.1  99.1   1:55p  67.6   7:04a   0.0  16.1  0.00   2.5  17.4   7:02p     N
22  74.7  88.0   3:12p  62.8  11:23p   0.1   9.8  0.00   4.6  17.0  12:11p     N
23  70.7  87.6   2:35p  56.8   6:17a   1.6   7.3  0.00   3.5  12.5  10:18a     E
24  70.8  90.7   3:08p  55.2   6:18a   2.1   7.9  0.00   3.6  17.0  11:50a     E
25  73.2  92.3   3:19p  58.1   6:12a   1.5   9.7  0.00   2.4  13.2   1:58p    NE
26  75.0  93.7   2:34p  62.1   6:36a   0.3  10.3  0.00   3.0  10.7  12:50p   ENE
27  75.3  95.4   2:17p  62.1   7:33a   0.2  10.5  0.00   3.0  13.0   4:51p   ENE
28  75.1  93.7   1:30p  62.2   7:07a   0.3  10.4  0.00   1.8  13.0   3:42p    NE
29  76.6  93.7   2:37p  63.0   7:01a   0.2  11.8  0.00   2.7  13.2  12:16p   NNE
30  78.0  93.0   1:37p  66.4   6:14a   0.0  13.0  0.00   4.6  16.8   4:18p   ESE
----------------------------------------------------------------------------------
    77.4 101.8    10    55.2    24    13.0 385.1  1.37   5.6  29.3    10       E

Max >=  80.0: 27
Max <=  32.0:  0
Min <=  32.0:  0
Min <=   0.0:  0
Max Rain: 1.33 on day 12
Days of Rain: 2 (>= 0.01 in)  1 (>= 0.10 in)  1 (>= 1.00 in)
Heat Base: 65.0  Cool Base: 65.0  Method: Integration