NOAA-Style Climate Reports

Select a Year or Month report
2018: Jan Feb Mar Apr May Jun Jul Aug Sep Oct Nov Dec
2017: Jan Feb Mar Apr May Jun Jul Aug Sep Oct Nov Dec
2016: Jan Feb Mar Apr May Jun Jul Aug Sep Oct Nov Dec
2015: Jan Feb Mar Apr May Jun Jul Aug Sep Oct Nov Dec
2014: Jan Feb Mar Apr May Jun Jul Aug Sep Oct Nov Dec
2013: Jan Feb Mar Apr May Jun Jul Aug Sep Oct Nov Dec

Report for 2014 August
                   Monthly Climatological Summary for Aug 2014

Name: GainesvilleTXWX   City: Gainesville   State: Texas
Elevation: 876 ft  Lat: N 33° 41' 02"   Lon: W 097° 10' 25"

                  Temperature (°F), Rain (in), Wind Speed (mph)

                                      Heat  Cool        Avg
    Mean                              Deg   Deg         Wind                 Dom
Day Temp  High   Time   Low    Time   Days  Days  Rain  Speed High   Time    Dir
----------------------------------------------------------------------------------
 1  74.5  84.9   4:19p  68.5   5:02a   0.0   9.5  0.00   4.5  13.2  10:59a   NNE
 2  73.6  84.2   2:52p  68.5   5:02a   0.0   6.5  0.00   1.9  13.2  10:59a     N
 3  80.5  94.1   3:34p  68.0   5:27a   0.0  15.5  0.00   2.4  22.4   4:27p   NNE
 4  81.4  96.4   2:35p  68.9   6:35a   0.0  16.3  0.00   2.8  12.3   3:17p    NE
 5  82.4  99.9   4:32p  68.4   6:46a   0.0  17.4  0.00   2.8  12.1  11:28a   ESE
 6  85.7  98.4   4:06p  75.7   5:53a   0.0  20.7  0.00   6.8  18.1   9:22a    SE
 7  84.6  97.2   5:21p  76.1   5:24a   0.0  19.6  0.00   6.7  17.7   9:04a    SE
 8  83.6 106.0   3:49p  75.6   5:27p   0.0  18.6  0.08   4.8  19.9   4:48p   SSE
 9  83.2 103.1   4:59p  71.6   6:19p   0.0  18.2  1.50   4.5  45.2   6:13p   SSE
10  83.4 101.8   4:04p  76.6   7:02a   0.0  18.4  0.00   3.7  17.4   5:31p   SSE
11  83.1  95.4   5:03p  73.8   2:45a   0.0  18.1  0.00   4.2  16.1  12:48p   NNW
12  80.5  92.5   3:49p  69.8   6:48a   0.0  15.5  0.00   4.7  15.2   4:12p   NNW
13  80.8  96.3   4:13p  67.3   6:52a   0.0  15.8  0.00   2.3  10.7  12:46p    NE
14  81.0  96.3   3:43p  68.4   6:47a   0.0  16.0  0.00   4.2  13.0  11:08a   ESE
15  83.0  95.9   4:55p  69.6   6:55a   0.0  18.0  0.00   4.8  15.9   4:48p   ESE
16  84.7  95.7   3:58p  79.0   6:49a   0.0  19.7  0.00   6.5  20.6  11:00a    SE
17  80.0  91.9   5:01p  74.7  12:55a   0.0  15.0  0.04   6.4  19.5  10:02a   ESE
18  82.7  97.5   3:48p  72.3   6:58a   0.0  17.8  0.00   4.3  17.4  11:59a   SSE
19  83.8  94.8   4:13p  70.9   6:27a   0.0  18.8  0.00   5.2  19.2   2:51p    SE
20  85.3  95.9   3:34p  76.8   4:41a   0.0  20.3  0.00   9.6  26.8  12:47p   ESE
21  86.3  96.3   4:30p  76.6   6:47a   0.0  21.3  0.00  10.2  27.7   9:59a    SE
22  87.6  99.7   4:02p  77.5   6:48a   0.0  22.6  0.00   9.1  26.2   9:35a    SE
23  86.0  99.0   3:04p  73.2   6:56a   0.0  21.0  0.00   6.9  18.1   1:57p   ESE
24  86.7  99.5   2:53p  75.0   4:04a   0.0  21.7  0.00   6.4  17.2   8:55a   ESE
25  88.1 105.1   4:22p  72.9   6:59a   0.0  23.1  0.00   4.1  15.4  10:45a   ESE
26  87.3 102.7  12:44p  73.8   6:56a   0.0  22.3  0.00   3.4  16.8   4:27p    NE
27  85.4 100.2   2:49p  73.9   6:59a   0.0  20.4  0.00   3.3  13.0   1:20p   ENE
28  82.9  96.8   3:54p  69.6   7:42a   0.0  17.8  0.00   1.6  22.4   2:33p   ESE
29  79.3  93.6   4:45p  68.4   2:24a   0.0  14.3  0.92   2.3  16.8  12:00a    SE
30  84.5  99.9   4:30p  73.9   7:03a   0.0  19.5  0.00   3.4  10.3   3:41p    SE
31  84.2  95.2   4:40p  73.9   5:46a   0.0  19.2  0.00   8.0  21.9  11:18p   ESE
----------------------------------------------------------------------------------
    83.1 106.0     8    67.3    13     0.0 558.9  2.54   4.7  45.2     9     ESE

Max >=  80.0: 31
Max <=  32.0:  0
Min <=  32.0:  0
Min <=   0.0:  0
Max Rain: 1.50 on day 9
Days of Rain: 4 (>= 0.01 in)  2 (>= 0.10 in)  1 (>= 1.00 in)
Heat Base: 65.0  Cool Base: 65.0  Method: Integration