NOAA-Style Climate Reports

Select a Year or Month report
2018: Jan Feb Mar Apr May Jun Jul Aug Sep Oct Nov Dec
2017: Jan Feb Mar Apr May Jun Jul Aug Sep Oct Nov Dec
2016: Jan Feb Mar Apr May Jun Jul Aug Sep Oct Nov Dec
2015: Jan Feb Mar Apr May Jun Jul Aug Sep Oct Nov Dec
2014: Jan Feb Mar Apr May Jun Jul Aug Sep Oct Nov Dec
2013: Jan Feb Mar Apr May Jun Jul Aug Sep Oct Nov Dec

Report for 2014 July
                   Monthly Climatological Summary for Jul 2014

Name: GainesvilleTXWX   City: Gainesville   State: Texas
Elevation: 876 ft  Lat: N 33° 41' 02"   Lon: W 097° 10' 25"

                  Temperature (°F), Rain (in), Wind Speed (mph)

                                      Heat  Cool        Avg
    Mean                              Deg   Deg         Wind                 Dom
Day Temp  High   Time   Low    Time   Days  Days  Rain  Speed High   Time    Dir
----------------------------------------------------------------------------------
 1  85.0  99.7   3:55p  75.2   6:19a   0.0  20.0  0.00   5.3  17.0   6:27p     S
 2  77.2  93.0   2:00p  69.1   9:56a   0.0  12.2  0.00   4.1  17.0   8:31a     N
 3  75.4  88.7   5:34p  68.0   2:30a   0.0  10.4  0.25   4.2  15.4   1:45a   NNE
 4  81.6  97.0   2:47p  68.7   2:25a   0.0  16.6  0.00   4.5  15.2   1:24p   ESE
 5  83.1  95.4   4:23p  72.7   6:08a   0.0  18.1  0.00   6.9  17.4  12:44p    SE
 6  84.0  98.8   2:38p  71.6   6:24a   0.0  19.0  0.00   6.7  19.5  11:27a   SSE
 7  84.9 104.0   3:37p  72.1   4:36a   0.0  19.9  0.00   5.8  22.4   5:09p   SSE
 8  86.5 102.2   4:13p  72.7   5:51a   0.0  21.5  0.00   6.3  17.0   5:48p     S
 9  85.2  97.5   5:19p  73.6   5:32a   0.0  20.2  0.00   5.2  16.1  12:41p   ENE
10  86.7  99.9   3:17p  73.0   6:47a   0.0  21.6  0.00   6.1  19.9   1:55p   SSE
11  85.5  97.7   3:47p  72.1   6:16a   0.0  20.4  0.00   7.6  21.9  10:35a   SSE
12  86.0 100.9   3:52p  69.6   6:29a   0.0  21.0  0.00   5.8  22.8   3:14p   SSE
13  87.7 106.5   3:59p  70.0   6:21a   0.0  22.7  0.00   4.6  17.4  10:06a     S
14  86.4 100.6   3:50p  74.1   6:14a   0.0  21.4  0.00   4.3  15.7  11:30a    SW
15  80.4  94.3   3:32p  70.2  11:57p   0.0  15.4  0.00   7.0  18.8   3:56p     N
16  76.3  91.2  12:14p  63.1   4:21a   0.2  11.5  0.00   5.6  15.9  11:31a   ENE
17  66.7  67.8   1:30a  65.1  10:44p   0.0   1.7  1.41   6.9  19.2   7:20a    NE
18  68.4  78.8   2:13p  64.2   4:40a   0.2   3.5  0.00   5.3  12.5  12:27a   NNE
19  72.0  83.1   4:41p  66.7   1:24a   0.0   7.0  0.00   2.6  13.0   7:03p   ESE
20  78.0  93.6   4:23p  65.8   4:13a   0.0  13.0  0.00   5.8  17.4   9:25a    SE
21  83.1  99.0   3:18p  72.0   6:13a   0.0  18.1  0.00   6.2  15.4   8:48a   ESE
22  85.9 102.7   2:54p  75.0   6:06a   0.0  20.9  0.00   4.4  11.9   6:40p   ESE
23  85.8 104.9   4:23p  72.9   5:41a   0.0  20.8  0.00   2.5  17.9   8:19p    NE
24  84.6 100.6   2:43p  71.6   6:48a   0.0  19.5  0.00   3.4  14.8   4:29p     E
25  85.5  99.9   4:49p  72.3   6:36a   0.0  20.5  0.00   6.3  19.0   2:09p    SE
26  87.6 100.2   4:08p  73.8   6:51a   0.0  22.6  0.00   7.0  20.1  10:48a   SSE
27  89.6 104.7   4:33p  75.6   6:34a   0.0  24.6  0.00   6.2  17.2   9:58a   SSE
28  81.1  86.5  12:10p  72.9  11:58p   0.0  16.1  0.00   5.3  17.2   1:58p     N
29  78.4  95.2   4:55p  68.7   3:00a   0.0  13.4  0.00   2.8  17.0   1:38p   SSE
30  75.3  82.4   4:56p  69.6   6:37a   0.0  10.3  2.83   5.6  23.3  10:31p     E
31  71.0  75.0   1:23p  67.8  10:29a   0.0   6.0  1.45   6.4  16.1   4:37p     N
----------------------------------------------------------------------------------
    81.4 106.5    13    63.1    16     0.4 509.9  5.94   5.4  23.3    30     ESE

Max >=  80.0: 28
Max <=  32.0:  0
Min <=  32.0:  0
Min <=   0.0:  0
Max Rain: 2.83 on day 30
Days of Rain: 4 (>= 0.01 in)  4 (>= 0.10 in)  3 (>= 1.00 in)
Heat Base: 65.0  Cool Base: 65.0  Method: Integration