NOAA-Style Climate Reports

Select a Year or Month report
2018: Jan Feb Mar Apr May Jun Jul Aug Sep Oct Nov Dec
2017: Jan Feb Mar Apr May Jun Jul Aug Sep Oct Nov Dec
2016: Jan Feb Mar Apr May Jun Jul Aug Sep Oct Nov Dec
2015: Jan Feb Mar Apr May Jun Jul Aug Sep Oct Nov Dec
2014: Jan Feb Mar Apr May Jun Jul Aug Sep Oct Nov Dec
2013: Jan Feb Mar Apr May Jun Jul Aug Sep Oct Nov Dec

Report for 2014 June
                   Monthly Climatological Summary for Jun 2014

Name: GainesvilleTXWX   City: Gainesville   State: Texas
Elevation: 876 ft  Lat: N 33° 41' 02"   Lon: W 097° 10' 25"

                  Temperature (°F), Rain (in), Wind Speed (mph)

                                      Heat  Cool        Avg
    Mean                              Deg   Deg         Wind                 Dom
Day Temp  High   Time   Low    Time   Days  Days  Rain  Speed High   Time    Dir
----------------------------------------------------------------------------------
 1  75.9  75.9  12:00a  75.9  12:00a   0.0  10.9  0.00   4.5   2.7  12:00a    SW
 2  75.9  75.9  12:00a  75.9  12:00a   0.0  10.9  0.00   4.5   2.7  12:00a    SW
 3  75.9  75.9  12:00a  75.9  12:00a   0.0  10.9  0.00   4.5   2.7  12:00a    SW
 4  75.9  75.9  12:00a  75.9  12:00a   0.0  10.9  0.00   4.5   2.7  12:00a    SW
 5  75.9  75.9  12:00a  75.9  12:00a   0.0  10.9  0.00   4.5   2.7  12:00a    SW
 6  75.9  75.9  12:00a  75.9  12:00a   0.0  10.9  0.00   4.5   2.7  12:00a    SW
 7  76.8  87.6   9:20p  75.9  12:00a   0.0  11.8  0.00   5.5  15.7  11:45p   SSW
 8  78.2  91.8   4:59p  66.4   8:36a   0.0  13.2  0.80   4.6  17.2   9:58a   ENE
 9  72.5  83.1   4:47p  63.0   5:43a   0.3   7.8  0.74   6.8  45.0   4:27a   SSE
10  74.6  87.6   3:41p  64.8   4:16a   0.0   9.6  0.00   5.4  22.1   1:21a   SSW
11  79.8  95.4   4:21p  61.7   6:41a   0.4  15.0  0.00   2.3  18.8   3:16p     E
12  75.9  85.8   1:23p  67.8   8:29a   0.0  10.9  0.21   6.3  46.3   4:53a    NW
13  79.4  95.9   4:40p  66.9   6:13a   0.0  14.4  0.00   5.0  13.6  10:54a   WNW
14  81.0  92.3   3:49p  73.2   4:51a   0.0  16.0  0.00   9.7  23.0   3:33p    NE
15  83.4  93.7   3:30p  73.9   6:12a   0.0  18.4  0.00  10.5  23.7   3:47p   ENE
16  84.6  96.3   4:13p  75.0   6:24a   0.0  19.6  0.00  11.2  25.1  11:26a   ENE
17  84.5  95.4   5:29p  75.4   6:20a   0.0  19.5  0.00  11.6  27.3   2:11p   ENE
18  83.6  95.2   5:23p  75.2   6:51a   0.0  18.6  0.00  11.3  27.7   7:51p   ENE
19  79.0  88.9  12:33p  75.0   5:44a   0.0  14.0  0.00   6.6  17.7   1:00a   ENE
20  83.2  97.9   3:37p  71.1   5:40a   0.0  18.2  0.00   4.8  14.3  10:30a   ENE
21  82.2  92.3   1:40p  73.9   6:12a   0.0  17.2  0.00   4.7  13.9   2:49p   ENE
22  78.0  87.1   4:16p  71.1   9:52a   0.0  13.0  0.00   8.6  19.9   2:27p   ENE
23  77.6  92.7   4:59p  67.1   5:59a   0.0  12.6  0.79   5.0  32.4   5:37a   SSE
24  79.2 100.4   1:46p  68.5   5:35a   0.0  14.2  0.04   3.2  31.1   5:50p     E
25  76.2  93.4  12:36p  69.3   5:33a   0.0  11.2  0.08   4.4  26.4   4:05p    SE
26  79.3  90.1   4:39p  72.1   3:51a   0.0  14.3  0.00   9.5  24.2  12:42p    SE
27  80.5  92.3   5:05p  71.6   4:57a   0.0  15.5  0.00  13.5  32.0  12:43p    SE
28  81.8  90.7   5:13p  76.3   5:49a   0.0  16.8  0.00  13.3  34.0   5:27p    SE
29  85.5  94.6   3:41p  76.3   6:35a   0.0  20.5  0.00  11.3  36.2  11:35a   SSE
30  85.4  97.3   4:16p  74.8   6:34a   0.0  20.4  0.00   6.5  22.6   8:51a   SSE
----------------------------------------------------------------------------------
    79.3 100.4    24    61.7    11     0.7 428.1  2.66   6.8  46.3    12     ESE

Max >=  80.0: 24
Max <=  32.0:  0
Min <=  32.0:  0
Min <=   0.0:  0
Max Rain: 0.80 on day 8
Days of Rain: 6 (>= 0.01 in)  4 (>= 0.10 in)  0 (>= 1.00 in)
Heat Base: 65.0  Cool Base: 65.0  Method: Integration