NOAA-Style Climate Reports

Select a Year or Month report
2018: Jan Feb Mar Apr May Jun Jul Aug Sep Oct Nov Dec
2017: Jan Feb Mar Apr May Jun Jul Aug Sep Oct Nov Dec
2016: Jan Feb Mar Apr May Jun Jul Aug Sep Oct Nov Dec
2015: Jan Feb Mar Apr May Jun Jul Aug Sep Oct Nov Dec
2014: Jan Feb Mar Apr May Jun Jul Aug Sep Oct Nov Dec
2013: Jan Feb Mar Apr May Jun Jul Aug Sep Oct Nov Dec

Report for 2014 May
                   Monthly Climatological Summary for May 2014

Name: GainesvilleTXWX   City: Gainesville   State: Texas
Elevation: 876 ft  Lat: N 33° 41' 02"   Lon: W 097° 10' 25"

                  Temperature (°F), Rain (in), Wind Speed (mph)

                                      Heat  Cool        Avg
    Mean                              Deg   Deg         Wind                 Dom
Day Temp  High   Time   Low    Time   Days  Days  Rain  Speed High   Time    Dir
----------------------------------------------------------------------------------
 1  59.1  75.4   4:38p  38.5   3:39a   8.6   2.8  0.00   3.1  34.7   2:36p    NW
 2  64.8  82.4   5:45p  43.7   6:37a   6.2   6.1  0.00   1.8  15.4   3:38p   WNW
 3  69.4  90.1   2:45p  47.1   6:28a   5.0   9.4  0.00   3.3  15.9   5:03p   SSE
 4  76.0  94.5   3:11p  57.2   6:35a   1.5  12.4  0.00   8.1  31.1   5:00p     S
 5  75.7  90.3   3:49p  60.1   6:02a   0.5  11.3  0.00  12.9  33.6   5:37p   SSE
 6  76.3  88.2   4:55p  64.8   6:33a   0.0  11.4  0.00  15.4  32.4   5:17p   SSE
 7  75.2  84.7   4:49p  68.0   5:50a   0.0  10.2  0.00  15.5  33.8  10:34a   SSE
 8  69.6  75.6  12:27a  63.5   7:37a   0.2   4.7  0.45   7.8  32.2  12:05a    SE
 9  76.4  92.3   2:50p  64.4   2:18a   0.0  11.4  0.00   3.7  19.9  12:02a   SSW
10  75.3  88.0   4:05p  64.0   3:43a   0.1  10.4  0.00  11.5  30.4  10:18a   SSE
11  78.1  86.9   4:01p  72.1   3:32a   0.0  13.1  0.00  15.9  34.7   3:43p   SSE
12  69.6  85.1  12:13p  57.6   7:01p   2.2   6.8  0.42  10.4  34.4   1:38a   SSE
13  59.5  70.7   3:32p  51.3   6:41a   6.2   0.6  0.00   8.4  21.9  11:33a   NNW
14  60.8  75.4   3:48p  50.4   6:23a   6.1   1.9  0.08   4.0  23.3   4:51p   NNW
15  65.0  86.0   4:29p  47.5   3:43a   5.6   5.6  0.00   4.5  19.5  12:23p     W
16  69.0  83.3   4:59p  54.1   6:41a   2.5   6.5  0.00   6.1  19.2   2:42p   ESE
17  68.3  82.8   3:06p  55.9   6:13a   1.8   5.1  0.00   6.7  16.8   5:44p    NE
18  70.8  84.2   4:29p  59.4   2:48a   1.4   7.2  0.00   8.9  25.1   6:34p    SE
19  75.0  86.5   4:21p  65.3   6:42a   0.0  10.0  0.00  15.7  36.0   4:54p   SSE
20  76.8  89.2   3:49p  67.1   6:22a   0.0  11.8  0.00  14.1  36.0  10:53a     S
21  76.9  88.5   4:43p  66.4   6:23a   0.0  11.9  0.00  11.0  31.1   8:53a   SSE
22  76.5  88.5   2:28p  66.7   6:11a   0.0  11.5  0.00   7.3  23.0   3:13p   SSE
23  75.6  83.7   2:37p  69.8   3:01a   0.0  10.6  0.00   8.6  24.2  12:20p   SSE
24  77.5  88.2   1:34p  67.6   6:29a   0.0  12.5  0.00   6.9  24.2   2:57p    SE
25  76.7  87.1   3:07p  69.1  11:59p   0.0  11.7  0.00   8.7  29.5   7:51p   SSE
26  74.3  84.6   1:34p  58.1   1:32p   0.0   9.3  0.00   6.0  22.4   5:26p    SE
27  72.5  80.8  11:55a  65.5   6:34a   0.0   7.5  0.16   5.2  20.6   2:13a     S
28  75.9  75.9  12:00a  75.9  12:00a   0.0  10.9  0.00   4.5   2.7  12:00a    SW
29  75.9  75.9  12:00a  75.9  12:00a   0.0  10.9  0.00   4.5   2.7  12:00a    SW
30  75.9  75.9  12:00a  75.9  12:00a   0.0  10.9  0.00   4.5   2.7  12:00a    SW
31  75.9  75.9  12:00a  75.9  12:00a   0.0  10.9  0.00   4.5   2.7  12:00a    SW
----------------------------------------------------------------------------------
    72.4  94.5     4    38.5     1    47.9 277.3  1.11   7.9  36.0    19     SSE

Max >=  80.0: 23
Max <=  32.0:  0
Min <=  32.0:  0
Min <=   0.0:  0
Max Rain: 0.45 on day 8
Days of Rain: 4 (>= 0.01 in)  3 (>= 0.10 in)  0 (>= 1.00 in)
Heat Base: 65.0  Cool Base: 65.0  Method: Integration