NOAA-Style Climate Reports

Select a Year or Month report
2018: Jan Feb Mar Apr May Jun Jul Aug Sep Oct Nov Dec
2017: Jan Feb Mar Apr May Jun Jul Aug Sep Oct Nov Dec
2016: Jan Feb Mar Apr May Jun Jul Aug Sep Oct Nov Dec
2015: Jan Feb Mar Apr May Jun Jul Aug Sep Oct Nov Dec
2014: Jan Feb Mar Apr May Jun Jul Aug Sep Oct Nov Dec
2013: Jan Feb Mar Apr May Jun Jul Aug Sep Oct Nov Dec

Report for 2014 April
                   Monthly Climatological Summary for Apr 2014

Name: GainesvilleTXWX   City: Gainesville   State: Texas
Elevation: 876 ft  Lat: N 33° 41' 02"   Lon: W 097° 10' 25"

                  Temperature (°F), Rain (in), Wind Speed (mph)

                                      Heat  Cool        Avg
    Mean                              Deg   Deg         Wind                 Dom
Day Temp  High   Time   Low    Time   Days  Days  Rain  Speed High   Time    Dir
----------------------------------------------------------------------------------
 1  70.8  81.1   4:48p  62.1   5:11a   0.4   6.3  0.00  11.3  38.3  11:22p   SSE
 2  73.7  81.9   1:40p  68.7   4:39a   0.0   8.7  0.00  14.7  31.8   3:06p   SSE
 3  72.8  83.7   1:35p  56.7  11:54p   0.4   8.3  0.25  10.8  30.4  12:55a   SSE
 4  54.9  69.3   5:19p  40.3   6:59a  10.6   0.5  0.00   7.6  24.6   3:06a     N
 5  51.6  62.8   4:42p  45.1   2:11a  13.4   0.0  0.00   5.7  14.8   1:01p     E
 6  49.1  52.7   2:28p  46.4   7:08a  15.9   0.0  0.49   5.9  17.4   8:37p    NE
 7  56.2  72.1   1:49p  47.8   4:04a   9.7   0.9  0.09   3.0  24.2   6:22p    NW
 8  57.2  70.9   4:38p  46.0   6:52a   8.9   1.1  0.00   5.9  26.4   8:55a    NW
 9  61.8  79.2   4:57p  41.4   6:24a   7.4   4.2  0.00   7.9  27.1   1:04p   SSE
10  70.3  85.1   4:32p  57.9   5:11a   1.9   7.0  0.00  14.1  33.3   2:39p     S
11  69.7  80.8   5:19p  59.7   7:43a   0.9   5.6  0.00  10.8  22.6   6:37a   SSE
12  71.9  81.5   4:33p  63.1   6:43a   0.1   7.1  0.00  14.6  36.2   4:25p   SSE
13  68.8  76.6   5:36p  52.7  11:55p   0.8   4.6  0.08  16.7  38.7  11:58a     S
14  46.3  56.3   4:37p  37.8  11:49p  18.7   0.0  0.00  12.3  27.7   7:09a   NNW
15  50.1  69.8   1:42p  30.9   6:41a  15.0   0.2  0.00   3.4  15.2   5:32p   SSW
16  54.0  67.3   4:43p  39.7   5:40a  11.2   0.2  0.00  11.7  35.6   2:46p   SSE
17  55.1  63.0   2:21p  46.0   5:59a   9.9   0.0  0.00   4.1  11.2  12:22p   ESE
18  64.3  82.8   4:01p  50.0   7:09a   5.1   4.4  0.00   2.8  12.1  12:03p   ENE
19  65.0  79.7   3:07p  50.2   6:47a   4.2   4.2  0.00   4.5  20.1   1:45p   SSE
20  64.6  78.6   1:28p  58.1   1:43a   2.6   2.2  0.58   4.3  30.9  11:33p   SSE
21  69.7  84.6   3:45p  61.9   5:14a   0.8   5.5  0.04   6.5  19.9  12:00a     S
22  71.1  89.2   3:00p  58.1   6:08a   1.7   7.8  0.00   2.7  12.5   1:19p   NNE
23  70.8  84.6   4:22p  48.7  11:26p   2.2   8.1  0.00   7.6  26.8   1:31p   SSE
24  71.5  81.3   4:08p  59.7  11:38p   0.4   6.9  0.00   9.0  29.5   8:19a   SSW
25  67.1  81.7   4:38p  50.2   6:30a   3.5   5.7  0.00   6.4  22.8   4:49p    SE
26  72.6  83.7   1:38p  60.8   7:01a   0.6   8.2  0.00  14.7  35.3   5:46p   SSE
27  77.1  89.1   5:00p  67.8  11:59p   0.0  12.1  0.05  10.3  30.4  12:02a     S
28  68.8  83.1   5:22p  53.6   6:58a   1.8   5.6  0.00   4.3  19.5   4:07p     W
29  62.2  73.2   1:57p  47.3  11:59p   4.6   1.7  0.00   6.1  32.0  12:57p   WNW
30  55.5  69.6   4:35p  43.3   5:17a  10.2   0.7  0.00   4.4  26.4  11:56a    NW
----------------------------------------------------------------------------------
    63.8  89.2    22    30.9    15   162.9 127.8  1.58   9.7  38.7    13     SSE

Max >=  80.0: 15
Max <=  32.0:  0
Min <=  32.0:  1
Min <=   0.0:  0
Max Rain: 0.58 on day 20
Days of Rain: 7 (>= 0.01 in)  3 (>= 0.10 in)  0 (>= 1.00 in)
Heat Base: 65.0  Cool Base: 65.0  Method: Integration