NOAA-Style Climate Reports

Select a Year or Month report
2018: Jan Feb Mar Apr May Jun Jul Aug Sep Oct Nov Dec
2017: Jan Feb Mar Apr May Jun Jul Aug Sep Oct Nov Dec
2016: Jan Feb Mar Apr May Jun Jul Aug Sep Oct Nov Dec
2015: Jan Feb Mar Apr May Jun Jul Aug Sep Oct Nov Dec
2014: Jan Feb Mar Apr May Jun Jul Aug Sep Oct Nov Dec
2013: Jan Feb Mar Apr May Jun Jul Aug Sep Oct Nov Dec

Report for 2014 March
                   Monthly Climatological Summary for Mar 2014

Name: GainesvilleTXWX   City: Gainesville   State: Texas
Elevation: 876 ft  Lat: N 33° 41' 02"   Lon: W 097° 10' 25"

                  Temperature (°F), Rain (in), Wind Speed (mph)

                                      Heat  Cool        Avg
    Mean                              Deg   Deg         Wind                 Dom
Day Temp  High   Time   Low    Time   Days  Days  Rain  Speed High   Time    Dir
----------------------------------------------------------------------------------
 1  56.8  79.7   4:08p  46.9  11:58p   9.8   1.6  0.00   7.2  24.6  11:28p   NNE
 2  23.2  46.9  12:00a  15.8  11:46p  41.8   0.0  0.00  10.7  25.9  12:42a     N
 3  22.2  34.5   2:58p  11.1   7:01a  42.8   0.0  0.00   7.8  21.0   8:19a     N
 4  35.4  53.2   3:37p  22.1   4:41a  29.6   0.0  0.00   3.6  15.9   5:43p    SE
 5  43.9  63.0   3:10p  31.6   6:28a  21.0   0.0  0.09   6.1  17.0  11:30a     E
 6  44.9  60.3   4:02p  36.3  11:59p  20.1   0.0  0.00   3.4  12.5  12:54a   NNW
 7  50.3  66.7   3:41p  35.1   2:15a  14.8   0.1  0.00  12.8  32.4  12:36p   SSE
 8  44.8  56.1   8:22a  36.1  11:47p  20.2   0.0  0.00   8.5  22.6   4:30p     N
 9  50.5  71.1   3:38p  36.1  12:40a  14.4   0.5  0.00   3.7  12.1   9:01a   NNW
10  57.5  78.1   4:15p  36.5   7:22a  10.8   3.3  0.00   6.0  23.7   2:30p     S
11  65.4  84.0   5:06p  51.8  11:59p   4.5   4.9  0.00  11.0  37.8   9:42p   SSW
12  50.8  64.4   4:22p  39.6  11:59p  14.2   0.0  0.00  12.3  35.1   2:30a     N
13  50.6  69.6   4:17p  30.6   5:59a  14.8   0.5  0.00   2.5  22.8   2:34p     S
14  57.6  73.9   4:26p  42.3   7:01a   9.0   1.5  0.00   7.9  30.6  12:19p   SSE
15  59.9  70.2   2:10p  51.1  11:17p   5.4   0.3  1.58   8.0  25.1   7:29p    SE
16  45.0  55.4   3:51a  39.9   1:54p  20.0   0.0  0.00  13.0  32.2  12:08p   NNW
17  46.8  60.8   3:56p  30.0   7:27a  18.2   0.0  0.00   5.9  23.9  11:58p   SSE
18  62.4  85.1   3:28p  48.2   6:02a   6.9   4.4  0.00  14.2  34.7   9:52a     S
19  52.5  67.6   5:00p  39.0   6:00a  12.6   0.1  0.00   7.1  25.3   1:17a   NNW
20  54.6  71.4   3:38p  35.4   7:17a  11.7   1.3  0.00   5.0  22.4   4:58p     S
21  64.5  79.7   5:46p  48.7   2:46a   5.5   5.0  0.00   8.3  28.4   1:36p     S
22  55.5  66.4  12:00a  50.0   5:11p   9.6   0.0  0.00  11.3  26.2   9:33a   NNE
23  49.6  61.7   2:49p  40.3   7:48a  15.3   0.0  0.00  10.7  26.4   3:26a     N
24  51.4  73.2   4:08p  32.2   7:07a  14.6   0.9  0.00   3.3  23.5  11:28p   SSE
25  50.4  69.3   3:31p  33.4   7:10a  14.9   0.3  0.00   6.4  28.9  12:32a   NNE
26  48.7  58.1   8:18p  41.0   2:37a  16.3   0.0  0.16  11.4  39.1   7:47p    SE
27  65.8  82.9   4:44p  57.6   5:04a   3.2   4.0  0.00  13.0  42.1   1:51a     S
28  60.5  70.2   4:05p  47.8  11:56p   4.9   0.3  0.00   7.2  22.6   9:38p     N
29  58.3  80.8   4:27p  40.1   5:43a  10.0   3.3  0.00   3.8  13.2   8:14a   NNW
30  61.5  77.0   3:10p  43.5   7:07a   6.7   3.2  0.00  10.6  35.1   4:02p   SSE
31  66.6  81.1   4:37p  55.9   6:02a   2.8   4.4  0.00  14.1  34.4   1:47a   SSE
----------------------------------------------------------------------------------
    51.9  85.1    18    11.1     3   446.4  39.9  1.83   8.1  42.1    27     ESE

Max >=  80.0:  5
Max <=  32.0:  0
Min <=  32.0:  6
Min <=   0.0:  0
Max Rain: 1.58 on day 15
Days of Rain: 3 (>= 0.01 in)  2 (>= 0.10 in)  1 (>= 1.00 in)
Heat Base: 65.0  Cool Base: 65.0  Method: Integration