NOAA-Style Climate Reports

Select a Year or Month report
2018: Jan Feb Mar Apr May Jun Jul Aug Sep Oct Nov Dec
2017: Jan Feb Mar Apr May Jun Jul Aug Sep Oct Nov Dec
2016: Jan Feb Mar Apr May Jun Jul Aug Sep Oct Nov Dec
2015: Jan Feb Mar Apr May Jun Jul Aug Sep Oct Nov Dec
2014: Jan Feb Mar Apr May Jun Jul Aug Sep Oct Nov Dec
2013: Jan Feb Mar Apr May Jun Jul Aug Sep Oct Nov Dec

Report for 2014 February
                   Monthly Climatological Summary for Feb 2014

Name: GainesvilleTXWX   City: Gainesville   State: Texas
Elevation: 876 ft  Lat: N 33° 41' 02"   Lon: W 097° 10' 25"

                  Temperature (°F), Rain (in), Wind Speed (mph)

                                      Heat  Cool        Avg
    Mean                              Deg   Deg         Wind                 Dom
Day Temp  High   Time   Low    Time   Days  Days  Rain  Speed High   Time    Dir
----------------------------------------------------------------------------------
 1  40.7  45.0   2:16p  34.0  11:49p  24.3   0.0  0.00   7.8  24.4   9:52p     N
 2  30.4  34.0  12:00a  26.2  11:03p  34.0   0.0  0.00   7.4  27.3   2:22a     N
 3  30.9  40.8   2:25p  23.7   5:58a  34.1   0.0  0.04   0.0   0.0  12:00a   ---
 4  38.5  45.3   2:48p  34.0  12:02a  26.5   0.0  0.04   4.2  19.2  11:58p   WSW
 5  24.8  35.4  12:00a  16.5  11:37p  40.2   0.0  0.00  12.6  23.3   7:35a     N
 6  18.7  23.9   2:51p  13.6   6:25a  46.3   0.0  0.00   9.0  21.0   2:52a     N
 7  25.8  32.5   4:43p  20.5   5:10a  39.0   0.0  0.00   5.2  13.2   6:39p   ESE
 8  37.2  51.1   5:14p  30.4  12:42a  27.7   0.0  0.00   6.6  20.4  10:04a   SSE
 9  36.9  41.7  12:13p  33.4   1:06a  28.1   0.0  0.00   7.4  17.4   6:43p   NNE
10  29.9  34.0  12:00a  28.0   5:11p  35.1   0.0  0.00  10.1  19.9   4:40a     N
11  29.9  39.2   2:31p  24.1   7:34a  34.9   0.0  0.00   8.5  19.2   7:19a     N
12  39.5  55.2   2:24p  27.3   2:51a  25.5   0.0  0.00   2.6  12.3   2:31p   WNW
13  45.6  69.3   4:42p  26.8   6:52a  19.8   0.4  0.00   4.1  19.9   1:26p     S
14  51.8  70.2   2:16p  39.2   7:37a  13.7   0.5  0.00   8.0  35.3  10:39a   NNW
15  50.2  68.2   3:17p  32.0   7:23a  15.0   0.3  0.00   5.9  26.4  12:46p   SSE
16  56.1  71.8   3:52p  41.5   7:14a   9.8   0.9  0.00   8.8  31.3   3:47p   SSE
17  60.4  73.6   2:43p  45.1  11:55p   6.0   1.4  0.00   8.8  29.5   9:33a     N
18  57.9  81.0   4:38p  36.1   7:31a  10.3   3.2  0.00   3.6  22.8  10:19a     S
19  61.6  66.4   1:22p  54.1   3:09a   3.6   0.1  0.00  10.6  29.3   4:30p   SSE
20  59.7  68.9   9:08a  39.9  10:47p   5.7   0.4  0.00   9.1  30.4   9:11a    SW
21  49.7  66.4   3:00p  27.7   6:35a  15.3   0.1  0.00   6.5  30.9   1:39p     S
22  57.6  73.0   2:50p  41.9   5:42a   9.1   1.7  0.00   7.8  27.5   1:46p     S
23  54.3  64.0  12:45p  40.8  11:35p  10.7   0.0  0.00   7.8  20.8  12:33p     N
24  43.9  51.4   2:42p  34.5   5:15a  21.1   0.0  0.00   5.2  12.8   8:02a   NNE
25  46.8  52.3   1:23p  40.3   8:22p  18.1   0.0  0.00  10.2  27.1  10:42p   NNE
26  33.8  43.7   3:11p  25.3   7:09a  31.1   0.0  0.00  12.8  30.2  12:54a     N
27  39.6  57.2   1:11p  18.7   6:34a  25.4   0.0  0.00   4.1  17.2  12:43p   SSE
28  56.0  78.3   4:44p  41.7  12:00a  11.2   2.2  0.00  11.1  33.1   4:18a    SE
----------------------------------------------------------------------------------
    43.2  81.0    18    13.6     6   621.6  11.2  0.08   7.5  35.3    14     NNE

Max >=  80.0:  1
Max <=  32.0:  1
Min <=  32.0: 14
Min <=   0.0:  0
Max Rain: 0.04 on day 3
Days of Rain: 2 (>= 0.01 in)  0 (>= 0.10 in)  0 (>= 1.00 in)
Heat Base: 65.0  Cool Base: 65.0  Method: Integration