NOAA-Style Climate Reports

Select a Year or Month report
2018: Jan Feb Mar Apr May Jun Jul Aug Sep Oct Nov Dec
2017: Jan Feb Mar Apr May Jun Jul Aug Sep Oct Nov Dec
2016: Jan Feb Mar Apr May Jun Jul Aug Sep Oct Nov Dec
2015: Jan Feb Mar Apr May Jun Jul Aug Sep Oct Nov Dec
2014: Jan Feb Mar Apr May Jun Jul Aug Sep Oct Nov Dec
2013: Jan Feb Mar Apr May Jun Jul Aug Sep Oct Nov Dec

Report for 2014 January
                   Monthly Climatological Summary for Jan 2014

Name: GainesvilleTXWX   City: Gainesville   State: Texas
Elevation: 876 ft  Lat: N 33° 41' 02"   Lon: W 097° 10' 25"

                  Temperature (°F), Rain (in), Wind Speed (mph)

                                      Heat  Cool        Avg
    Mean                              Deg   Deg         Wind                 Dom
Day Temp  High   Time   Low    Time   Days  Days  Rain  Speed High   Time    Dir
----------------------------------------------------------------------------------
 1  45.8  69.1   2:59p  28.4  11:58p  19.6   0.4  0.00  11.4  28.4   9:36a     S
 2  30.1  45.0   4:44p  20.7   7:28a  34.9   0.0  0.00   7.6  27.7  12:34a   NNW
 3  36.4  49.5   2:29p  22.3  12:00a  28.6   0.0  0.00  11.5  30.6   2:36p   SSE
 4  48.8  67.5   3:26p  36.3  11:57p  16.4   0.1  0.00  13.8  35.6  10:26a     S
 5  28.3  37.8   2:07p  14.9  11:59p  36.7   0.0  0.00  12.1  26.4  12:39p   NNW
 6  20.6  34.7   4:42p  11.1   4:45a  44.4   0.0  0.00   5.4  17.7  12:27a   NNW
 7  31.7  48.0   2:50p  16.3   6:05a  33.3   0.0  0.00   9.5  27.5   1:17p     S
 8  39.1  41.9   4:17p  33.1  12:27a  25.9   0.0  0.00  11.0  29.5   7:31a    SE
 9  38.3  42.1  11:14p  34.9   6:23a  26.7   0.0  0.00   3.9   8.7  10:04p   ENE
10  52.3  66.2   4:19p  42.1  12:00a  12.8   0.1  0.25   4.8  29.3  11:53a     S
11  50.3  67.3   2:44p  35.4   7:36a  14.9   0.2  0.00   4.3  24.6   2:00p     W
12  54.6  73.2   2:43p  36.7   2:33a  11.6   1.2  0.00  13.2  40.0   1:10p     S
13  51.3  63.5   2:35p  35.6  11:47p  13.7   0.0  0.00   4.9  25.3   2:14p   WNW
14  44.7  64.9   2:01p  30.6   7:28a  20.3   0.0  0.00   7.5  27.3  11:50a     N
15  42.8  58.5   4:21p  30.2   8:33a  22.1   0.0  0.00   3.2  15.7   2:17p   WSW
16  48.0  67.5   2:39p  32.2   5:53a  17.1   0.1  0.00   5.8  23.0   1:54p    NW
17  45.2  55.8   2:35p  32.4  11:18p  19.7   0.0  0.00   5.7  27.3   3:14a   NNW
18  48.1  67.5   2:48p  31.3   5:30a  17.2   0.3  0.00   7.1  23.5  10:12a    SW
19  47.2  65.7   2:20p  30.6   4:28a  17.8   0.0  0.00   3.6  15.7   2:21p   SSW
20  52.1  72.1   1:20p  35.4   6:06a  14.0   1.1  0.00   7.0  22.4   6:46p    NW
21  39.7  51.6   2:47p  29.1  11:39p  25.3   0.0  0.00   6.5  23.7  10:08a   NNW
22  40.5  57.6   1:36p  25.5   6:30a  24.4   0.0  0.00   6.0  24.2  11:57p   NNE
23  28.8  40.3  12:00a  19.2  11:57p  36.2   0.0  0.00  15.1  29.3  10:29a     N
24  26.8  43.3   2:58p  10.4   5:43a  38.2   0.0  0.00   4.2  16.6   1:53p    SW
25  47.5  73.9   2:29p  24.1   3:18a  18.8   1.3  0.00   3.0  13.2  10:27a   WNW
26  54.0  77.7   2:57p  39.2   3:49a  12.3   1.2  0.00   4.2  18.6   9:34a     S
27  32.6  50.4   1:43a  21.6  11:17p  32.2   0.0  0.00  16.8  47.2   4:15a     N
28  25.2  37.8   2:40p  14.2  11:33p  39.8   0.0  0.00   7.6  21.9   5:09a     N
29  30.0  47.1   1:33p  11.1   4:22a  35.0   0.0  0.00   7.2  25.7   9:31p     S
30  44.5  61.9   4:29p  31.1   6:29a  20.5   0.0  0.00  18.0  44.5  10:26a     S
31  55.7  69.1   2:05p  42.3  11:57p   9.8   0.6  0.00   7.9  25.3   2:39a   SSE
----------------------------------------------------------------------------------
    41.3  77.7    26    10.4    24   740.2   6.6  0.25   7.8  47.2    27     SSW

Max >=  80.0:  0
Max <=  32.0:  0
Min <=  32.0: 19
Min <=   0.0:  0
Max Rain: 0.25 on day 10
Days of Rain: 1 (>= 0.01 in)  1 (>= 0.10 in)  0 (>= 1.00 in)
Heat Base: 65.0  Cool Base: 65.0  Method: Integration