NOAA-Style Climate Reports

Select a Year or Month report
2018: Jan Feb Mar Apr May Jun Jul Aug Sep Oct Nov Dec
2017: Jan Feb Mar Apr May Jun Jul Aug Sep Oct Nov Dec
2016: Jan Feb Mar Apr May Jun Jul Aug Sep Oct Nov Dec
2015: Jan Feb Mar Apr May Jun Jul Aug Sep Oct Nov Dec
2014: Jan Feb Mar Apr May Jun Jul Aug Sep Oct Nov Dec
2013: Jan Feb Mar Apr May Jun Jul Aug Sep Oct Nov Dec

Report for 2014
                   Annual Climatological Summary for 2014

Name: GainesvilleTXWX   City: Gainesville   State: Texas
Elevation: 876 ft  Lat: N 33° 41' 02"   Lon: W 097° 10' 25"

                  Temperature (°F), Heat Base: 65.0  Cool Base: 65.0
                          Dep.  Heat  Cool                       Max  Max  Min  Min
        Mean  Mean        From  Deg   Deg                        >=   <=   <=   <=
 YR MO  Max   Min   Mean  Norm  Days  Days  Hi  Date  Low  Date 80.0 32.0 32.0   0.0
------------------------------------------------------------------------------------
 14  1  57.0  27.7  41.3   0.0   740     6  77.7  26  10.4   24    0    0   19    0
 14  2  54.8  32.0  43.2   0.0   621    11  81.0  18  13.6    6    1    1   14    0
 14  3  68.1  38.9  51.9   0.0   446    39  85.1  18  11.1    3    5    0    6    0
 14  4  76.5  51.7  63.8   0.0   162   127  89.2  22  30.9   15   15    0    1    0
 14  5  83.8  61.9  72.4   0.0    47   277  94.5   4  38.5    1   23    0    0    0
 14  6  89.1  72.1  79.3   0.0     0   428 100.4  24  61.7   11   24    0    0    0
 14  7  94.9  70.6  81.4   0.0     0   509 106.5  13  63.1   16   28    0    0    0
 14  8  97.0  72.6  83.1   0.0     0   558 106.0   8  67.3   13   31    0    0    0
 14  9  90.9  67.3  77.4   0.0    13   385 101.8  10  55.2   24   27    0    0    0
 14 10  83.9  57.4  69.4   0.0    81   217  97.5   7  36.5   20   25    0    0    0
 14 11  63.0  38.9  50.1   0.0   426    21  79.7  10  21.6   18    0    1    7    0
 14 12  56.0  41.1  47.6   0.0   514     3  77.9   5  24.4    2    0    1    7    0
------------------------------------------------------------------------------------
        76.3  52.7  63.4   0.0  3055  2587 106.5 Jul  10.4  Jan  179    3   54    0

                                Precipitation (in)

              Dep.   Max        Days of Rain
              From   Obs.           >=
 YR MO Total  Norm   Day Date 0.01 0.10 1.00
---------------------------------------------
 14  1  0.25   0.0  0.25  10     1    1    0
 14  2  0.08   0.0  0.04   3     2    0    0
 14  3  1.83   0.0  1.58  15     3    2    1
 14  4  1.58   0.0  0.58  20     7    3    0
 14  5  1.11   0.0  0.45   8     4    3    0
 14  6  2.66   0.0  0.80   8     6    4    0
 14  7  5.94   0.0  2.83  30     4    4    3
 14  8  2.54   0.0  1.50   9     4    2    1
 14  9  1.37   0.0  1.33  12     2    1    1
 14 10  2.20   0.0  1.66  13     5    3    1
 14 11  2.15   0.0  1.61   4     2    2    1
 14 12  0.79   0.0  0.45  17     4    2    0
---------------------------------------------
       22.50   0.0  2.83  Jul   44   27    8

                                Wind Speed (mph)
                          Dom
 YR MO   Avg.  Hi   Date  Dir
------------------------------
 14  1   7.8  47.2   27   SSW
 14  2   7.5  35.3   14   NNE
 14  3   8.1  42.1   27   ESE
 14  4   9.7  38.7   13   SSE
 14  5   7.9  36.0   19   SSE
 14  6   6.8  46.3   12   ESE
 14  7   5.4  23.3   30    SE
 14  8   4.7  45.2    9   ESE
 14  9   5.6  29.3   10   ESE
 14 10   5.7  32.7    2   ESE
 14 11   7.0  37.6   10   ESE
 14 12   5.3  39.4   25   ENE
------------------------------
         6.8  47.2  Jan   ESE