NOAA-Style Climate Reports

Select a Year or Month report
2018: Jan Feb Mar Apr May Jun Jul Aug Sep Oct Nov Dec
2017: Jan Feb Mar Apr May Jun Jul Aug Sep Oct Nov Dec
2016: Jan Feb Mar Apr May Jun Jul Aug Sep Oct Nov Dec
2015: Jan Feb Mar Apr May Jun Jul Aug Sep Oct Nov Dec
2014: Jan Feb Mar Apr May Jun Jul Aug Sep Oct Nov Dec
2013: Jan Feb Mar Apr May Jun Jul Aug Sep Oct Nov Dec

Report for 2013 December
                   Monthly Climatological Summary for Dec 2013

Name: GainesvilleTXWX   City: Gainesville   State: Texas
Elevation: 876 ft  Lat: N 33° 41' 02"   Lon: W 097° 10' 25"

                  Temperature (°F), Rain (in), Wind Speed (mph)

                                      Heat  Cool        Avg
    Mean                              Deg   Deg         Wind                 Dom
Day Temp  High   Time   Low    Time   Days  Days  Rain  Speed High   Time    Dir
----------------------------------------------------------------------------------
 1  54.3  64.2   3:01p  47.3  11:56p  10.7   0.0  0.00   3.5  15.9  11:06a     S
 2  51.9  70.0   2:46p  36.0   7:31a  13.6   0.5  0.00   1.9  10.3   1:09p   SSE
 3  53.3  73.4   4:15p  39.6   7:12a  12.7   1.0  0.00   2.5  14.5   1:12p     S
 4  52.4  69.3   1:26p  38.3  11:56p  12.9   0.4  0.00   6.0  25.5  11:26p     N
 5  30.0  38.3  12:00a  24.3  11:55p  34.8   0.0  0.00  12.4  27.7   3:46a     N
 6  24.4  30.4  12:40p  20.3  11:50p  40.6   0.0  0.00  11.2  20.8   6:35a     N
 7  21.1  31.3   1:29p  14.4   7:19a  43.9   0.0  0.00   9.3  20.4   5:04a     N
 8  28.7  36.3   2:41p  23.7  12:00a  36.3   0.0  0.08   3.7  16.8   2:14p   SSE
 9  30.4  41.4  12:23p  23.5  11:55p  34.5   0.0  0.00   8.2  23.3  10:29a     N
10  27.3  52.9  12:10p  13.8   7:12a  37.7   0.0  0.04   3.5  11.0   4:25p   SSW
11  32.9  47.5  12:17p  22.3   4:38a  32.0   0.0  0.00   4.2  14.1   8:20p   NNE
12  33.8  43.9  12:53p  22.5   6:58a  31.2   0.0  0.00   3.1  12.5   4:13p   SSE
13  40.9  46.8   1:31p  36.5   3:59a  24.1   0.0  0.05   9.0  23.3   2:59p   SSE
14  38.6  44.6  12:01a  29.1  10:27p  26.4   0.0  0.00   6.6  23.0   6:00a   NNW
15  42.0  64.2   2:03p  26.2   5:05a  23.0   0.0  0.00   2.3  10.3   1:36p   SSW
16  46.1  64.0   1:59p  32.5   5:30a  18.8   0.0  0.00   4.8  17.4   3:11p     S
17  52.1  77.2   2:35p  33.8   6:20a  14.8   1.9  0.00   2.2   8.7  12:08p    NE
18  51.7  68.7   2:13p  34.5   6:57a  13.7   0.4  0.00   6.4  22.6   1:32p     S
19  59.7  68.5   2:32p  52.7  12:51a   5.7   0.5  0.00  12.2  34.2   4:37a     S
20  46.2  62.8   2:20a  32.9  10:40p  18.8   0.0  0.16   7.5  21.5   1:54a   NNW
21  38.3  44.2   3:36p  33.3  12:03a  26.7   0.0  1.99   4.5  18.8  12:23a    NW
22  33.9  43.0   2:06p  24.4  11:55p  31.1   0.0  0.00   5.5  16.8   2:58p   NNW
23  31.0  50.4   4:41p  20.1   5:39a  34.0   0.0  0.00   3.5  13.6   7:09p   NNE
24  35.9  49.8   4:07p  22.5   5:30a  29.1   0.0  0.00   9.2  28.9   4:11p   SSE
25  39.6  54.1  12:49p  30.2  11:35p  25.4   0.0  0.00   4.7  18.8   1:06p     N
26  40.6  61.5   3:00p  24.8   7:37a  24.4   0.0  0.00   1.6   6.5   1:58p     N
27  42.5  58.6   2:05p  28.6   5:42a  22.5   0.0  0.00   1.6  12.5  11:29a     S
28  49.3  61.3   2:31p  43.0  12:00a  15.7   0.0  0.00   5.3  21.9   1:48p     S
29  41.4  54.1  12:00a  30.6   5:32p  23.6   0.0  0.00   8.6  24.2  11:09a     N
30  30.6  30.6  12:00a  30.6  12:00a  34.4   0.0  0.00   3.2  11.9   2:54a   NNW
31  33.0  88.5   6:38p  30.6  12:00a  32.2   0.1  0.00   4.8  17.4   1:04p   SSE
----------------------------------------------------------------------------------
    39.8  88.5    31    13.8    10   785.3   4.8  2.32   5.6  34.2    19     NNE

Max >=  80.0:  1
Max <=  32.0:  3
Min <=  32.0: 19
Min <=   0.0:  0
Max Rain: 1.99 on day 21
Days of Rain: 5 (>= 0.01 in)  2 (>= 0.10 in)  1 (>= 1.00 in)
Heat Base: 65.0  Cool Base: 65.0  Method: Integration