NOAA-Style Climate Reports

Select a Year or Month report
2018: Jan Feb Mar Apr May Jun Jul Aug Sep Oct Nov Dec
2017: Jan Feb Mar Apr May Jun Jul Aug Sep Oct Nov Dec
2016: Jan Feb Mar Apr May Jun Jul Aug Sep Oct Nov Dec
2015: Jan Feb Mar Apr May Jun Jul Aug Sep Oct Nov Dec
2014: Jan Feb Mar Apr May Jun Jul Aug Sep Oct Nov Dec
2013: Jan Feb Mar Apr May Jun Jul Aug Sep Oct Nov Dec

Report for 2013 November
                   Monthly Climatological Summary for Nov 2013

Name: GainesvilleTXWX   City: Gainesville   State: Texas
Elevation: 876 ft  Lat: N 33° 41' 02"   Lon: W 097° 10' 25"

                  Temperature (°F), Rain (in), Wind Speed (mph)

                                      Heat  Cool        Avg
    Mean                              Deg   Deg         Wind                 Dom
Day Temp  High   Time   Low    Time   Days  Days  Rain  Speed High   Time    Dir
----------------------------------------------------------------------------------
 1  60.1  78.6   2:30p  46.8   6:20a   0.0   4.9  0.00   4.0  19.7  12:40p     E
 2  55.1  68.5   3:10p  43.7   7:30a   0.0   9.9  0.00   4.3  32.0  11:30a   NNW
 3  53.6  65.7   2:30p  41.4   3:40a   0.0  11.4  0.00   7.4  26.4  10:20a   SSE
 4  58.0  60.6   2:50p  55.0  12:40a   0.0   7.0  0.16  11.2  30.2  10:30a   SSE
 5  63.7  67.5  11:00p  59.4  12:10a   0.0   1.3  0.29   9.6  23.3   9:30p    SE
 6  52.1  67.6  12:20a  39.2  11:40p   0.0  12.9  0.13   7.6  20.1   8:20a   NNW
 7  50.0  67.5   2:40p  35.4   6:30a   0.0  15.0  0.00   1.1   9.6  12:00p   WNW
 8  53.7  66.0  11:50a  41.2   6:50a   0.0  11.3  0.00   6.6  31.8   1:50p     S
 9  60.2  67.6  12:50p  54.1  12:40a   0.0   4.8  0.00   8.8  23.9  11:10a   SSE
10  58.1  68.4   4:10p  50.7  11:50p   0.0   6.9  0.00   2.5   8.7   3:10a   ESE
11  59.7  73.4   2:00p  48.2   4:40a   0.0   5.3  0.00   2.2  15.2   1:30p     S
12  44.0  61.0  12:40a  28.6  11:50p   0.0  21.0  0.00  11.7  28.6   5:40a     N
13  37.7  53.8   2:00p  23.0   7:00a   0.0  27.3  0.00   4.1  16.8  11:20a   SSE
14  44.8  54.5   3:30p  29.5   3:30a   0.0  20.2  0.00   7.5  23.5   9:50a   SSE
15  58.7  70.0   2:20p  48.9   7:00a   0.0   6.3  0.00   8.6  22.4   8:30a   SSE
16  66.8  74.8   4:10p  59.7   5:10a   1.8   0.0  0.00  11.4  30.2   2:10p     S
17  70.5  84.0   1:40p  53.6  11:50p   5.5   0.0  0.00   6.7  19.9  11:30a   WSW
18  58.0  71.1   1:20p  47.5   7:10a   0.0   7.0  0.00   5.1  17.7   9:50a    NE
19  58.3  66.6  12:30p  52.5  11:10p   0.0   6.7  0.00   8.2  18.8  12:20p   ESE
20  57.1  62.6   3:50p  49.5   6:30a   0.0   7.9  0.00  12.4  30.4  10:00a   SSE
21  58.2  72.7   4:40p  36.9  11:40p   0.0   6.8  1.20   9.8  26.8   7:30p    SE
22  33.5  36.9  12:00a  32.7   7:20a   0.0  31.5  0.04   7.7  27.5   3:30a     N
23  35.8  41.2   1:00p  33.3  12:40a   0.0  29.2  0.00   6.7  25.3   4:10p     N
24  31.0  33.1  12:00a  29.5  11:10a   0.0  34.0  0.00   7.5  20.1   4:20a   NNE
25  32.3  36.9   1:40p  30.7   1:20a   0.0  32.7  0.05   1.3  13.0  10:10p   ENE
26  41.2  51.6   1:30p  33.6  11:30p   0.0  23.8  0.00   9.6  25.9   1:20p   NNW
27  38.2  52.9   5:29p  24.8   8:12a   0.0  26.8  0.00   5.9  17.0  12:40p     N
28  37.8  55.0   2:30p  26.1  12:40a   0.0  27.2  0.00   4.5  22.4  12:30p   SSE
29  42.3  59.2   1:43p  28.6   6:02a  22.2   0.0  0.00   4.9  17.4   1:30p   SSE
30  50.7  65.5   2:47p  36.7   5:44a  14.3   0.0  0.00   6.3  25.3  11:40a     S
----------------------------------------------------------------------------------
    50.7  84.0    17    23.0    13    43.8 399.1  1.87   6.3  32.0     2      SE

Max >=  80.0:  1
Max <=  32.0:  0
Min <=  32.0:  8
Min <=   0.0:  0
Max Rain: 1.20 on day 21
Days of Rain: 6 (>= 0.01 in)  4 (>= 0.10 in)  1 (>= 1.00 in)
Heat Base: 65.0  Cool Base: 65.0  Method: Integration