NOAA-Style Climate Reports

Select a Year or Month report
2018: Jan Feb Mar Apr May Jun Jul Aug Sep Oct Nov Dec
2017: Jan Feb Mar Apr May Jun Jul Aug Sep Oct Nov Dec
2016: Jan Feb Mar Apr May Jun Jul Aug Sep Oct Nov Dec
2015: Jan Feb Mar Apr May Jun Jul Aug Sep Oct Nov Dec
2014: Jan Feb Mar Apr May Jun Jul Aug Sep Oct Nov Dec
2013: Jan Feb Mar Apr May Jun Jul Aug Sep Oct Nov Dec

Report for 2013 October
                   Monthly Climatological Summary for Oct 2013

Name: GainesvilleTXWX   City: Gainesville   State: Texas
Elevation: 876 ft  Lat: N 33° 41' 02"   Lon: W 097° 10' 25"

                  Temperature (°F), Rain (in), Wind Speed (mph)

                                      Heat  Cool        Avg
    Mean                              Deg   Deg         Wind                 Dom
Day Temp  High   Time   Low    Time   Days  Days  Rain  Speed High   Time    Dir
----------------------------------------------------------------------------------
 1  75.0  89.2   3:30p  62.4   5:00a  10.0   0.0  0.00   6.0  24.2  11:50a   SSE
 2  78.0  89.2   5:00p  70.9   4:50a  13.0   0.0  0.00   8.8  23.5   1:30p    SE
 3  80.2  89.6   4:20p  72.7   3:30a  15.2   0.0  0.00  11.1  25.9   5:40p   SSE
 4  79.8  88.5   2:00p  72.1   7:30a  14.8   0.0  0.00  12.2  27.3   5:10p   SSE
 5  60.8  77.7  12:00a  52.0  11:20p   0.0   4.2  0.33   7.0  25.3  12:50p     N
 6  60.0  78.4   5:00p  46.2   4:50a   0.0   5.0  0.04   3.1  19.5   1:40p   WNW
 7  64.7  88.2   4:10p  46.9   3:00a   0.0   0.3  0.00   2.0  11.9  10:50a     N
 8  65.7  83.5   3:20p  50.4   7:10a   0.7   0.0  0.00   4.0  19.0  12:00p    SE
 9  67.8  83.3   3:30p  54.0   7:30a   2.8   0.0  0.00   6.5  17.7   1:40p    SE
10  70.0  83.8   3:50p  57.7   7:30a   5.0   0.0  0.00   8.2  25.7   2:40p    SE
11  75.3  86.7   3:40p  67.8   1:40a  10.3   0.0  0.00   9.7  24.6  12:40p   SSE
12  80.0  96.3   2:00p  67.1  11:50p  15.0   0.0  0.00   5.8  16.1   6:30p     S
13  70.8  78.4  12:30p  66.2  12:50a   5.8   0.0  0.00   5.1  15.2   3:10p   ENE
14  70.3  72.3   5:20p  67.3   4:00a   5.3   0.0  1.41  10.0  25.1  12:00p    SE
15  62.1  71.8   9:10a  52.9   9:00p   0.0   2.9  0.33   8.6  22.6  10:20a     N
16  57.7  68.4   1:50p  50.2  11:50p   0.0   7.3  0.33   6.5  17.9  10:10a     N
17  57.0  73.2   4:40p  42.4   5:30a   0.0   8.0  0.33   2.1  14.8   1:40p    SW
18  57.7  70.0   1:10p  46.8  11:50p   0.0   7.3  0.33   5.7  23.0   9:30p     E
19  52.7  72.7   5:00p  36.7   7:20a   0.0  12.3  0.00   3.2  17.7  12:30a   NNW
20  55.6  70.7   5:10p  40.5   7:40a   0.0   9.4  0.00   7.4  28.4   3:20p   SSE
21  55.8  66.4  10:10a  46.6  10:30p   0.0   9.2  0.00   5.9  17.7   3:30p   NNE
22  58.9  78.3   4:10p  39.7   4:50a   0.0   6.1  0.00   3.4  17.2   1:10p     W
23  64.6  82.8   2:10p  46.4   6:10a   0.0   0.4  0.00   2.6  13.6   4:30p     S
24  67.4  73.4   2:54p  49.6   7:50a   2.4   0.0  0.00   8.2  20.1  11:30a    NE
25  55.4  69.1   4:30p  42.1   6:30a   0.0   9.6  0.00   6.4  17.2  10:50a     E
26  59.5  74.5   3:50p  52.2  12:10a   0.0   5.5  1.04   7.0  23.7   1:00p   SSE
27  59.2  64.9   4:20p  54.0  11:40p   0.0   5.8  0.00   2.1   9.4   6:40p   ESE
28  63.3  74.8   4:10p  51.3   4:20a   0.0   1.7  0.00   6.5  17.9   2:00p    SE
29  70.9  73.9   3:10p  68.0  12:30a   5.9   0.0  0.00  11.4  28.6  12:00p   SSE
30  68.4  70.9   2:40a  65.1   9:30p   3.4   0.0  0.25  12.9  26.6   5:50p   SSE
31  65.1  70.2  12:30p  52.0  11:50p   0.1   0.0  0.00   8.1  28.6   1:20p   WSW
----------------------------------------------------------------------------------
    65.5  96.3    12    36.7    19   109.7  95.0  4.39   6.8  28.6    29      SE

Max >=  80.0: 11
Max <=  32.0:  0
Min <=  32.0:  0
Min <=   0.0:  0
Max Rain: 1.41 on day 14
Days of Rain: 9 (>= 0.01 in)  8 (>= 0.10 in)  2 (>= 1.00 in)
Heat Base: 65.0  Cool Base: 65.0  Method: Integration