NOAA-Style Climate Reports

Select a Year or Month report
2018: Jan Feb Mar Apr May Jun Jul Aug Sep Oct Nov Dec
2017: Jan Feb Mar Apr May Jun Jul Aug Sep Oct Nov Dec
2016: Jan Feb Mar Apr May Jun Jul Aug Sep Oct Nov Dec
2015: Jan Feb Mar Apr May Jun Jul Aug Sep Oct Nov Dec
2014: Jan Feb Mar Apr May Jun Jul Aug Sep Oct Nov Dec
2013: Jan Feb Mar Apr May Jun Jul Aug Sep Oct Nov Dec

Report for 2013 September
                   Monthly Climatological Summary for Sep 2013

Name: GainesvilleTXWX   City: Gainesville   State: Texas
Elevation: 876 ft  Lat: N 33° 41' 02"   Lon: W 097° 10' 25"

                  Temperature (°F), Rain (in), Wind Speed (mph)

                                      Heat  Cool        Avg
    Mean                              Deg   Deg         Wind                 Dom
Day Temp  High   Time   Low    Time   Days  Days  Rain  Speed High   Time    Dir
----------------------------------------------------------------------------------
 1  91.4 118.8   2:40p  73.8   7:10a  26.4   0.0  0.00   3.6  17.4   6:10p   SSE
 2  79.7 103.5   4:40p  73.6   5:29a  14.7   0.0  0.00   3.1  18.8   1:00a     N
 3  84.4 105.6   4:10p  68.5   7:10a  19.4   0.0  0.87   4.6  15.2   3:40p     N
 4  85.3 104.5   2:30p  69.1   7:10a  20.3   0.0  0.00   4.8  14.5   3:00p   ENE
 5  87.3 107.2   2:30p  72.9   7:00a  22.3   0.0  0.00   4.1  14.5   1:20p   ESE
 6  86.9 109.4   1:20p  70.9   6:30a  21.9   0.0  0.00   2.3  12.8   2:30p   ESE
 7  86.1 103.8   4:50p  72.9   6:40a  21.1   0.0  0.00   4.0  19.0   2:50p     S
 8  84.8 100.4   2:20p  68.9   7:00a  19.8   0.0  0.00   4.8  22.1   3:50p   SSE
 9  83.8  96.6   3:30p  69.8   7:00a  18.8   0.0  0.00   6.0  24.6   5:10p   SSE
10  83.3  96.3   4:00p  73.0   6:10a  18.3   0.0  0.00   6.4  21.9  12:00p   SSE
11  83.6  99.5   4:20p  71.1   6:40a  18.6   0.0  0.00   3.7  19.7   1:50p   SSE
12  84.8 108.1   3:20p  70.9   6:40a  19.8   0.0  0.00   2.9  19.0   7:10p   ENE
13  83.6 102.6   1:00p  71.8   7:00a  18.6   0.0  0.00   5.2  19.9   6:40p    NE
14  81.9  96.6   3:40p  70.7   7:10a  16.9   0.0  0.00   6.6  17.2  12:10p     E
15  83.2 101.3   3:50p  70.2   6:00a  18.2   0.0  0.00   5.5  21.5  12:10p    SE
16  85.3 101.7   2:00p  72.0   7:20a  20.3   0.0  0.00   3.2  15.4   5:30p     E
17  84.6  98.8  12:40p  72.7   7:00a  19.6   0.0  0.00   4.2  22.6   2:50p   SSE
18  85.3  97.0   4:00p  76.8   7:20a  20.3   0.0  0.00   6.3  25.7   1:30p   SSE
19  81.8  93.0   1:20p  70.0  11:10p  16.8   0.0  0.25   5.7  25.1  10:40p     S
20  70.2  73.4   1:40p  63.5  11:50p   5.2   0.0  1.20   6.7  17.4  11:20a   NNE
21  69.6  86.7   4:20p  56.1   6:10a   4.6   0.0  0.00   6.6  20.4   1:20p     N
22  70.4  88.3   2:10p  53.2   7:10a   5.4   0.0  0.00   3.0  14.5   1:40p   ESE
23  71.1  86.7   3:30p  56.3   7:10a   6.1   0.0  0.00   5.2  20.8   3:50p    SE
24  76.8  96.1   3:50p  59.7   7:10a  11.8   0.0  0.00   2.8  16.1   1:40p   NNW
25  76.3  97.7   3:50p  55.4   7:00a  11.3   0.0  0.00   2.8  20.6   3:00p    SE
26  79.6  95.0   2:30p  65.7   7:30a  14.6   0.0  0.00   6.4  23.5   3:50p   SSE
27  78.5  89.4   3:40p  67.1   7:10a  13.5   0.0  0.00   9.0  30.0  12:50p    SE
28  72.4  79.5   1:00a  62.4  11:40p   7.4   0.0  0.71   8.9  26.4   2:40a    SE
29  68.6  85.8   5:40p  55.4   7:30a   3.6   0.0  0.00   3.2  17.4  12:20p     N
30  70.3  87.6   3:10p  53.8   5:10a   5.3   0.0  0.00   2.5  14.5   6:20p   SSE
----------------------------------------------------------------------------------
    80.4 118.8     1    53.2    22   460.9   0.0  3.03   4.7  30.0    27     ESE

Max >=  80.0: 28
Max <=  32.0:  0
Min <=  32.0:  0
Min <=   0.0:  0
Max Rain: 1.20 on day 20
Days of Rain: 4 (>= 0.01 in)  4 (>= 0.10 in)  1 (>= 1.00 in)
Heat Base: 65.0  Cool Base: 65.0  Method: Integration